{"id":1453,"date":"2021-08-15T22:34:13","date_gmt":"2021-08-15T15:34:13","guid":{"rendered":"http:\/\/localhost\/xtmobile\/?post_type=product&#038;p=1453"},"modified":"2022-02-28T00:31:30","modified_gmt":"2022-02-27T17:31:30","slug":"samsung-galaxy-a52","status":"publish","type":"product","link":"https:\/\/pluginviet.com\/mau7\/san-pham\/samsung-galaxy-a52\/","title":{"rendered":"Samsung Galaxy A52"},"content":{"rendered":"<h2>\u0110i\u1ec7n tho\u1ea1i Samsung Galaxy A52 \u2013 Camera sau n\u00e2ng c\u1ea5p, c\u1ea5u h\u00ecnh m\u1ea1nh m\u1ebd<\/h2>\n<p>Sau th\u00e0nh c\u00f4ng c\u1ee7a Samsung Galaxy A51 v\u1edbi m\u1ee9c doanh s\u1ed1 kh\u00e1 t\u1ed1t th\u00ec trong n\u0103m 2020, Samsung l\u1ea1i ti\u1ebfp t\u1ee5c cho ra m\u1eaft m\u1eabu smartphone\u00a0<strong>Galaxy A52<\/strong>\u00a0v\u1edbi nh\u1eefng c\u1ea3i ti\u1ebfn v\u1ec1 h\u1ec7 th\u1ed1ng camera c\u0169ng nh\u01b0 \u0111\u01b0\u1ee3c trang b\u1ecb c\u1ea5u h\u00ecnh m\u1ea1nh m\u1ebd cho tr\u1ea3i nghi\u1ec7m tuy\u1ec7t v\u1eddi.<\/p>\n<p>Ngo\u00e0i ra, b\u1ea1n c\u0169ng c\u00f3 th\u1ec3 tham kh\u1ea3o th\u00eam\u00a0\u0111i\u1ec7n tho\u1ea1i Samsung Galaxy A52s\u00a0v\u1edbi nhi\u1ec1u n\u00e2ng c\u1ea5p v\u1ec1 c\u1ea5u h\u00ecnh v\u00e0 camera.<\/p>\n<h3>Thi\u1ebft k\u1ebf sang tr\u1ecdng, tinh t\u1ebf v\u1edbi c\u00e1c m\u00e0u s\u1eafc th\u1eddi trang<\/h3>\n<p>Samsung A52 c\u00f3 thi\u1ebft k\u1ebf nguy\u00ean kh\u1ed1i v\u1edbi \u0111\u1ed9 m\u1ecfng \u1ea5n t\u01b0\u1ee3ng cho c\u1ea3m gi\u00e1c c\u1ea7m tay tho\u1ea3i m\u00e1i. C\u00e1c g\u00f3c c\u1ea1nh c\u0169ng \u0111\u01b0\u1ee3c bo cong nh\u1eb9 nh\u00e0ng t\u1ea1o n\u00ean s\u1ef1 m\u1ec1m m\u1ea1i cho smartphone, t\u1ea1o n\u00ean t\u1ed5ng th\u1ec3 h\u00e0i h\u00f2a v\u00e0 thanh l\u1ecbch.\u00a0C\u00f3 m\u1ed9t s\u1ef1 thay \u0111\u1ed5i nh\u1ecf tr\u00ean chi\u1ebfc smartphone n\u00e0y ch\u00ednh l\u00e0 v\u1ecb tr\u00ed c\u1ee5m camera sau \u0111\u01b0\u1ee3c \u0111\u1eb7t \u1edf gi\u1eefa thay v\u00ec \u1edf g\u00f3c ph\u1ea3i nh\u01b0 th\u00f4ng th\u01b0\u1eddng.<\/p>\n<p><img decoding=\"async\" class=\"cpslazy loaded\" src=\"https:\/\/cdn.cellphones.com.vn\/media\/wysiwyg\/mobile\/samsung\/samsung-galaxy-a52-7.jpg\" alt=\"Thi\u1ebft k\u1ebf sang tr\u1ecdng, tinh t\u1ebf v\u1edbi c\u00e1c m\u00e0u s\u1eafc th\u1eddi trang\" data-src=\"https:\/\/cdn.cellphones.com.vn\/media\/wysiwyg\/mobile\/samsung\/samsung-galaxy-a52-7.jpg\" data-ll-status=\"loaded\" \/><\/p>\n<p>Samsung Galaxy A52 s\u1ebd c\u00f3 c\u00e1c m\u00e0u s\u1eafc th\u1eddi trang v\u00e0 tr\u1ebb trung nh\u01b0 nh\u1eefng ng\u01b0\u1eddi anh em ti\u1ec1n nhi\u1ec7m c\u1ee7a n\u00f3 nh\u01b0 H\u1ed3ng, Xanh, Tr\u1eafng, \u0110en,\u2026v\u00e0 m\u1eb7t l\u01b0ng c\u0169ng s\u1ebd c\u00f3 hi\u1ec7u \u1ee9ng chuy\u1ec3n m\u00e0u nh\u1eb9 nh\u00e0ng \u0111\u1ec3 t\u1ea1o th\u00eam \u0111i\u1ec3m nh\u1ea5n cho smartphone.<\/p>\n<h3>M\u00e0n h\u00ecnh 6.5 inch v\u00e0 t\u1ea5m n\u1ec1n Super AMOLED v\u1edbi m\u1eadt \u0111\u1ed9 \u0111i\u1ec3m \u1ea3nh 405ppi s\u1ed1ng \u0111\u1ed9ng<\/h3>\n<p>Do ph\u1ea7n camera tr\u01b0\u1edbc \u0111\u01b0\u1ee3c thi\u1ebft k\u1ebf \u0111\u1ec3 c\u00f3 th\u1ec3 \u1ea9n \u0111i v\u00ec th\u1ebf m\u00e0n h\u00ecnh c\u1ee7a smartphone s\u1ebd c\u00f3 th\u00eam di\u1ec7n t\u00edch, mang \u0111\u1ebfn m\u00e0n h\u00ecnh l\u1edbn h\u01a1n m\u00e0 kh\u00f4ng l\u00e0m t\u0103ng k\u00edch th\u01b0\u1edbc c\u1ee7a smartphone.<\/p>\n<p>C\u1ee5 th\u1ec3, \u0111i\u1ec7n tho\u1ea1i Samsung A52 c\u00f3 m\u00e0n h\u00ecnh 6.5 inch v\u1edbi thi\u1ebft k\u1ebf tr\u00e0n vi\u1ec1n c\u1ef1c k\u1ef3 \u1ea5n t\u01b0\u1ee3ng, m\u1edf ra h\u00ecnh \u1ea3nh r\u1ed9ng h\u01a1n \u0111\u1ec3 b\u1ea1n t\u1eadn h\u01b0\u1edfng kh\u00f4ng gian hi\u1ec3n th\u1ecb tuy\u1ec7t v\u1eddi h\u01a1n. B\u00ean c\u1ea1nh \u0111\u00f3, smartphone c\u00f2n \u0111\u01b0\u1ee3c trang b\u1ecb t\u1ea5m n\u1ec1n Super AMOLED cho kh\u1ea3 n\u0103ng t\u00e1i t\u1ea1o m\u00e0u s\u1eafc \u0111\u1eb9p v\u00e0 ch\u00ednh x\u00e1c h\u01a1n.<\/p>\n<p><img decoding=\"async\" class=\"cpslazy loaded\" src=\"https:\/\/cdn.cellphones.com.vn\/media\/wysiwyg\/mobile\/samsung\/samsung-galaxy-a52-4_1.jpg\" alt=\"M\u00e0n h\u00ecnh 6.5 inch v\u00e0 t\u1ea5m n\u1ec1n Super AMOLED\" data-src=\"https:\/\/cdn.cellphones.com.vn\/media\/wysiwyg\/mobile\/samsung\/samsung-galaxy-a52-4_1.jpg\" data-ll-status=\"loaded\" \/><\/p>\n<p>M\u00e0n h\u00ecnh c\u00f3 m\u1eadt \u0111\u1ed9 \u0111i\u1ec3m \u1ea3nh l\u00e0 405ppi c\u00f9ng v\u1edbi \u0111\u1ed9 ph\u00e2n gi\u1ea3i 2400 x 1080 pixels s\u1eafc n\u00e9t cho hi\u1ec3n th\u1ecb s\u1ed1ng \u0111\u1ed9ng v\u00e0 ch\u00e2n th\u1ef1c \u0111\u1ebfn t\u1eebng chi ti\u1ebft.<\/p>\n<h3>H\u1ec7 th\u1ed1ng 4 camera v\u1edbi camera ch\u00ednh 64MP v\u00e0 camera selfie 32MP c\u1ef1c kh\u1ee7ng<\/h3>\n<p>M\u1ed9t s\u1ef1 n\u00e2ng c\u1ea5p c\u1ee7a Galaxy A52 ch\u00ednh l\u00e0 h\u1ec7 th\u1ed1ng camera sau v\u1edbi 4 \u1ed1ng k\u00ednh c\u00f3 \u0111\u1ed9 c\u1ea3m bi\u1ebfn 64MP-12MP-5MP-5MP h\u1ed7 tr\u1ee3 c\u00e1c ch\u1ee9c n\u0103ng ch\u1ee5p \u1ea3nh g\u00f3c r\u1ed9ng, g\u00f3c si\u00eau r\u1ed9ng 123 \u0111\u1ed9 v\u1edbi ch\u1ea5t l\u01b0\u1ee3ng \u1ea3nh ch\u1ee5p \u0111\u1ea1t \u0111\u1ed9 ph\u00e2n gi\u1ea3i cao v\u00f4 c\u00f9ng s\u1eafc n\u00e9t.<\/p>\n<p><img decoding=\"async\" class=\"cpslazy loaded\" src=\"https:\/\/cdn.cellphones.com.vn\/media\/wysiwyg\/mobile\/samsung\/samsung-galaxy-a52-2_1.jpg\" alt=\"H\u1ec7 th\u1ed1ng 4 camera v\u1edbi camera ch\u00ednh 64MP v\u00e0 camera selfie 32MP c\u1ef1c kh\u1ee7ng\" data-src=\"https:\/\/cdn.cellphones.com.vn\/media\/wysiwyg\/mobile\/samsung\/samsung-galaxy-a52-2_1.jpg\" data-ll-status=\"loaded\" \/><\/p>\n<p>B\u00ean c\u1ea1nh \u0111\u00f3, Samsung Galaxy A52 c\u00f2n trang b\u1ecb c\u00e1c t\u00ednh n\u0103ng ch\u1ee5p \u1ea3nh nh\u01b0 t\u1ef1 \u0111\u1ed9ng l\u1ea5y n\u00e9t, ch\u1ebf \u0111\u1ed9 HDR, Flash t\u1ef1 \u0111\u1ed9ng, nh\u1eadn di\u1ec7n khu\u00f4n m\u1eb7t, zoom quang h\u1ecdc,\u2026n\u00ean b\u1ea1n c\u00f3 th\u1ec3 tho\u1ea3i m\u00e1i ch\u1ee5p \u1ea3nh v\u00e0 s\u00e1ng t\u1ea1o khung h\u00ecnh theo \u00fd b\u1ea1n.<\/p>\n<p><img decoding=\"async\" class=\"cpslazy loaded\" src=\"https:\/\/cdn.cellphones.com.vn\/media\/wysiwyg\/mobile\/samsung\/samsung-galaxy-a52-5_1.jpg\" alt=\"Camera selfie 32MP\" data-src=\"https:\/\/cdn.cellphones.com.vn\/media\/wysiwyg\/mobile\/samsung\/samsung-galaxy-a52-5_1.jpg\" data-ll-status=\"loaded\" \/><\/p>\n<p>Camera selfie 32MP h\u1ed7 tr\u1ee3 c\u00e1c t\u00ednh n\u0103ng ch\u1ee5p \u1ea3nh nh\u01b0 L\u00e0m \u0111\u1eb9p, nh\u1eadn di\u1ec7n khu\u00f4n m\u1eb7t, ch\u1ee5p v\u1edbi Emoji,\u2026cho \u1ea3nh selfie xinh \u0111\u1eb9p v\u00e0 th\u00eam th\u00fa v\u1ecb.<\/p>\n<h3>C\u1ea5u h\u00ecnh m\u1ea1nh m\u1ebd nh\u1edd chip x\u1eed l\u00fd\u00a0Snapdragon 720G ti\u1ebfn tr\u00ecnh 10nm v\u00e0 RAM 8GB<\/h3>\n<p><strong>Samsung A52<\/strong>\u00a0\u0111\u01b0\u1ee3c trang b\u1ecb con chip\u00a0Snapdragon 720G \u0111\u01b0\u1ee3c s\u1ea3n xu\u1ea5t tr\u00ean quy tr\u00ecnh 10nm gi\u00fap ti\u1ebft ki\u1ec7m \u0111i\u1ec7n n\u0103ng t\u1ed1t h\u01a1n \u0111\u1ed3ng th\u1eddi mang \u0111\u1ebfn t\u1ed1c \u0111\u1ed9 x\u1eed l\u00fd nhanh ch\u00f3ng cho smartphone.<\/p>\n<p>V\u1edbi con chip n\u00e0y, t\u1ed1c \u0111\u1ed9 x\u1eed l\u00fd \u0111\u1ed3 h\u1ecda \u0111\u01b0\u1ee3c c\u1ea3i thi\u1ec7n \u0111\u00e1ng k\u1ec3, gi\u1ea3m \u0111\u1ed9 tr\u1ec5 c\u1ee7a m\u00e0n h\u00ecnh khi ch\u01a1i game \u0111\u1eb7c bi\u1ec7t l\u00e0 c\u00e1c game \u0111ua xe hay c\u00e1c game c\u00f3 g\u00f3c nh\u00ecn th\u1ee9 nh\u1ea5t. V\u1edbi con chip n\u00e0y, m\u00e1y c\u1ee7a b\u1ea1n s\u1ebd tho\u1ea3i m\u00e1i chi\u1ebfn t\u1ed1t c\u00e1c t\u1ef1a game n\u1ed5i ti\u1ebfng hi\u1ec7n nay nh\u01b0 Li\u00ean Qu\u00e2n, PUBG,\u2026.<\/p>\n<p><img decoding=\"async\" class=\"cpslazy loaded\" src=\"https:\/\/cdn.cellphones.com.vn\/media\/wysiwyg\/mobile\/samsung\/samsung-galaxy-a52-1_1.jpg\" alt=\"C\u1ea5u h\u00ecnh m\u1ea1nh m\u1ebd nh\u1edd chip x\u1eed l\u00fd Exynos 9611 ti\u1ebfn tr\u00ecnh 10nm v\u00e0 RAM 6GB\" data-src=\"https:\/\/cdn.cellphones.com.vn\/media\/wysiwyg\/mobile\/samsung\/samsung-galaxy-a52-1_1.jpg\" data-ll-status=\"loaded\" \/><\/p>\n<p>Ngo\u00e0i ra, \u0111i\u1ec7n tho\u1ea1i Galaxy A52 c\u00f2n \u0111\u01b0\u1ee3c t\u00edch h\u1ee3p b\u1ed9 RAM c\u00f3 dung l\u01b0\u1ee3ng 8GB gi\u00fap cho qu\u00e1 tr\u00ecnh truy xu\u1ea5t d\u1eef li\u1ec7u ho\u1ea1t \u0111\u1ed9ng nhanh h\u01a1n, h\u1ed7 tr\u1ee3 \u0111\u1eafc l\u1ef1c cho con chip Snapdragon 720G, mang \u0111\u1ebfn hi\u1ec7u n\u0103ng m\u1ea1nh m\u1ebd \u0111\u00e1p \u1ee9ng m\u1ecdi nhu c\u1ea7u s\u1eed d\u1ee5ng c\u1ee7a ng\u01b0\u1eddi d\u00f9ng.<\/p>\n<h3>B\u1ed9 nh\u1edb trong 128GB, pin dung l\u01b0\u1ee3ng 4.500mAh t\u00edch h\u1ee3p s\u1ea1c nhanh<\/h3>\n<p>M\u00e1y c\u00f3 b\u1ed9 nh\u1edb trong 128GB n\u00ean b\u1ea1n c\u00f3 th\u1ec3 tho\u1ea3i m\u00e1i l\u01b0u tr\u1eef nhi\u1ec1u d\u1eef li\u1ec7u, tho\u1ea3i m\u00e1i c\u00e0i \u0111\u1eb7t c\u00e1c \u1ee9ng d\u1ee5ng hay tr\u00f2 ch\u01a1i,\u2026.B\u00ean c\u1ea1nh \u0111\u00f3 m\u00e1y c\u0169ng h\u1ed7 tr\u1ee3 khe c\u1eafm th\u1ebb nh\u1edb ngo\u00e0i v\u1edbi dung l\u01b0\u1ee3ng l\u00ean \u0111\u1ebfn 512GB v\u00f4 c\u00f9ng \u1ea5n t\u01b0\u1ee3ng, gi\u00fap b\u1ea1n t\u1ed1i \u01b0u h\u00f3a kh\u00f4ng gian l\u01b0u tr\u1eef cho smartphone.<\/p>\n<p><img decoding=\"async\" class=\"cpslazy loaded\" src=\"https:\/\/cdn.cellphones.com.vn\/media\/wysiwyg\/mobile\/samsung\/samsung-galaxy-a52-6_1.jpg\" alt=\"B\u1ed9 nh\u1edb trong 128GB, h\u1ed7 tr\u1ee3 th\u1ebb nh\u1edb ngo\u00e0i \u0111\u1ebfn 512GB, pin dung l\u01b0\u1ee3ng 4000mAh t\u00edch h\u1ee3p s\u1ea1c nhanh\" data-src=\"https:\/\/cdn.cellphones.com.vn\/media\/wysiwyg\/mobile\/samsung\/samsung-galaxy-a52-6_1.jpg\" data-ll-status=\"loaded\" \/><\/p>\n<p>Ngo\u00e0i ra, Samsung Galaxy A52 c\u0169ng \u0111\u01b0\u1ee3c trang b\u1ecb vi\u00ean pin c\u00f3 dung l\u01b0\u1ee3ng r\u1ea5t t\u1ed1t 4500mAh cung c\u1ea5p th\u1eddi l\u01b0\u1ee3ng s\u1eed d\u1ee5ng li\u00ean t\u1ee5c su\u1ed1t c\u1ea3 ng\u00e0y d\u00e0i, gi\u00fap b\u1ea1n t\u1eadn h\u01b0\u1edfng m\u1ecdi tr\u1ea3i nghi\u1ec7m m\u00e0 kh\u00f4ng lo b\u1ecb gi\u00e1n \u0111o\u1ea1n.<\/p>\n<p>V\u1edbi ch\u1ee9c n\u0103ng s\u1ea1c nhanh 25W \u0111\u01b0\u1ee3c t\u00edch h\u1ee3p, b\u1ea1n c\u00f3 th\u1ec3 y\u00ean t\u00e2m v\u1ec1 pin c\u1ee7a m\u00e1y, lu\u00f4n m\u1ea1nh m\u1ebd \u0111\u1ec3 \u0111\u1ed3ng h\u00e0nh c\u00f9ng b\u1ea1n.<\/p>\n","protected":false},"excerpt":{"rendered":"<p>\u0110i\u1ec7n tho\u1ea1i Samsung Galaxy A52 \u2013 Camera sau n\u00e2ng c\u1ea5p, c\u1ea5u h\u00ecnh m\u1ea1nh m\u1ebd Sau th\u00e0nh c\u00f4ng c\u1ee7a Samsung Galaxy A51 v\u1edbi m\u1ee9c doanh s\u1ed1 kh\u00e1 t\u1ed1t th\u00ec trong n\u0103m 2020, Samsung l\u1ea1i ti\u1ebfp t\u1ee5c cho ra m\u1eaft m\u1eabu smartphone\u00a0Galaxy A52\u00a0v\u1edbi nh\u1eefng c\u1ea3i ti\u1ebfn v\u1ec1 h\u1ec7 th\u1ed1ng camera c\u0169ng nh\u01b0 \u0111\u01b0\u1ee3c trang b\u1ecb c\u1ea5u h\u00ecnh&#8230;<\/p>\n","protected":false},"featured_media":1454,"comment_status":"open","ping_status":"closed","template":"","meta":[],"product_cat":[148,17],"product_tag":[],"class_list":{"0":"post-1453","1":"product","2":"type-product","3":"status-publish","4":"has-post-thumbnail","6":"product_cat-hot-sale","7":"product_cat-samsung","9":"first","10":"instock","11":"shipping-taxable","12":"purchasable","13":"product-type-variable","14":"has-default-attributes"},"_links":{"self":[{"href":"https:\/\/pluginviet.com\/mau7\/wp-json\/wp\/v2\/product\/1453","targetHints":{"allow":["GET"]}}],"collection":[{"href":"https:\/\/pluginviet.com\/mau7\/wp-json\/wp\/v2\/product"}],"about":[{"href":"https:\/\/pluginviet.com\/mau7\/wp-json\/wp\/v2\/types\/product"}],"replies":[{"embeddable":true,"href":"https:\/\/pluginviet.com\/mau7\/wp-json\/wp\/v2\/comments?post=1453"}],"wp:featuredmedia":[{"embeddable":true,"href":"https:\/\/pluginviet.com\/mau7\/wp-json\/wp\/v2\/media\/1454"}],"wp:attachment":[{"href":"https:\/\/pluginviet.com\/mau7\/wp-json\/wp\/v2\/media?parent=1453"}],"wp:term":[{"taxonomy":"product_cat","embeddable":true,"href":"https:\/\/pluginviet.com\/mau7\/wp-json\/wp\/v2\/product_cat?post=1453"},{"taxonomy":"product_tag","embeddable":true,"href":"https:\/\/pluginviet.com\/mau7\/wp-json\/wp\/v2\/product_tag?post=1453"}],"curies":[{"name":"wp","href":"https:\/\/api.w.org\/{rel}","templated":true}]}}