{"id":229,"date":"2019-03-20T22:38:26","date_gmt":"2019-03-20T15:38:26","guid":{"rendered":"http:\/\/noithat7.ninhbinhweb.info\/?post_type=product&#038;p=229"},"modified":"2023-02-20T15:24:38","modified_gmt":"2023-02-20T08:24:38","slug":"ban-ghe-cafe-bgc74","status":"publish","type":"product","link":"https:\/\/pluginviet.com\/mau62\/san-pham\/ban-ghe-cafe-bgc74\/","title":{"rendered":"B\u00e0n gh\u1ebf cafe BGC74"},"content":{"rendered":"<h2>1. Th\u00f4ng tin m\u1eabu b\u00e0n gh\u1ebf l\u1ea9u n\u01b0\u1edbng CF107<\/h2>\n<p><strong>\u2013 K\u00edch th\u01b0\u1edbc m\u1eabu b\u00e0n gh\u1ebf l\u1ea9u n\u01b0\u1edbng CF107:<\/strong><\/p>\n<ul>\n<li>B\u00e0n d\u00e0nh cho 4 ng\u01b0\u1eddi ng\u1ed3i: 100x80x75cm<\/li>\n<li>Gh\u1ebf \u0111\u01a1n: 40x40x80cm<\/li>\n<li>Gh\u1ebf b\u0103ng: 100x40x80cm<\/li>\n<\/ul>\n<p>K\u00edch th\u01b0\u1edbc tr\u00ean c\u00f3 th\u1ec3 \u0111i\u1ec1u ch\u1ec9nh tu\u1ef3 s\u1ed1 l\u01b0\u1ee3ng th\u1ef1c kh\u00e1ch b\u1ed1 tr\u00ed cho m\u1ed9t b\u00e0n.<\/p>\n<figure id=\"attachment_2370\" class=\"wp-caption aligncenter\"><figcaption class=\"wp-caption-text\">B\u00e0n gh\u1ebf l\u1ea9u n\u01b0\u1edbng CF107 \u0111\u1eb9p, gi\u00e1 r\u1ebb nh\u1ea5t H\u00e0 N\u1ed9i-noithatmocstyle.vn<\/figcaption><\/figure>\n<h3>\u2013 Ch\u1ea5t li\u1ec7u s\u1eed d\u1ee5ng cho b\u1ed9 b\u00e0n gh\u1ebf l\u1ea9u n\u01b0\u1edbng CF107:<\/h3>\n<p>CF107 l\u00e0 \u0111i\u1ec3n h\u00ecnh c\u1ee7a m\u1ed9t\u00a0m\u1eabu b\u00e0n gh\u1ebf ch\u00e2n s\u1eaft m\u1eb7t g\u1ed7\u00a0\u0111\u01b0\u1ee3c \u01b0a chu\u1ed9ng nh\u1ea5t. Khung s\u1eaft ch\u1eafc kho\u1ebb \u0111\u01b0\u1ee3c s\u01a1n t\u0129nh \u0111i\u1ec7n \u0111em t\u1edbi l\u1edbp b\u1ea3o v\u1ec7 ho\u00e0n h\u1ea3o, ch\u1ed1ng l\u1ea1i oxi ho\u00e1, mu\u1ed1i x\u00e2m h\u1ea1i, r\u1ec9 s\u00e9t\u2026 M\u1eb7t g\u1ed7 \u0111\u01b0\u1ee3c l\u00e0m b\u1eb1ng nan g\u1ed7, pallet g\u1ed7 tuy\u1ec3n ch\u1ecdn. Gi\u00fap s\u1ea3n ph\u1ea9m c\u00f3 \u0111\u01b0\u1ee3c c\u1ea3m gi\u00e1c \u1ea5m \u00e1p v\u1ec1 \u0111\u00f4ng, m\u00e1t m\u1ebb tr\u1eddi h\u00e8.<\/p>\n<h3>\u2013 Thi\u1ebft k\u1ebf s\u1eed d\u1ee5ng cho b\u1ed9 b\u00e0n gh\u1ebf l\u1ea9u n\u01b0\u1edbng CF107:<\/h3>\n<ul>\n<li>Mang \u0111\u1eadm phong c\u00e1ch c\u00f4ng nghi\u1ec7p v\u1edbi nh\u1eefng n\u00e9t vu\u00f4ng v\u1ee9c, kho\u1ebb kho\u1eafn t\u1eeb ch\u1ea5t li\u1ec7u g\u1ed7 v\u00e0 s\u1eaft. CF107 ph\u00f9 h\u1ee3p nh\u1ea5t cho nh\u1eefng qu\u00e1n \u0103n b\u00ecnh d\u00e2n, qu\u00e1n l\u1ea9u n\u01b0\u1edbng phong c\u00e1ch v\u1ec9a h\u00e8 b\u1ee5i b\u1eb7m, ch\u00e1t l\u1eeb.<\/li>\n<li>B\u00e0n \u0111\u01b0\u1ee3c thi\u1ebft k\u1ebf 2 ch\u00e2n ho\u1eb7c 4 ch\u00e2n tu\u1ef3 theo y\u00eau c\u1ea7u c\u1ee7a kh\u00e1ch h\u00e0ng. V\u1edbi thi\u1ebft k\u1ebf 4 ch\u00e2n th\u00f4ng d\u1ee5ng b\u00e0n l\u1ea9u n\u01b0\u1edbng c\u00f3 v\u1ebb v\u1eefng ch\u00e3i h\u01a1n, tuy nhi\u00ean \u0111\u00e2y l\u00e0 m\u1eabu kh\u00e1 th\u00f4ng d\u1ee5ng. N\u1ebfu b\u1ea1n mu\u1ed1n ch\u00fang c\u00f3 ph\u1ea7n \u0111\u1ed9c \u0111\u00e1o \u1ea5n t\u01b0\u1ee3ng h\u01a1n h\u00e3y s\u1eed d\u1ee5ng thi\u1ebft k\u1ebf 2 ch\u00e2n v\u1edbi n\u00e9t \u0111\u1eb9p sang tr\u1ecdng. M\u1eb7t b\u00e0n \u0111\u01b0\u1ee3c kho\u00e9t l\u1ed7 \u0111\u1eb7t b\u1ebfp \u00e2m b\u00e0n theo \u0111\u00fang ti\u00eau chu\u1ea9n k\u1ef9 thu\u1eadt c\u1ee7a b\u1ebfp n\u01b0\u1edbng.<\/li>\n<\/ul>\n<figure id=\"attachment_2371\" class=\"wp-caption aligncenter\"><figcaption class=\"wp-caption-text\">B\u00e0n gh\u1ebf l\u1ea9u n\u01b0\u1edbng CF107 \u0111\u1eb9p gi\u00e1 r\u1ebb, ti\u1ebft ki\u1ec7m chi ph\u00ed \u0111\u1ea7u t\u01b0 cho qu\u00e1n l\u1ea9u n\u01b0\u1edbng<\/figcaption><\/figure>\n<h2>2. \u01afu \u0111i\u1ec3m c\u1ee7a b\u1ed9 b\u00e0n gh\u1ebf l\u1ea9u n\u01b0\u1edbng CF107:<\/h2>\n<ul>\n<li>C\u00f3 th\u1ec3 n\u00f3i CF107 l\u00e0 m\u1eabu b\u00e0n gh\u1ebf d\u00e0nh cho qu\u00e1n l\u1ea9u n\u01b0\u1edbng gi\u00e1 r\u1ebb nh\u1ea5t v\u00e0 \u0111\u01b0\u1ee3c s\u1eed d\u1ee5ng nhi\u1ec1u nh\u1ea5t. V\u1edbi nh\u00f3m kh\u00e1ch h\u00e0ng h\u01b0\u1edbng t\u1edbi l\u00e0 gi\u1edbi v\u0103n ph\u00f2ng, gia \u0111\u00ecnh, nh\u00f3m \u0103n nh\u1eadu c\u00f3 m\u1ee9c thu nh\u1eadp trung b\u00ecnh th\u00ec \u0111\u00e2y l\u00e0 l\u1ef1a ch\u1ecdn kh\u00f4ng th\u1ec3 t\u1ed1t h\u01a1n.<\/li>\n<li>Si\u00eau b\u1ec1n, si\u00eau kho\u1ebb, tu\u1ed5i th\u1ecd cao.<\/li>\n<li>D\u1ec5 d\u00e0ng lau ch\u00f9i, v\u1ec7 sinh, d\u1ecdn d\u1eb9p.<\/li>\n<li>Thi\u1ebft k\u1ebf \u0111\u1eb9p m\u1ed9c m\u1ea1c, gi\u1ea3n d\u1ecb \u0111\u00fang phong c\u00e1ch.<\/li>\n<\/ul>\n<blockquote><p><em><strong>N\u1ed9i th\u1ea5t M\u1ed9c Style \u2013\u00a0<\/strong><\/em>X\u01b0\u1edfng s\u1ea3n xu\u1ea5t b\u00e0n gh\u1ebf d\u00e0nh cho nh\u00e0 h\u00e0ng, qu\u00e1n l\u1ea9u n\u01b0\u1edbng gi\u00e1 r\u1ebb nh\u1ea5t H\u00e0 N\u1ed9i<\/p><\/blockquote>\n","protected":false},"excerpt":{"rendered":"<p>1. Th\u00f4ng tin m\u1eabu b\u00e0n gh\u1ebf l\u1ea9u n\u01b0\u1edbng CF107 \u2013 K\u00edch th\u01b0\u1edbc m\u1eabu b\u00e0n gh\u1ebf l\u1ea9u n\u01b0\u1edbng CF107: B\u00e0n d\u00e0nh cho 4 ng\u01b0\u1eddi ng\u1ed3i: 100x80x75cm Gh\u1ebf \u0111\u01a1n: 40x40x80cm Gh\u1ebf b\u0103ng: 100x40x80cm K\u00edch th\u01b0\u1edbc tr\u00ean c\u00f3 th\u1ec3 \u0111i\u1ec1u ch\u1ec9nh tu\u1ef3 s\u1ed1 l\u01b0\u1ee3ng th\u1ef1c kh\u00e1ch b\u1ed1 tr\u00ed cho m\u1ed9t b\u00e0n. B\u00e0n gh\u1ebf l\u1ea9u n\u01b0\u1edbng CF107 \u0111\u1eb9p, gi\u00e1&#8230;<\/p>\n","protected":false},"featured_media":875,"comment_status":"open","ping_status":"closed","template":"","meta":[],"product_brand":[],"product_cat":[26],"product_tag":[],"class_list":{"0":"post-229","1":"product","2":"type-product","3":"status-publish","4":"has-post-thumbnail","6":"product_cat-san-pham","8":"first","9":"instock","10":"sale","11":"shipping-taxable","12":"purchasable","13":"product-type-simple"},"_links":{"self":[{"href":"https:\/\/pluginviet.com\/mau62\/wp-json\/wp\/v2\/product\/229","targetHints":{"allow":["GET"]}}],"collection":[{"href":"https:\/\/pluginviet.com\/mau62\/wp-json\/wp\/v2\/product"}],"about":[{"href":"https:\/\/pluginviet.com\/mau62\/wp-json\/wp\/v2\/types\/product"}],"replies":[{"embeddable":true,"href":"https:\/\/pluginviet.com\/mau62\/wp-json\/wp\/v2\/comments?post=229"}],"wp:featuredmedia":[{"embeddable":true,"href":"https:\/\/pluginviet.com\/mau62\/wp-json\/wp\/v2\/media\/875"}],"wp:attachment":[{"href":"https:\/\/pluginviet.com\/mau62\/wp-json\/wp\/v2\/media?parent=229"}],"wp:term":[{"taxonomy":"product_brand","embeddable":true,"href":"https:\/\/pluginviet.com\/mau62\/wp-json\/wp\/v2\/product_brand?post=229"},{"taxonomy":"product_cat","embeddable":true,"href":"https:\/\/pluginviet.com\/mau62\/wp-json\/wp\/v2\/product_cat?post=229"},{"taxonomy":"product_tag","embeddable":true,"href":"https:\/\/pluginviet.com\/mau62\/wp-json\/wp\/v2\/product_tag?post=229"}],"curies":[{"name":"wp","href":"https:\/\/api.w.org\/{rel}","templated":true}]}}