{"id":1344,"date":"2022-12-29T09:05:43","date_gmt":"2022-12-29T09:05:43","guid":{"rendered":"https:\/\/cayxanhbachloc.vn\/?post_type=product&#038;p=1344"},"modified":"2022-12-30T06:45:05","modified_gmt":"2022-12-30T06:45:05","slug":"luoi-ho","status":"publish","type":"product","link":"https:\/\/pluginviet.com\/mau6\/san-pham\/luoi-ho\/","title":{"rendered":"L\u01b0\u1ee1i H\u1ed5"},"content":{"rendered":"<p>V\u1edbi t\u00ean g\u1ecdi kh\u00e1c c\u00e2y l\u01b0\u1ee1i h\u1ed5 c\u00f2n \u0111\u01b0\u1ee3c g\u1ecdi l\u00e0 c\u00e2y l\u01b0\u1ee1i c\u1ecdp v\u00e0 v\u0129 h\u1ed5, t\u00ean khoa h\u1ecdc c\u1ee7a n\u00f3 Sansevieria trifasciata, thu\u1ed9c h\u1ecd M\u0103ng t\u00e2y, c\u00f3 chi\u1ec1u cao t\u1eeb 50 \u0111\u1ebfn 60cm. Th\u00e2n h\u00ecnh c\u00e2y d\u1ea1ng d\u1eb9t, m\u1ecdng n\u01b0\u1edbc, nh\u00ecn h\u01a1i s\u1eafc nh\u1ecdn nguy hi\u1ec3m nh\u01b0ng th\u00e2n l\u1ea1i r\u1ea5t m\u1ec1m, kh\u00f4ng l\u00e0m \u0111\u1ee9t tay khi ta ch\u1ea1m v\u00e0o.<\/p>\n<p>Tr\u00ean th\u00e2n c\u00e2y c\u00f3 2 m\u00e0u l\u00e1 xanh v\u00e0 v\u00e0ng d\u1ecdc t\u1eeb g\u1ed1c \u0111\u1ebfn ng\u1ecdn. C\u00e2y l\u01b0\u1ee1i h\u1ed5 khi ra hoa n\u1edf th\u00e0nh t\u1eebng c\u1ee5m v\u1edbi nhau, m\u1ecdc t\u1eeb ph\u1ea7n g\u1ed1c l\u00ean v\u00e0 c\u00f3 qu\u1ea3 h\u00ecnh tr\u00f2n. Kh\u00f4ng ph\u1ea3i ai c\u0169ng bi\u1ebft l\u01b0\u1ee1i h\u1ed5 l\u00e0 lo\u1ea1i c\u00e2y c\u00f3 ngu\u1ed3n g\u1ed1c t\u1eeb v\u00f9ng nhi\u1ec7t \u0111\u1edbi, c\u00f3 t\u1edbi 70 lo\u00e0i kh\u00e1c nhau nh\u01b0 c\u00e2y l\u01b0\u1ee1i h\u1ed5 c\u1ecdp, hay c\u00e2y l\u01b0\u1ee1i h\u1ed5 Th\u00e1i, l\u01b0\u1ee1i h\u1ed5 xanh&#8230;V\u00e0 ph\u1ed5 bi\u1ebfn nh\u1ea5t hi\u1ec7n nay \u0111\u00f3 l\u00e0 l\u01b0\u1ee1i h\u1ed5 th\u00e1i v\u00e0 l\u01b0\u1ee1i h\u1ed5 c\u1ecdp.<\/p>\n<p>C\u00e2y l\u01b0\u1ee1i h\u1ed5 th\u01b0\u1eddng \u0111\u01b0\u1ee3c tr\u1ed3ng v\u00e0 \u0111\u1eb7t \u1edf ph\u00f2ng kh\u00e1ch &#8211; l\u00e0 n\u01a1i th\u1ec3 hi\u1ec7n phong c\u00e1ch ri\u00eang, n\u00e9t ri\u00eang c\u1ee7a gia ch\u1ee7. L\u01b0\u1ee1i h\u1ed5 th\u00edch h\u1ee3p \u0111\u1eb7t ngay c\u1ea1nh k\u1ec7 tivi \u1edf ph\u00f2ng kh\u00e1ch, hay gh\u1ebf sofa, ho\u1eb7c \u1edf ngay hai b\u00ean l\u1ed1i \u0111i c\u1ee7a c\u1eeda ra v\u00e0o, c\u0169ng l\u00e0 m\u1ed9t c\u00e1ch \u0111\u1ec3 xua \u0111u\u1ed5i nh\u1eefng \u0111i\u1ec1u kh\u00f4ng t\u1ed1t v\u00e0 mang v\u1eadn may \u0111\u1ebfn gia \u0111\u00ecnh.<\/p>\n<p>Kh\u00f4ng gian s\u1ebd th\u00eam m\u00e0u s\u1eafc n\u1ebfu ta \u0111\u1eb7t \u1edf c\u00e2y l\u01b0\u1ee1i h\u1ed5 trong ph\u00f2ng ng\u1ee7, c\u00e2y c\u00f2n c\u00f3 kh\u1ea3 n\u0103ng l\u1ea5y \u0111i c\u00e1c kh\u00ed \u0111\u1ed9c nh\u01b0 kh\u00f3i thu\u1ed1c l\u00e1 c\u00e1c kh\u00ed oxit nit\u01a1. R\u1ea5t c\u00f3 l\u1ee3i cho vi\u1ec7c cung c\u1ea5p th\u00eam oxy cho qu\u00e1 tr\u00ecnh h\u00f4 h\u1ea5p c\u1ee7a con ng\u01b0\u1eddi.<\/p>\n","protected":false},"excerpt":{"rendered":"<p>Trong phong thu\u1ef7, c\u00e2y l\u01b0\u1ee1i h\u1ed5 c\u00f3 t\u00e1c d\u1ee5ng t\u1ed1t trong vi\u1ec7c tr\u1eeb t\u00e0, xua \u0111u\u1ed5i ma qu\u1ef7 v\u00e0 ch\u1ed1ng l\u1ea1i nh\u1eefng \u0111i\u1ec1u kh\u00f4ng may m\u1eafn trong cu\u1ed9c s\u1ed1ng. L\u00e1 c\u00e2y m\u1ecdc th\u1eb3ng \u0111\u1ee9ng th\u1ec3 hi\u1ec7n s\u1ef1 quy\u1ebft \u0111o\u00e1n, \u00fd ch\u00ed ti\u1ebfn l\u00ean c\u1ee7a con ng\u01b0\u1eddi. V\u1edbi d\u00e1ng v\u1ebb uy nghi t\u1eeb th\u00e2n \u0111\u1ebfn ng\u1ecdn c\u1ee7a c\u00e2y l\u00e0 bi\u1ec3u t\u01b0\u1ee3ng cho s\u1ef1 uy quy\u1ec1n, danh gia v\u1ecdng t\u1ed9c.<\/p>\n","protected":false},"featured_media":1349,"comment_status":"open","ping_status":"closed","template":"","meta":[],"product_cat":[15,124],"product_tag":[],"yoast_head":"<!-- This site is optimized with the Yoast SEO plugin v20.11 - https:\/\/yoast.com\/wordpress\/plugins\/seo\/ -->\n<title>L\u01b0\u1ee1i H\u1ed5 - C\u00e2y xanh B\u00e1ch L\u1ed9c<\/title>\n<meta name=\"robots\" content=\"index, follow, max-snippet:-1, max-image-preview:large, max-video-preview:-1\" \/>\n<link rel=\"canonical\" href=\"https:\/\/pluginviet.com\/mau6\/san-pham\/luoi-ho\/\" \/>\n<meta property=\"og:locale\" content=\"vi_VN\" \/>\n<meta property=\"og:type\" content=\"article\" \/>\n<meta property=\"og:title\" content=\"L\u01b0\u1ee1i H\u1ed5 - C\u00e2y xanh B\u00e1ch L\u1ed9c\" \/>\n<meta property=\"og:description\" content=\"Trong phong thu\u1ef7, c\u00e2y l\u01b0\u1ee1i h\u1ed5 c\u00f3 t\u00e1c d\u1ee5ng t\u1ed1t trong vi\u1ec7c tr\u1eeb t\u00e0, xua \u0111u\u1ed5i ma qu\u1ef7 v\u00e0 ch\u1ed1ng l\u1ea1i nh\u1eefng \u0111i\u1ec1u kh\u00f4ng may m\u1eafn trong cu\u1ed9c s\u1ed1ng. L\u00e1 c\u00e2y m\u1ecdc th\u1eb3ng \u0111\u1ee9ng th\u1ec3 hi\u1ec7n s\u1ef1 quy\u1ebft \u0111o\u00e1n, \u00fd ch\u00ed ti\u1ebfn l\u00ean c\u1ee7a con ng\u01b0\u1eddi. V\u1edbi d\u00e1ng v\u1ebb uy nghi t\u1eeb th\u00e2n \u0111\u1ebfn ng\u1ecdn c\u1ee7a c\u00e2y l\u00e0 bi\u1ec3u t\u01b0\u1ee3ng cho s\u1ef1 uy quy\u1ec1n, danh gia v\u1ecdng t\u1ed9c.\" \/>\n<meta property=\"og:url\" content=\"https:\/\/pluginviet.com\/mau6\/san-pham\/luoi-ho\/\" \/>\n<meta property=\"og:site_name\" content=\"C\u00e2y xanh B\u00e1ch L\u1ed9c\" \/>\n<meta property=\"article:modified_time\" content=\"2022-12-30T06:45:05+00:00\" \/>\n<meta property=\"og:image\" content=\"https:\/\/pluginviet.com\/mau6\/wp-content\/uploads\/2022\/12\/1_1e4b7f7a89f54531a48d3142bf5bc3ea_grande.webp\" \/>\n\t<meta property=\"og:image:width\" content=\"600\" \/>\n\t<meta property=\"og:image:height\" content=\"600\" \/>\n\t<meta property=\"og:image:type\" content=\"image\/webp\" \/>\n<meta name=\"twitter:card\" content=\"summary_large_image\" \/>\n<meta name=\"twitter:label1\" content=\"\u01af\u1edbc t\u00ednh th\u1eddi gian \u0111\u1ecdc\" \/>\n\t<meta name=\"twitter:data1\" content=\"2 ph\u00fat\" \/>\n<script type=\"application\/ld+json\" class=\"yoast-schema-graph\">{\"@context\":\"https:\/\/schema.org\",\"@graph\":[{\"@type\":\"WebPage\",\"@id\":\"https:\/\/pluginviet.com\/mau6\/san-pham\/luoi-ho\/\",\"url\":\"https:\/\/pluginviet.com\/mau6\/san-pham\/luoi-ho\/\",\"name\":\"L\u01b0\u1ee1i H\u1ed5 - C\u00e2y xanh B\u00e1ch L\u1ed9c\",\"isPartOf\":{\"@id\":\"https:\/\/pluginviet.com\/mau6\/#website\"},\"datePublished\":\"2022-12-29T09:05:43+00:00\",\"dateModified\":\"2022-12-30T06:45:05+00:00\",\"breadcrumb\":{\"@id\":\"https:\/\/pluginviet.com\/mau6\/san-pham\/luoi-ho\/#breadcrumb\"},\"inLanguage\":\"vi\",\"potentialAction\":[{\"@type\":\"ReadAction\",\"target\":[\"https:\/\/pluginviet.com\/mau6\/san-pham\/luoi-ho\/\"]}]},{\"@type\":\"BreadcrumbList\",\"@id\":\"https:\/\/pluginviet.com\/mau6\/san-pham\/luoi-ho\/#breadcrumb\",\"itemListElement\":[{\"@type\":\"ListItem\",\"position\":1,\"name\":\"Trang ch\u1ee7\",\"item\":\"https:\/\/pluginviet.com\/mau6\/\"},{\"@type\":\"ListItem\",\"position\":2,\"name\":\"Shop\",\"item\":\"https:\/\/pluginviet.com\/mau6\/shop\/\"},{\"@type\":\"ListItem\",\"position\":3,\"name\":\"L\u01b0\u1ee1i H\u1ed5\"}]},{\"@type\":\"WebSite\",\"@id\":\"https:\/\/pluginviet.com\/mau6\/#website\",\"url\":\"https:\/\/pluginviet.com\/mau6\/\",\"name\":\"C\u00e2y xanh B\u00e1ch L\u1ed9c\",\"description\":\"\",\"potentialAction\":[{\"@type\":\"SearchAction\",\"target\":{\"@type\":\"EntryPoint\",\"urlTemplate\":\"https:\/\/pluginviet.com\/mau6\/?s={search_term_string}\"},\"query-input\":\"required name=search_term_string\"}],\"inLanguage\":\"vi\"}]}<\/script>\n<!-- \/ Yoast SEO plugin. -->","yoast_head_json":{"title":"L\u01b0\u1ee1i H\u1ed5 - C\u00e2y xanh B\u00e1ch L\u1ed9c","robots":{"index":"index","follow":"follow","max-snippet":"max-snippet:-1","max-image-preview":"max-image-preview:large","max-video-preview":"max-video-preview:-1"},"canonical":"https:\/\/pluginviet.com\/mau6\/san-pham\/luoi-ho\/","og_locale":"vi_VN","og_type":"article","og_title":"L\u01b0\u1ee1i H\u1ed5 - C\u00e2y xanh B\u00e1ch L\u1ed9c","og_description":"Trong phong thu\u1ef7, c\u00e2y l\u01b0\u1ee1i h\u1ed5 c\u00f3 t\u00e1c d\u1ee5ng t\u1ed1t trong vi\u1ec7c tr\u1eeb t\u00e0, xua \u0111u\u1ed5i ma qu\u1ef7 v\u00e0 ch\u1ed1ng l\u1ea1i nh\u1eefng \u0111i\u1ec1u kh\u00f4ng may m\u1eafn trong cu\u1ed9c s\u1ed1ng. L\u00e1 c\u00e2y m\u1ecdc th\u1eb3ng \u0111\u1ee9ng th\u1ec3 hi\u1ec7n s\u1ef1 quy\u1ebft \u0111o\u00e1n, \u00fd ch\u00ed ti\u1ebfn l\u00ean c\u1ee7a con ng\u01b0\u1eddi. V\u1edbi d\u00e1ng v\u1ebb uy nghi t\u1eeb th\u00e2n \u0111\u1ebfn ng\u1ecdn c\u1ee7a c\u00e2y l\u00e0 bi\u1ec3u t\u01b0\u1ee3ng cho s\u1ef1 uy quy\u1ec1n, danh gia v\u1ecdng t\u1ed9c.","og_url":"https:\/\/pluginviet.com\/mau6\/san-pham\/luoi-ho\/","og_site_name":"C\u00e2y xanh B\u00e1ch L\u1ed9c","article_modified_time":"2022-12-30T06:45:05+00:00","og_image":[{"width":600,"height":600,"url":"https:\/\/pluginviet.com\/mau6\/wp-content\/uploads\/2022\/12\/1_1e4b7f7a89f54531a48d3142bf5bc3ea_grande.webp","type":"image\/webp"}],"twitter_card":"summary_large_image","twitter_misc":{"\u01af\u1edbc t\u00ednh th\u1eddi gian \u0111\u1ecdc":"2 ph\u00fat"},"schema":{"@context":"https:\/\/schema.org","@graph":[{"@type":"WebPage","@id":"https:\/\/pluginviet.com\/mau6\/san-pham\/luoi-ho\/","url":"https:\/\/pluginviet.com\/mau6\/san-pham\/luoi-ho\/","name":"L\u01b0\u1ee1i H\u1ed5 - C\u00e2y xanh B\u00e1ch L\u1ed9c","isPartOf":{"@id":"https:\/\/pluginviet.com\/mau6\/#website"},"datePublished":"2022-12-29T09:05:43+00:00","dateModified":"2022-12-30T06:45:05+00:00","breadcrumb":{"@id":"https:\/\/pluginviet.com\/mau6\/san-pham\/luoi-ho\/#breadcrumb"},"inLanguage":"vi","potentialAction":[{"@type":"ReadAction","target":["https:\/\/pluginviet.com\/mau6\/san-pham\/luoi-ho\/"]}]},{"@type":"BreadcrumbList","@id":"https:\/\/pluginviet.com\/mau6\/san-pham\/luoi-ho\/#breadcrumb","itemListElement":[{"@type":"ListItem","position":1,"name":"Trang ch\u1ee7","item":"https:\/\/pluginviet.com\/mau6\/"},{"@type":"ListItem","position":2,"name":"Shop","item":"https:\/\/pluginviet.com\/mau6\/shop\/"},{"@type":"ListItem","position":3,"name":"L\u01b0\u1ee1i H\u1ed5"}]},{"@type":"WebSite","@id":"https:\/\/pluginviet.com\/mau6\/#website","url":"https:\/\/pluginviet.com\/mau6\/","name":"C\u00e2y xanh B\u00e1ch L\u1ed9c","description":"","potentialAction":[{"@type":"SearchAction","target":{"@type":"EntryPoint","urlTemplate":"https:\/\/pluginviet.com\/mau6\/?s={search_term_string}"},"query-input":"required name=search_term_string"}],"inLanguage":"vi"}]}},"_links":{"self":[{"href":"https:\/\/pluginviet.com\/mau6\/wp-json\/wp\/v2\/product\/1344"}],"collection":[{"href":"https:\/\/pluginviet.com\/mau6\/wp-json\/wp\/v2\/product"}],"about":[{"href":"https:\/\/pluginviet.com\/mau6\/wp-json\/wp\/v2\/types\/product"}],"replies":[{"embeddable":true,"href":"https:\/\/pluginviet.com\/mau6\/wp-json\/wp\/v2\/comments?post=1344"}],"wp:featuredmedia":[{"embeddable":true,"href":"https:\/\/pluginviet.com\/mau6\/wp-json\/wp\/v2\/media\/1349"}],"wp:attachment":[{"href":"https:\/\/pluginviet.com\/mau6\/wp-json\/wp\/v2\/media?parent=1344"}],"wp:term":[{"taxonomy":"product_cat","embeddable":true,"href":"https:\/\/pluginviet.com\/mau6\/wp-json\/wp\/v2\/product_cat?post=1344"},{"taxonomy":"product_tag","embeddable":true,"href":"https:\/\/pluginviet.com\/mau6\/wp-json\/wp\/v2\/product_tag?post=1344"}],"curies":[{"name":"wp","href":"https:\/\/api.w.org\/{rel}","templated":true}]}}