{"id":1332,"date":"2022-12-29T08:56:04","date_gmt":"2022-12-29T08:56:04","guid":{"rendered":"https:\/\/cayxanhbachloc.vn\/?post_type=product&#038;p=1332"},"modified":"2022-12-30T04:57:27","modified_gmt":"2022-12-30T04:57:27","slug":"xoai","status":"publish","type":"product","link":"https:\/\/pluginviet.com\/mau6\/san-pham\/xoai\/","title":{"rendered":"Xo\u00e0i"},"content":{"rendered":"<p>C\u00e2y Xo\u00e0i l\u00e0 m\u1ed9t trong nh\u1eefng lo\u1ea1i c\u00e2y \u0103n qu\u1ea3 v\u00f4 c\u00f9ng ph\u1ed5 bi\u1ebfn \u1edf Vi\u1ec7t Nam hi\u1ec7n nay. N\u00f3 c\u00f3 t\u00ean khoa h\u1ecdc l\u00e0 Mangifera Indica L, thu\u1ed9c h\u1ecd nh\u00e0 \u0110\u00e0o l\u1ed9n h\u1ed9t (Anacardiaceae). Xo\u00e0i v\u1ed1n l\u00e0 lo\u00e0i c\u00e2y c\u00f3 ngu\u1ed3n g\u1ed1c t\u1eeb \u1ea4n \u0110\u1ed9, tr\u1ea3i qua nhi\u1ec1u n\u0103m ch\u00fang \u0111\u00e3 \u0111\u01b0\u1ee3c du nh\u1eadp v\u00e0o c\u00e1c n\u01b0\u1edbc trong khu v\u1ef1c \u0110\u00f4ng Nam \u00c1, trong \u0111\u00f3 c\u00f3 Vi\u1ec7t Nam v\u00e0 tr\u1edf th\u00e0nh lo\u00e0i c\u00e2y \u0103n tr\u00e1i v\u00f4 c\u00f9ng ph\u1ed5 bi\u1ebfn.<\/p>\n<p>Nh\u00ecn v\u1ec1 t\u1ed5ng th\u1ec3 th\u00ec c\u00e2y Xo\u00e0i c\u1ee7a Vi\u1ec7t Nam kh\u00f4ng c\u00f3 s\u1ef1 kh\u00e1c bi\u1ec7t nhi\u1ec1u so v\u1edbi c\u00e1c gi\u1ed1ng xo\u00e0i kh\u00e1c tr\u00ean th\u1ebf gi\u1edbi hi\u1ec7n nay. C\u00e2y Xo\u00e0i l\u00e0 lo\u00e0i c\u00e2y th\u00e2n g\u1ed7 l\u1edbn, chi\u1ec1u cao c\u00f3 th\u1ec3 l\u00ean \u0111\u1ebfn 10-15m, c\u00e1 bi\u1ec7t nhi\u1ec1u c\u00e2y cao \u0111\u1ebfn h\u00e0ng ch\u1ee5c m\u00e9t. R\u1ec5 c\u00e2y \u0111\u00e2m s\u00e2u \u0111\u1ebfn 2 m\u00e9t khi\u1ebfn cho c\u00e2y Xo\u00e0i m\u1ecdc r\u1ea5t v\u1eefng ch\u1eafc v\u00e0 s\u1ed1ng b\u1ec1n b\u1ec9. L\u00e1 c\u00e2y xo\u00e0i m\u1ecdc so le, c\u00f3 d\u1ea1ng h\u00ecnh thu\u00f4n d\u00e0i, m\u1eb7t tr\u00ean c\u00f3 m\u00e0u xanh \u0111\u1eadm, m\u1eb7t d\u01b0\u1edbi m\u00e0u xanh nh\u1ea1t. Chi\u1ec1u d\u00e0i c\u1ee7a l\u00e1 trung b\u00ecnh t\u1eeb 15-30cm, r\u1ed9ng t\u1eeb 5-10cm, ph\u1ea7n m\u1eb7t d\u01b0\u1edbi l\u00e1 c\u00f3 n\u1ed5i g\u00e2n h\u00ecnh ch\u00e2n chim.<\/p>\n<p>Hoa Xo\u00e0i l\u00e0 lo\u00e0i l\u01b0\u1ee1ng t\u00ednh, khi n\u1edf m\u1ecdc th\u00e0nh t\u1eebng ch\u00f9m n\u1eb1m tr\u00ean ph\u1ea7n \u0111\u1ea7u c\u1ee7a c\u00e0nh c\u00e2y. Hoa c\u00f3 m\u00e0u v\u00e0ng nh\u1ea1t, c\u00f3 th\u1ec3 t\u1ef1 th\u1ee5 ph\u1ea5n ho\u1eb7c th\u1ee5 ph\u1ea5n ch\u00e9o nh\u1edd c\u00f4n tr\u00f9ng. Khi hoa t\u00e0n s\u1ebd \u0111\u1ebfn th\u1eddi k\u1ef3 t\u1ea1o qu\u1ea3, qu\u1ea3 Xo\u00e0i c\u00f3 k\u00edch th\u01b0\u1edbc kh\u00e1 l\u1edbn, h\u00ecnh d\u1eb9t, khi ch\u01b0a ch\u00edn th\u00ec s\u1ebd c\u00f3 m\u00e0u xanh l\u00e1, khi \u0111\u00e3 ch\u00edn d\u1ea7n theo th\u1eddi gian th\u00ec s\u1ebd chuy\u1ec3n d\u1ea7n th\u00e0nh m\u00e0u v\u00e0ng \u01b0\u01a1m v\u00f4 c\u00f9ng \u0111\u1eb9p m\u1eaft. Qu\u1ea3 Xo\u00e0i c\u00f3 v\u1ecb ng\u1ecdt, chua, h\u01b0\u01a1ng v\u1ecb h\u1ea5p d\u1eabn n\u00ean \u0111\u00e3 tr\u1edf th\u00e0nh th\u1ee9 qu\u1ea3 kh\u00f4ng th\u1ec3 thi\u1ebfu trong \u0111\u1eddi s\u1ed1ng \u1ea9m th\u1ef1c c\u1ee7a con ng\u01b0\u1eddi.<\/p>\n","protected":false},"excerpt":{"rendered":"<p>C\u00e2y Xo\u00e0i l\u00e0 m\u1ed9t lo\u00e0i c\u00e2y \u0111\u1eb7c bi\u1ec7t khi v\u1eeba c\u00f3 th\u1ec3 l\u00e0m c\u00e2y \u0103n tr\u00e1i m\u00e0 v\u1eeba c\u00f3 th\u1ec3 l\u00e0m c\u00e2y c\u1ea3nh phong th\u1ee7y trang tr\u00ed cho ng\u00f4i nh\u00e0 c\u1ee7a b\u1ea1n. H\u00e3y c\u00f9ng t\u00ecm hi\u1ec3u chi ti\u1ebft v\u1ec1 \u0111\u1eb7c \u0111i\u1ec3m v\u00e0 \u00fd ngh\u0129a lo\u00e0i c\u00e2y n\u00e0y ngay sau \u0111\u00e2y.<\/p>\n","protected":false},"featured_media":1337,"comment_status":"open","ping_status":"closed","template":"","meta":[],"product_cat":[15,123],"product_tag":[],"yoast_head":"<!-- This site is optimized with the Yoast SEO plugin v20.11 - https:\/\/yoast.com\/wordpress\/plugins\/seo\/ -->\n<title>Xo\u00e0i - C\u00e2y xanh B\u00e1ch L\u1ed9c<\/title>\n<meta name=\"robots\" content=\"index, follow, max-snippet:-1, max-image-preview:large, max-video-preview:-1\" \/>\n<link rel=\"canonical\" href=\"https:\/\/pluginviet.com\/mau6\/san-pham\/xoai\/\" \/>\n<meta property=\"og:locale\" content=\"vi_VN\" \/>\n<meta property=\"og:type\" content=\"article\" \/>\n<meta property=\"og:title\" content=\"Xo\u00e0i - C\u00e2y xanh B\u00e1ch L\u1ed9c\" \/>\n<meta property=\"og:description\" content=\"C\u00e2y Xo\u00e0i l\u00e0 m\u1ed9t lo\u00e0i c\u00e2y \u0111\u1eb7c bi\u1ec7t khi v\u1eeba c\u00f3 th\u1ec3 l\u00e0m c\u00e2y \u0103n tr\u00e1i m\u00e0 v\u1eeba c\u00f3 th\u1ec3 l\u00e0m c\u00e2y c\u1ea3nh phong th\u1ee7y trang tr\u00ed cho ng\u00f4i nh\u00e0 c\u1ee7a b\u1ea1n. H\u00e3y c\u00f9ng t\u00ecm hi\u1ec3u chi ti\u1ebft v\u1ec1 \u0111\u1eb7c \u0111i\u1ec3m v\u00e0 \u00fd ngh\u0129a lo\u00e0i c\u00e2y n\u00e0y ngay sau \u0111\u00e2y.\" \/>\n<meta property=\"og:url\" content=\"https:\/\/pluginviet.com\/mau6\/san-pham\/xoai\/\" \/>\n<meta property=\"og:site_name\" content=\"C\u00e2y xanh B\u00e1ch L\u1ed9c\" \/>\n<meta property=\"article:modified_time\" content=\"2022-12-30T04:57:27+00:00\" \/>\n<meta property=\"og:image\" content=\"https:\/\/pluginviet.com\/mau6\/wp-content\/uploads\/2022\/12\/cayxoai.jpg\" \/>\n\t<meta property=\"og:image:width\" content=\"600\" \/>\n\t<meta property=\"og:image:height\" content=\"600\" \/>\n\t<meta property=\"og:image:type\" content=\"image\/jpeg\" \/>\n<meta name=\"twitter:card\" content=\"summary_large_image\" \/>\n<meta name=\"twitter:label1\" content=\"\u01af\u1edbc t\u00ednh th\u1eddi gian \u0111\u1ecdc\" \/>\n\t<meta name=\"twitter:data1\" content=\"2 ph\u00fat\" \/>\n<script type=\"application\/ld+json\" class=\"yoast-schema-graph\">{\"@context\":\"https:\/\/schema.org\",\"@graph\":[{\"@type\":\"WebPage\",\"@id\":\"https:\/\/pluginviet.com\/mau6\/san-pham\/xoai\/\",\"url\":\"https:\/\/pluginviet.com\/mau6\/san-pham\/xoai\/\",\"name\":\"Xo\u00e0i - C\u00e2y xanh B\u00e1ch L\u1ed9c\",\"isPartOf\":{\"@id\":\"https:\/\/pluginviet.com\/mau6\/#website\"},\"datePublished\":\"2022-12-29T08:56:04+00:00\",\"dateModified\":\"2022-12-30T04:57:27+00:00\",\"breadcrumb\":{\"@id\":\"https:\/\/pluginviet.com\/mau6\/san-pham\/xoai\/#breadcrumb\"},\"inLanguage\":\"vi\",\"potentialAction\":[{\"@type\":\"ReadAction\",\"target\":[\"https:\/\/pluginviet.com\/mau6\/san-pham\/xoai\/\"]}]},{\"@type\":\"BreadcrumbList\",\"@id\":\"https:\/\/pluginviet.com\/mau6\/san-pham\/xoai\/#breadcrumb\",\"itemListElement\":[{\"@type\":\"ListItem\",\"position\":1,\"name\":\"Trang ch\u1ee7\",\"item\":\"https:\/\/pluginviet.com\/mau6\/\"},{\"@type\":\"ListItem\",\"position\":2,\"name\":\"Shop\",\"item\":\"https:\/\/pluginviet.com\/mau6\/shop\/\"},{\"@type\":\"ListItem\",\"position\":3,\"name\":\"Xo\u00e0i\"}]},{\"@type\":\"WebSite\",\"@id\":\"https:\/\/pluginviet.com\/mau6\/#website\",\"url\":\"https:\/\/pluginviet.com\/mau6\/\",\"name\":\"C\u00e2y xanh B\u00e1ch L\u1ed9c\",\"description\":\"\",\"potentialAction\":[{\"@type\":\"SearchAction\",\"target\":{\"@type\":\"EntryPoint\",\"urlTemplate\":\"https:\/\/pluginviet.com\/mau6\/?s={search_term_string}\"},\"query-input\":\"required name=search_term_string\"}],\"inLanguage\":\"vi\"}]}<\/script>\n<!-- \/ Yoast SEO plugin. -->","yoast_head_json":{"title":"Xo\u00e0i - C\u00e2y xanh B\u00e1ch L\u1ed9c","robots":{"index":"index","follow":"follow","max-snippet":"max-snippet:-1","max-image-preview":"max-image-preview:large","max-video-preview":"max-video-preview:-1"},"canonical":"https:\/\/pluginviet.com\/mau6\/san-pham\/xoai\/","og_locale":"vi_VN","og_type":"article","og_title":"Xo\u00e0i - C\u00e2y xanh B\u00e1ch L\u1ed9c","og_description":"C\u00e2y Xo\u00e0i l\u00e0 m\u1ed9t lo\u00e0i c\u00e2y \u0111\u1eb7c bi\u1ec7t khi v\u1eeba c\u00f3 th\u1ec3 l\u00e0m c\u00e2y \u0103n tr\u00e1i m\u00e0 v\u1eeba c\u00f3 th\u1ec3 l\u00e0m c\u00e2y c\u1ea3nh phong th\u1ee7y trang tr\u00ed cho ng\u00f4i nh\u00e0 c\u1ee7a b\u1ea1n. H\u00e3y c\u00f9ng t\u00ecm hi\u1ec3u chi ti\u1ebft v\u1ec1 \u0111\u1eb7c \u0111i\u1ec3m v\u00e0 \u00fd ngh\u0129a lo\u00e0i c\u00e2y n\u00e0y ngay sau \u0111\u00e2y.","og_url":"https:\/\/pluginviet.com\/mau6\/san-pham\/xoai\/","og_site_name":"C\u00e2y xanh B\u00e1ch L\u1ed9c","article_modified_time":"2022-12-30T04:57:27+00:00","og_image":[{"width":600,"height":600,"url":"https:\/\/pluginviet.com\/mau6\/wp-content\/uploads\/2022\/12\/cayxoai.jpg","type":"image\/jpeg"}],"twitter_card":"summary_large_image","twitter_misc":{"\u01af\u1edbc t\u00ednh th\u1eddi gian \u0111\u1ecdc":"2 ph\u00fat"},"schema":{"@context":"https:\/\/schema.org","@graph":[{"@type":"WebPage","@id":"https:\/\/pluginviet.com\/mau6\/san-pham\/xoai\/","url":"https:\/\/pluginviet.com\/mau6\/san-pham\/xoai\/","name":"Xo\u00e0i - C\u00e2y xanh B\u00e1ch L\u1ed9c","isPartOf":{"@id":"https:\/\/pluginviet.com\/mau6\/#website"},"datePublished":"2022-12-29T08:56:04+00:00","dateModified":"2022-12-30T04:57:27+00:00","breadcrumb":{"@id":"https:\/\/pluginviet.com\/mau6\/san-pham\/xoai\/#breadcrumb"},"inLanguage":"vi","potentialAction":[{"@type":"ReadAction","target":["https:\/\/pluginviet.com\/mau6\/san-pham\/xoai\/"]}]},{"@type":"BreadcrumbList","@id":"https:\/\/pluginviet.com\/mau6\/san-pham\/xoai\/#breadcrumb","itemListElement":[{"@type":"ListItem","position":1,"name":"Trang ch\u1ee7","item":"https:\/\/pluginviet.com\/mau6\/"},{"@type":"ListItem","position":2,"name":"Shop","item":"https:\/\/pluginviet.com\/mau6\/shop\/"},{"@type":"ListItem","position":3,"name":"Xo\u00e0i"}]},{"@type":"WebSite","@id":"https:\/\/pluginviet.com\/mau6\/#website","url":"https:\/\/pluginviet.com\/mau6\/","name":"C\u00e2y xanh B\u00e1ch L\u1ed9c","description":"","potentialAction":[{"@type":"SearchAction","target":{"@type":"EntryPoint","urlTemplate":"https:\/\/pluginviet.com\/mau6\/?s={search_term_string}"},"query-input":"required name=search_term_string"}],"inLanguage":"vi"}]}},"_links":{"self":[{"href":"https:\/\/pluginviet.com\/mau6\/wp-json\/wp\/v2\/product\/1332"}],"collection":[{"href":"https:\/\/pluginviet.com\/mau6\/wp-json\/wp\/v2\/product"}],"about":[{"href":"https:\/\/pluginviet.com\/mau6\/wp-json\/wp\/v2\/types\/product"}],"replies":[{"embeddable":true,"href":"https:\/\/pluginviet.com\/mau6\/wp-json\/wp\/v2\/comments?post=1332"}],"wp:featuredmedia":[{"embeddable":true,"href":"https:\/\/pluginviet.com\/mau6\/wp-json\/wp\/v2\/media\/1337"}],"wp:attachment":[{"href":"https:\/\/pluginviet.com\/mau6\/wp-json\/wp\/v2\/media?parent=1332"}],"wp:term":[{"taxonomy":"product_cat","embeddable":true,"href":"https:\/\/pluginviet.com\/mau6\/wp-json\/wp\/v2\/product_cat?post=1332"},{"taxonomy":"product_tag","embeddable":true,"href":"https:\/\/pluginviet.com\/mau6\/wp-json\/wp\/v2\/product_tag?post=1332"}],"curies":[{"name":"wp","href":"https:\/\/api.w.org\/{rel}","templated":true}]}}