{"id":93,"date":"2024-05-24T00:09:25","date_gmt":"2024-05-24T00:09:25","guid":{"rendered":"https:\/\/depthoitrang.com\/Minds\/?page_id=93"},"modified":"2024-05-27T15:20:57","modified_gmt":"2024-05-27T15:20:57","slug":"gioi-thieu-chung","status":"publish","type":"page","link":"https:\/\/pluginviet.com\/mau59\/ve-mini-minds-preschool\/gioi-thieu-chung\/","title":{"rendered":"Gi\u01a1\u0301i thi\u00ea\u0323u v\u00ea\u0300 tr\u01b0\u01a1\u0300ng Mini Minds Preschool"},"content":{"rendered":"\t<section class=\"section gt_01\" id=\"section_451792753\">\n\t\t<div class=\"bg section-bg fill bg-fill  \" >\n\n\t\t\t\n\t\t\t\n\t\t\t\n\n\t\t<\/div>\n\n\t\t\n\n\t\t<div class=\"section-content relative\">\n\t\t\t\n<div class=\"row\"  id=\"row-1918370373\">\n\n\t<div id=\"col-1395627597\" class=\"col small-12 large-12\"  >\n\t\t\t\t<div class=\"col-inner text-center\"  >\n\t\t\t\n\t\t\t\n\t\t<div class=\"title_gt\">\n\t\t\t\t\n<p>About us<\/p>\n<h2><span>V\u1ec0 <\/span> MINI MINDS PRESCHOOL<\/h2>\n\t\t<\/div>\n\t\n\t\t<\/div>\n\t\t\t\t\t<\/div>\n\n\t\n<\/div>\n<div class=\"row div2\"  id=\"row-362573618\">\n\n\t<div id=\"col-907260317\" class=\"col left medium-6 small-12 large-6\"  >\n\t\t\t\t<div class=\"col-inner\"  >\n\t\t\t\n\t\t\t\n\t\t<\/div>\n\t\t\t\t\t<\/div>\n\n\t\n\n\t<div id=\"col-1747159011\" class=\"col right medium-6 small-12 large-6\"  >\n\t\t\t\t<div class=\"col-inner\"  >\n\t\t\t\n\t\t\t\n<p>T\u1ea1i tr\u01b0\u1eddng m\u1ea7m non Mini Minds, c\u00e2u chuy\u1ec7n c\u1ee7a ch\u00fang t\u00f4i b\u1eaft \u0111\u1ea7u v\u1edbi t\u1ea7m nh\u00ecn nu\u00f4i d\u01b0\u1ee1ng tr\u00ed tu\u1ec7 tr\u1ebb, nu\u00f4i d\u01b0\u1ee1ng tr\u00ed t\u00f2 m\u00f2 v\u00e0 nu\u00f4i d\u01b0\u1ee1ng ni\u1ec1m y\u00eau th\u00edch h\u1ecdc t\u1eadp ngay t\u1eeb \u0111\u1ea7u. \u0110\u01b0\u1ee3c th\u00e0nh l\u1eadp d\u1ef1a tr\u00ean ni\u1ec1m tin r\u1eb1ng m\u1ecdi tr\u1ebb em \u0111\u1ec1u s\u1edf h\u1eefu ti\u1ec1m n\u0103ng v\u00f4 bi\u00ean, ch\u00fang t\u00f4i c\u1ed1 g\u1eafng t\u1ea1o ra m\u1ed9t m\u00f4i tr\u01b0\u1eddng n\u01a1i tr\u00ed t\u01b0\u1edfng t\u01b0\u1ee3ng kh\u00f4ng c\u00f3 gi\u1edbi h\u1ea1n.<\/p>\n<p>Cu\u1ed9c h\u00e0nh tr\u00ecnh c\u1ee7a ch\u00fang t\u00f4i m\u1edf ra gi\u1eefa khung c\u1ea3nh c\u00e2y xanh t\u01b0\u01a1i t\u1ed1t, n\u01a1i nh\u1eefng s\u1eafc m\u00e0u r\u1ef1c r\u1ee1 c\u1ee7a thi\u00ean nhi\u00ean truy\u1ec1n c\u1ea3m h\u1ee9ng cho s\u1ef1 t\u00ecm t\u00f2i v\u00e0 kh\u00e1m ph\u00e1. T\u1ea1i \u0111\u00e2y, gi\u1eefa nh\u1eefng t\u00e1n c\u00e2y, tr\u1ebb em b\u1eaft \u0111\u1ea7u cu\u1ed9c h\u00e0nh tr\u00ecnh k\u1ef3 di\u1ec7u, \u0111\u01b0\u1ee3c h\u01b0\u1edbng d\u1eabn b\u1edfi \u0111\u1ed9i ng\u0169 nh\u00e0 gi\u00e1o d\u1ee5c t\u1eadn t\u00e2m, \u0111am m\u00ea kh\u00e1m ph\u00e1 to\u00e0n b\u1ed9 ti\u1ec1m n\u0103ng c\u1ee7a ch\u00fang.<\/p>\n\t\t<\/div>\n\t\t\t\t\t<\/div>\n\n\t\n\n\t<div id=\"col-1726115647\" class=\"col small-12 large-12\"  >\n\t\t\t\t<div class=\"col-inner\"  >\n\t\t\t\n\t\t\t\n\t<div class=\"img has-hover x md-x lg-x y md-y lg-y\" id=\"image_1113554896\">\n\t\t\t\t\t\t\t\t<div class=\"img-inner dark\" >\n\t\t\t<img loading=\"lazy\" decoding=\"async\" width=\"1224\" height=\"500\" src=\"https:\/\/pluginviet.com\/mau59\/wp-content\/uploads\/2024\/05\/Rectangle-3439.png\" class=\"attachment-original size-original\" alt=\"\" srcset=\"https:\/\/pluginviet.com\/mau59\/wp-content\/uploads\/2024\/05\/Rectangle-3439.png 1224w, https:\/\/pluginviet.com\/mau59\/wp-content\/uploads\/2024\/05\/Rectangle-3439-300x123.png 300w, https:\/\/pluginviet.com\/mau59\/wp-content\/uploads\/2024\/05\/Rectangle-3439-1024x418.png 1024w, https:\/\/pluginviet.com\/mau59\/wp-content\/uploads\/2024\/05\/Rectangle-3439-768x314.png 768w\" sizes=\"auto, (max-width: 1224px) 100vw, 1224px\" \/>\t\t\t\t\t\t\n\t\t\t\t\t<\/div>\n\t\t\t\t\t\t\t\t\n<style>\n#image_1113554896 {\n  width: 100%;\n}\n<\/style>\n\t<\/div>\n\t\n\t\t<\/div>\n\t\t\t\t\t<\/div>\n\n\t\n<\/div>\n<div class=\"row div3\"  id=\"row-1263385214\">\n\n\t<div id=\"col-729851920\" class=\"col left medium-6 small-12 large-6\"  >\n\t\t\t\t<div class=\"col-inner\"  >\n\t\t\t\n\t\t\t\n<p>T\u1ea1i tr\u01b0\u1eddng m\u1ea7m non Mini Minds, c\u00e2u chuy\u1ec7n c\u1ee7a ch\u00fang t\u00f4i b\u1eaft \u0111\u1ea7u v\u1edbi t\u1ea7m nh\u00ecn nu\u00f4i d\u01b0\u1ee1ng tr\u00ed tu\u1ec7 tr\u1ebb, nu\u00f4i d\u01b0\u1ee1ng tr\u00ed t\u00f2 m\u00f2 v\u00e0 nu\u00f4i d\u01b0\u1ee1ng ni\u1ec1m y\u00eau th\u00edch h\u1ecdc t\u1eadp ngay t\u1eeb \u0111\u1ea7u. \u0110\u01b0\u1ee3c th\u00e0nh l\u1eadp d\u1ef1a tr\u00ean ni\u1ec1m tin r\u1eb1ng m\u1ecdi tr\u1ebb em \u0111\u1ec1u s\u1edf h\u1eefu ti\u1ec1m n\u0103ng v\u00f4 bi\u00ean, ch\u00fang t\u00f4i c\u1ed1 g\u1eafng t\u1ea1o ra m\u1ed9t m\u00f4i tr\u01b0\u1eddng n\u01a1i tr\u00ed t\u01b0\u1edfng t\u01b0\u1ee3ng kh\u00f4ng c\u00f3 gi\u1edbi h\u1ea1n.<\/p>\n<p>Cu\u1ed9c h\u00e0nh tr\u00ecnh c\u1ee7a ch\u00fang t\u00f4i m\u1edf ra gi\u1eefa khung c\u1ea3nh c\u00e2y xanh t\u01b0\u01a1i t\u1ed1t, n\u01a1i nh\u1eefng s\u1eafc m\u00e0u r\u1ef1c r\u1ee1 c\u1ee7a thi\u00ean nhi\u00ean truy\u1ec1n c\u1ea3m h\u1ee9ng cho s\u1ef1 t\u00ecm t\u00f2i v\u00e0 kh\u00e1m ph\u00e1. T\u1ea1i \u0111\u00e2y, gi\u1eefa nh\u1eefng t\u00e1n c\u00e2y, tr\u1ebb em b\u1eaft \u0111\u1ea7u cu\u1ed9c h\u00e0nh tr\u00ecnh k\u1ef3 di\u1ec7u, \u0111\u01b0\u1ee3c h\u01b0\u1edbng d\u1eabn b\u1edfi \u0111\u1ed9i ng\u0169 nh\u00e0 gi\u00e1o d\u1ee5c t\u1eadn t\u00e2m, \u0111am m\u00ea kh\u00e1m ph\u00e1 to\u00e0n b\u1ed9 ti\u1ec1m n\u0103ng c\u1ee7a ch\u00fang.<\/p>\n\t\t<\/div>\n\t\t\t\t\t<\/div>\n\n\t\n\n\t<div id=\"col-1003301793\" class=\"col right medium-6 small-12 large-6\"  >\n\t\t\t\t<div class=\"col-inner\"  >\n\t\t\t\n\t\t\t\n\t\t<\/div>\n\t\t\t\t\t<\/div>\n\n\t\n\n\t<div id=\"col-1510887076\" class=\"col small-12 large-12\"  >\n\t\t\t\t<div class=\"col-inner\"  >\n\t\t\t\n\t\t\t\n\t<div class=\"img has-hover x md-x lg-x y md-y lg-y\" id=\"image_1656395991\">\n\t\t\t\t\t\t\t\t<div class=\"img-inner dark\" >\n\t\t\t<img loading=\"lazy\" decoding=\"async\" width=\"1224\" height=\"500\" src=\"https:\/\/pluginviet.com\/mau59\/wp-content\/uploads\/2024\/05\/Rectangle-3439.png\" class=\"attachment-original size-original\" alt=\"\" srcset=\"https:\/\/pluginviet.com\/mau59\/wp-content\/uploads\/2024\/05\/Rectangle-3439.png 1224w, https:\/\/pluginviet.com\/mau59\/wp-content\/uploads\/2024\/05\/Rectangle-3439-300x123.png 300w, https:\/\/pluginviet.com\/mau59\/wp-content\/uploads\/2024\/05\/Rectangle-3439-1024x418.png 1024w, https:\/\/pluginviet.com\/mau59\/wp-content\/uploads\/2024\/05\/Rectangle-3439-768x314.png 768w\" sizes=\"auto, (max-width: 1224px) 100vw, 1224px\" \/>\t\t\t\t\t\t\n\t\t\t\t\t<\/div>\n\t\t\t\t\t\t\t\t\n<style>\n#image_1656395991 {\n  width: 100%;\n}\n<\/style>\n\t<\/div>\n\t\n\t\t<\/div>\n\t\t\t\t\t<\/div>\n\n\t\n<\/div>\n\t\t<\/div>\n\n\t\t\n<style>\n#section_451792753 {\n  padding-top: 30px;\n  padding-bottom: 30px;\n}\n#section_451792753 .section-bg.bg-loaded {\n  background-image: url(https:\/\/pluginviet.com\/mau59\/wp-content\/uploads\/2024\/05\/Group-183bggt.png);\n}\n<\/style>\n\t<\/section>\n\t\n","protected":false},"excerpt":{"rendered":"","protected":false},"author":1,"featured_media":196,"parent":91,"menu_order":0,"comment_status":"closed","ping_status":"closed","template":"page-blank.php","meta":{"_acf_changed":false,"footnotes":""},"class_list":["post-93","page","type-page","status-publish","has-post-thumbnail","hentry"],"acf":[],"yoast_head":"<!-- This site is optimized with the Yoast SEO plugin v22.8 - https:\/\/yoast.com\/wordpress\/plugins\/seo\/ -->\n<title>Gi\u01a1\u0301i thi\u00ea\u0323u v\u00ea\u0300 tr\u01b0\u01a1\u0300ng Mini Minds Preschool - Mini Minds Preschool<\/title>\n<meta name=\"robots\" content=\"index, follow, max-snippet:-1, max-image-preview:large, max-video-preview:-1\" \/>\n<link rel=\"canonical\" href=\"https:\/\/pluginviet.com\/mau59\/ve-mini-minds-preschool\/gioi-thieu-chung\/\" \/>\n<meta property=\"og:locale\" content=\"vi_VN\" \/>\n<meta property=\"og:type\" content=\"article\" \/>\n<meta property=\"og:title\" content=\"Gi\u01a1\u0301i thi\u00ea\u0323u v\u00ea\u0300 tr\u01b0\u01a1\u0300ng Mini Minds Preschool - Mini Minds Preschool\" \/>\n<meta property=\"og:url\" content=\"https:\/\/pluginviet.com\/mau59\/ve-mini-minds-preschool\/gioi-thieu-chung\/\" \/>\n<meta property=\"og:site_name\" content=\"Mini Minds Preschool\" \/>\n<meta property=\"article:modified_time\" content=\"2024-05-27T15:20:57+00:00\" \/>\n<meta property=\"og:image\" content=\"https:\/\/pluginviet.com\/mau59\/wp-content\/uploads\/2024\/05\/bg1.jpg\" \/>\n\t<meta property=\"og:image:width\" content=\"1728\" \/>\n\t<meta property=\"og:image:height\" content=\"580\" \/>\n\t<meta property=\"og:image:type\" content=\"image\/jpeg\" \/>\n<meta name=\"twitter:card\" content=\"summary_large_image\" \/>\n<meta name=\"twitter:label1\" content=\"\u01af\u1edbc t\u00ednh th\u1eddi gian \u0111\u1ecdc\" \/>\n\t<meta name=\"twitter:data1\" content=\"1 ph\u00fat\" \/>\n<script type=\"application\/ld+json\" class=\"yoast-schema-graph\">{\"@context\":\"https:\/\/schema.org\",\"@graph\":[{\"@type\":\"WebPage\",\"@id\":\"https:\/\/pluginviet.com\/mau59\/ve-mini-minds-preschool\/gioi-thieu-chung\/\",\"url\":\"https:\/\/pluginviet.com\/mau59\/ve-mini-minds-preschool\/gioi-thieu-chung\/\",\"name\":\"Gi\u01a1\u0301i thi\u00ea\u0323u v\u00ea\u0300 tr\u01b0\u01a1\u0300ng Mini Minds Preschool - Mini Minds Preschool\",\"isPartOf\":{\"@id\":\"https:\/\/pluginviet.com\/mau59\/#website\"},\"primaryImageOfPage\":{\"@id\":\"https:\/\/pluginviet.com\/mau59\/ve-mini-minds-preschool\/gioi-thieu-chung\/#primaryimage\"},\"image\":{\"@id\":\"https:\/\/pluginviet.com\/mau59\/ve-mini-minds-preschool\/gioi-thieu-chung\/#primaryimage\"},\"thumbnailUrl\":\"https:\/\/pluginviet.com\/mau59\/wp-content\/uploads\/2024\/05\/bg1.jpg\",\"datePublished\":\"2024-05-24T00:09:25+00:00\",\"dateModified\":\"2024-05-27T15:20:57+00:00\",\"breadcrumb\":{\"@id\":\"https:\/\/pluginviet.com\/mau59\/ve-mini-minds-preschool\/gioi-thieu-chung\/#breadcrumb\"},\"inLanguage\":\"vi\",\"potentialAction\":[{\"@type\":\"ReadAction\",\"target\":[\"https:\/\/pluginviet.com\/mau59\/ve-mini-minds-preschool\/gioi-thieu-chung\/\"]}]},{\"@type\":\"ImageObject\",\"inLanguage\":\"vi\",\"@id\":\"https:\/\/pluginviet.com\/mau59\/ve-mini-minds-preschool\/gioi-thieu-chung\/#primaryimage\",\"url\":\"https:\/\/pluginviet.com\/mau59\/wp-content\/uploads\/2024\/05\/bg1.jpg\",\"contentUrl\":\"https:\/\/pluginviet.com\/mau59\/wp-content\/uploads\/2024\/05\/bg1.jpg\",\"width\":1728,\"height\":580},{\"@type\":\"BreadcrumbList\",\"@id\":\"https:\/\/pluginviet.com\/mau59\/ve-mini-minds-preschool\/gioi-thieu-chung\/#breadcrumb\",\"itemListElement\":[{\"@type\":\"ListItem\",\"position\":1,\"name\":\"Trang ch\u1ee7\",\"item\":\"https:\/\/pluginviet.com\/mau59\/\"},{\"@type\":\"ListItem\",\"position\":2,\"name\":\"V\u1ec1 Mini Minds Preschool\",\"item\":\"https:\/\/pluginviet.com\/mau59\/ve-mini-minds-preschool\/\"},{\"@type\":\"ListItem\",\"position\":3,\"name\":\"Gi\u01a1\u0301i thi\u00ea\u0323u v\u00ea\u0300 tr\u01b0\u01a1\u0300ng Mini Minds Preschool\"}]},{\"@type\":\"WebSite\",\"@id\":\"https:\/\/pluginviet.com\/mau59\/#website\",\"url\":\"https:\/\/pluginviet.com\/mau59\/\",\"name\":\"Mini Minds Preschool\",\"description\":\"\",\"potentialAction\":[{\"@type\":\"SearchAction\",\"target\":{\"@type\":\"EntryPoint\",\"urlTemplate\":\"https:\/\/pluginviet.com\/mau59\/?s={search_term_string}\"},\"query-input\":\"required name=search_term_string\"}],\"inLanguage\":\"vi\"}]}<\/script>\n<!-- \/ Yoast SEO plugin. -->","yoast_head_json":{"title":"Gi\u01a1\u0301i thi\u00ea\u0323u v\u00ea\u0300 tr\u01b0\u01a1\u0300ng Mini Minds Preschool - Mini Minds Preschool","robots":{"index":"index","follow":"follow","max-snippet":"max-snippet:-1","max-image-preview":"max-image-preview:large","max-video-preview":"max-video-preview:-1"},"canonical":"https:\/\/pluginviet.com\/mau59\/ve-mini-minds-preschool\/gioi-thieu-chung\/","og_locale":"vi_VN","og_type":"article","og_title":"Gi\u01a1\u0301i thi\u00ea\u0323u v\u00ea\u0300 tr\u01b0\u01a1\u0300ng Mini Minds Preschool - Mini Minds Preschool","og_url":"https:\/\/pluginviet.com\/mau59\/ve-mini-minds-preschool\/gioi-thieu-chung\/","og_site_name":"Mini Minds Preschool","article_modified_time":"2024-05-27T15:20:57+00:00","og_image":[{"width":1728,"height":580,"url":"https:\/\/pluginviet.com\/mau59\/wp-content\/uploads\/2024\/05\/bg1.jpg","type":"image\/jpeg"}],"twitter_card":"summary_large_image","twitter_misc":{"\u01af\u1edbc t\u00ednh th\u1eddi gian \u0111\u1ecdc":"1 ph\u00fat"},"schema":{"@context":"https:\/\/schema.org","@graph":[{"@type":"WebPage","@id":"https:\/\/pluginviet.com\/mau59\/ve-mini-minds-preschool\/gioi-thieu-chung\/","url":"https:\/\/pluginviet.com\/mau59\/ve-mini-minds-preschool\/gioi-thieu-chung\/","name":"Gi\u01a1\u0301i thi\u00ea\u0323u v\u00ea\u0300 tr\u01b0\u01a1\u0300ng Mini Minds Preschool - Mini Minds Preschool","isPartOf":{"@id":"https:\/\/pluginviet.com\/mau59\/#website"},"primaryImageOfPage":{"@id":"https:\/\/pluginviet.com\/mau59\/ve-mini-minds-preschool\/gioi-thieu-chung\/#primaryimage"},"image":{"@id":"https:\/\/pluginviet.com\/mau59\/ve-mini-minds-preschool\/gioi-thieu-chung\/#primaryimage"},"thumbnailUrl":"https:\/\/pluginviet.com\/mau59\/wp-content\/uploads\/2024\/05\/bg1.jpg","datePublished":"2024-05-24T00:09:25+00:00","dateModified":"2024-05-27T15:20:57+00:00","breadcrumb":{"@id":"https:\/\/pluginviet.com\/mau59\/ve-mini-minds-preschool\/gioi-thieu-chung\/#breadcrumb"},"inLanguage":"vi","potentialAction":[{"@type":"ReadAction","target":["https:\/\/pluginviet.com\/mau59\/ve-mini-minds-preschool\/gioi-thieu-chung\/"]}]},{"@type":"ImageObject","inLanguage":"vi","@id":"https:\/\/pluginviet.com\/mau59\/ve-mini-minds-preschool\/gioi-thieu-chung\/#primaryimage","url":"https:\/\/pluginviet.com\/mau59\/wp-content\/uploads\/2024\/05\/bg1.jpg","contentUrl":"https:\/\/pluginviet.com\/mau59\/wp-content\/uploads\/2024\/05\/bg1.jpg","width":1728,"height":580},{"@type":"BreadcrumbList","@id":"https:\/\/pluginviet.com\/mau59\/ve-mini-minds-preschool\/gioi-thieu-chung\/#breadcrumb","itemListElement":[{"@type":"ListItem","position":1,"name":"Trang ch\u1ee7","item":"https:\/\/pluginviet.com\/mau59\/"},{"@type":"ListItem","position":2,"name":"V\u1ec1 Mini Minds Preschool","item":"https:\/\/pluginviet.com\/mau59\/ve-mini-minds-preschool\/"},{"@type":"ListItem","position":3,"name":"Gi\u01a1\u0301i thi\u00ea\u0323u v\u00ea\u0300 tr\u01b0\u01a1\u0300ng Mini Minds Preschool"}]},{"@type":"WebSite","@id":"https:\/\/pluginviet.com\/mau59\/#website","url":"https:\/\/pluginviet.com\/mau59\/","name":"Mini Minds Preschool","description":"","potentialAction":[{"@type":"SearchAction","target":{"@type":"EntryPoint","urlTemplate":"https:\/\/pluginviet.com\/mau59\/?s={search_term_string}"},"query-input":"required name=search_term_string"}],"inLanguage":"vi"}]}},"_links":{"self":[{"href":"https:\/\/pluginviet.com\/mau59\/wp-json\/wp\/v2\/pages\/93","targetHints":{"allow":["GET"]}}],"collection":[{"href":"https:\/\/pluginviet.com\/mau59\/wp-json\/wp\/v2\/pages"}],"about":[{"href":"https:\/\/pluginviet.com\/mau59\/wp-json\/wp\/v2\/types\/page"}],"author":[{"embeddable":true,"href":"https:\/\/pluginviet.com\/mau59\/wp-json\/wp\/v2\/users\/1"}],"replies":[{"embeddable":true,"href":"https:\/\/pluginviet.com\/mau59\/wp-json\/wp\/v2\/comments?post=93"}],"version-history":[{"count":17,"href":"https:\/\/pluginviet.com\/mau59\/wp-json\/wp\/v2\/pages\/93\/revisions"}],"predecessor-version":[{"id":223,"href":"https:\/\/pluginviet.com\/mau59\/wp-json\/wp\/v2\/pages\/93\/revisions\/223"}],"up":[{"embeddable":true,"href":"https:\/\/pluginviet.com\/mau59\/wp-json\/wp\/v2\/pages\/91"}],"wp:featuredmedia":[{"embeddable":true,"href":"https:\/\/pluginviet.com\/mau59\/wp-json\/wp\/v2\/media\/196"}],"wp:attachment":[{"href":"https:\/\/pluginviet.com\/mau59\/wp-json\/wp\/v2\/media?parent=93"}],"curies":[{"name":"wp","href":"https:\/\/api.w.org\/{rel}","templated":true}]}}