{"id":356,"date":"2024-05-28T09:08:33","date_gmt":"2024-05-28T09:08:33","guid":{"rendered":"https:\/\/depthoitrang.com\/Minds\/?page_id=356"},"modified":"2024-05-28T09:44:20","modified_gmt":"2024-05-28T09:44:20","slug":"tuyen-sinh","status":"publish","type":"page","link":"https:\/\/pluginviet.com\/mau59\/tuyen-sinh\/","title":{"rendered":"Tuy\u00ea\u0309n sinh"},"content":{"rendered":"\t<section class=\"section tuyensinh01\" id=\"section_398752050\">\n\t\t<div class=\"bg section-bg fill bg-fill  bg-loaded\" >\n\n\t\t\t\n\t\t\t\n\t\t\t\n\n\t\t<\/div>\n\n\t\t\n\n\t\t<div class=\"section-content relative\">\n\t\t\t\n<div class=\"row\"  id=\"row-2114028736\">\n\n\t<div id=\"col-2099571448\" class=\"col small-12 large-12\"  >\n\t\t\t\t<div class=\"col-inner\"  >\n\t\t\t\n\t\t\t\n\t\t<div class=\"title_h2\">\n\t\t\t\t\n<h2>Quy tr\u00ecnh tuy\u1ec3n sinh<\/h2>\n\t\t<\/div>\n\t\n\t\t<\/div>\n\t\t\t\t\t<\/div>\n\n\t\n<\/div>\n<div class=\"row align-center row5\"  id=\"row-1190275410\">\n\n\t<div id=\"col-225957465\" class=\"col right medium-2 small-12 large-2\"  >\n\t\t\t\t<div class=\"col-inner text-center\"  >\n\t\t\t\n\t\t\t\n\n\t\t<div class=\"icon-box featured-box icon-box-center text-center\"  >\n\t\t\t\t\t<div class=\"icon-box-img\" style=\"width: 160px\">\n\t\t\t\t<div class=\"icon\">\n\t\t\t\t\t<div class=\"icon-inner\" >\n\t\t\t\t\t\t<img loading=\"lazy\" decoding=\"async\" width=\"160\" height=\"144\" src=\"https:\/\/pluginviet.com\/mau59\/wp-content\/uploads\/2024\/05\/ts1.png\" class=\"attachment-medium size-medium\" alt=\"\" \/>\t\t\t\t\t<\/div>\n\t\t\t\t<\/div>\n\t\t\t<\/div>\n\t\t\t\t<div class=\"icon-box-text last-reset\">\n\t\t\t\t\t\t\t\t\t\n<h3>T\u01b0 v\u1ea5n tuy\u1ec3n sinh<\/h3>\n\t\t<\/div>\n\t<\/div>\n\t\n\t\n\t\t<\/div>\n\t\t\t\t\t<\/div>\n\n\t\n\n\t<div id=\"col-1622138439\" class=\"col right medium-2 small-12 large-2\"  >\n\t\t\t\t<div class=\"col-inner\"  >\n\t\t\t\n\t\t\t\n\n\t\t<div class=\"icon-box featured-box icon-box-center text-center\"  >\n\t\t\t\t\t<div class=\"icon-box-img\" style=\"width: 160px\">\n\t\t\t\t<div class=\"icon\">\n\t\t\t\t\t<div class=\"icon-inner\" >\n\t\t\t\t\t\t<img loading=\"lazy\" decoding=\"async\" width=\"160\" height=\"144\" src=\"https:\/\/pluginviet.com\/mau59\/wp-content\/uploads\/2024\/05\/ts2.png\" class=\"attachment-medium size-medium\" alt=\"\" \/>\t\t\t\t\t<\/div>\n\t\t\t\t<\/div>\n\t\t\t<\/div>\n\t\t\t\t<div class=\"icon-box-text last-reset\">\n\t\t\t\t\t\t\t\t\t\n<h3>\u0110\u0103ng k\u00fd ghi danh<\/h3>\n\t\t<\/div>\n\t<\/div>\n\t\n\t\n\t\t<\/div>\n\t\t\t\t\t<\/div>\n\n\t\n\n\t<div id=\"col-1532763892\" class=\"col right medium-2 small-12 large-2\"  >\n\t\t\t\t<div class=\"col-inner\"  >\n\t\t\t\n\t\t\t\n\n\t\t<div class=\"icon-box featured-box icon-box-center text-center\"  >\n\t\t\t\t\t<div class=\"icon-box-img\" style=\"width: 160px\">\n\t\t\t\t<div class=\"icon\">\n\t\t\t\t\t<div class=\"icon-inner\" >\n\t\t\t\t\t\t<img loading=\"lazy\" decoding=\"async\" width=\"160\" height=\"144\" src=\"https:\/\/pluginviet.com\/mau59\/wp-content\/uploads\/2024\/05\/ts3.png\" class=\"attachment-medium size-medium\" alt=\"\" \/>\t\t\t\t\t<\/div>\n\t\t\t\t<\/div>\n\t\t\t<\/div>\n\t\t\t\t<div class=\"icon-box-text last-reset\">\n\t\t\t\t\t\t\t\t\t\n<h3>Ho\u00e0n thi\u1ec7n h\u1ed3 s\u01a1 nh\u1eadp h\u1ecdc<\/h3>\n\t\t<\/div>\n\t<\/div>\n\t\n\t\n\t\t<\/div>\n\t\t\t\t\t<\/div>\n\n\t\n\n\t<div id=\"col-1239276366\" class=\"col right medium-2 small-12 large-2\"  >\n\t\t\t\t<div class=\"col-inner\"  >\n\t\t\t\n\t\t\t\n\n\t\t<div class=\"icon-box featured-box icon-box-center text-center\"  >\n\t\t\t\t\t<div class=\"icon-box-img\" style=\"width: 160px\">\n\t\t\t\t<div class=\"icon\">\n\t\t\t\t\t<div class=\"icon-inner\" >\n\t\t\t\t\t\t<img loading=\"lazy\" decoding=\"async\" width=\"160\" height=\"144\" src=\"https:\/\/pluginviet.com\/mau59\/wp-content\/uploads\/2024\/05\/ts4.png\" class=\"attachment-medium size-medium\" alt=\"\" \/>\t\t\t\t\t<\/div>\n\t\t\t\t<\/div>\n\t\t\t<\/div>\n\t\t\t\t<div class=\"icon-box-text last-reset\">\n\t\t\t\t\t\t\t\t\t\n<h3>Ho\u00e0n thi\u1ec7n h\u1ecdc ph\u00ed<\/h3>\n\t\t<\/div>\n\t<\/div>\n\t\n\t\n\t\t<\/div>\n\t\t\t\t\t<\/div>\n\n\t\n\n\t<div id=\"col-419248262\" class=\"col medium-2 small-12 large-2\"  >\n\t\t\t\t<div class=\"col-inner\"  >\n\t\t\t\n\t\t\t\n\n\t\t<div class=\"icon-box featured-box icon-box-center text-center\"  >\n\t\t\t\t\t<div class=\"icon-box-img\" style=\"width: 160px\">\n\t\t\t\t<div class=\"icon\">\n\t\t\t\t\t<div class=\"icon-inner\" >\n\t\t\t\t\t\t<img loading=\"lazy\" decoding=\"async\" width=\"154\" height=\"144\" src=\"https:\/\/pluginviet.com\/mau59\/wp-content\/uploads\/2024\/05\/ts5.png\" class=\"attachment-medium size-medium\" alt=\"\" \/>\t\t\t\t\t<\/div>\n\t\t\t\t<\/div>\n\t\t\t<\/div>\n\t\t\t\t<div class=\"icon-box-text last-reset\">\n\t\t\t\t\t\t\t\t\t\n<h3>Nh\u1eadp h\u1ecdc<\/h3>\n\t\t<\/div>\n\t<\/div>\n\t\n\t\n\t\t<\/div>\n\t\t\t\t\t<\/div>\n\n\t\n\n\t<div id=\"col-1138895028\" class=\"col small-12 large-12\"  >\n\t\t\t\t<div class=\"col-inner\"  >\n\t\t\t\n\t\t\t\n\t<div class=\"img has-hover x md-x lg-x y md-y lg-y\" id=\"image_1334498061\">\n\t\t\t\t\t\t\t\t<div class=\"img-inner dark\" >\n\t\t\t<img loading=\"lazy\" decoding=\"async\" width=\"1217\" height=\"483\" src=\"https:\/\/pluginviet.com\/mau59\/wp-content\/uploads\/2024\/05\/Group-175.png\" class=\"attachment-original size-original\" alt=\"\" srcset=\"https:\/\/pluginviet.com\/mau59\/wp-content\/uploads\/2024\/05\/Group-175.png 1217w, https:\/\/pluginviet.com\/mau59\/wp-content\/uploads\/2024\/05\/Group-175-300x119.png 300w, https:\/\/pluginviet.com\/mau59\/wp-content\/uploads\/2024\/05\/Group-175-1024x406.png 1024w, https:\/\/pluginviet.com\/mau59\/wp-content\/uploads\/2024\/05\/Group-175-768x305.png 768w\" sizes=\"auto, (max-width: 1217px) 100vw, 1217px\" \/>\t\t\t\t\t\t\n\t\t\t\t\t<\/div>\n\t\t\t\t\t\t\t\t\n<style>\n#image_1334498061 {\n  width: 100%;\n}\n<\/style>\n\t<\/div>\n\t\n<p><span style=\"color: #0854a2;\"><strong>1. \u0110\u1ed1i t\u01b0\u1ee3ng v\u00e0 \u0111i\u1ec1u ki\u1ec7n tuy\u1ec3n sinh:<\/strong><\/span><br \/><span style=\"color: #0854a2;\">H\u1ecdc sinh trong \u0111\u1ed9 tu\u1ed5i t\u1eeb 18 th\u00e1ng \u0111\u1ebfn 5 tu\u1ed5i.<\/span><\/p>\n<p><span style=\"color: #0854a2;\"><strong>2. Quy tr\u00ecnh tuy\u1ec3n sinh:<\/strong><\/span><br \/><span style=\"color: #fcb315;\"><strong>\u2028B\u01b0\u1edbc 1: T\u01b0 v\u1ea5n tuy\u1ec3n sinh:<\/strong><\/span><\/p>\n<p><span style=\"color: #0854a2;\">Ph\u1ee5 huynh h\u1ecdc sinh li\u00ean h\u1ec7 v\u1edbi nh\u00e2n vi\u00ean tuy\u1ec3n sinh \u0111\u1ec3 t\u01b0 v\u1ea5n v\u1ec1 nh\u1eefng th\u00f4ng tin v\u1ec1 ch\u01b0\u01a1ng tr\u00ecnh \u0111\u00e0o t\u1ea1o Song Ng\u1eef v\u00e0 Qu\u1ed1c t\u1ebf; quy \u0111\u1ecbnh v\u1ec1 c\u00e1c kho\u1ea3n ph\u00ed trong n\u0103m, d\u1ecbch v\u1ee5 kh\u00e1c.<\/span><\/p>\n<p><span style=\"color: #fcb315;\"><strong>B\u01b0\u1edbc 2: \u0110\u0103ng k\u00fd ghi danh:<\/strong><\/span><\/p>\n<p><span style=\"color: #0854a2;\">Ph\u1ee5 huynh \u0111\u0103ng k\u00fd ghi danh cho h\u1ecdc sinh t\u1ea1i ph\u00f2ng tuy\u1ec3n sinh v\u00e0 n\u1ed9p ph\u00ed ghi danh t\u1ea1i tr\u01b0\u1eddng.<\/span><\/p>\n<p><span style=\"color: #fcb315;\"><strong>B\u01b0\u1edbc 3: Ho\u00e0n thi\u1ec7n h\u1ed3 s\u01a1 nh\u1eadp h\u1ecdc:<\/strong><\/span><\/p>\n<p><span style=\"color: #0854a2;\">Ph\u1ee5 huynh h\u1ecdc sinh ho\u00e0n th\u00e0nh b\u1ed9 \u201cH\u1ed3 s\u01a1 \u0111\u0103ng k\u00fd nh\u1eadp h\u1ecdc\u201d v\u00e0 n\u1ed9p l\u1ea1i cho ph\u00f2ng Tuy\u1ec3n sinh ch\u1eadm nh\u1ea5t 7 ng\u00e0y l\u00e0m vi\u1ec7c (T\u00ednh t\u1eeb ng\u00e0y nh\u1eadn mua h\u1ed3 s\u01a1 nh\u1eadp h\u1ecdc). Bao g\u1ed3m \u0111\u1ea7y \u0111\u1ee7 gi\u1ea5y t\u1edd theo m\u1eabu nh\u00e0 tr\u01b0\u1eddng y\u00eau c\u1ea7u.<\/span><\/p>\n<p><span style=\"color: #fcb315;\"><strong>B\u01b0\u1edbc 4: Ho\u00e0n thi\u1ec7n h\u1ecdc ph\u00ed:<\/strong><\/span><\/p>\n<p><span style=\"color: #0854a2;\">Y\u00eau c\u1ea7u Ph\u1ee5 huynh h\u1ecdc sinh n\u1ed9p h\u1ecdc ph\u00ed \u0111\u00fang theo c\u00e1c quy \u0111\u1ecbnh sau:<\/span><\/p>\n<p><span style=\"color: #fcb315;\"><strong>B\u01b0\u1edbc 5: Nh\u1eadp h\u1ecdc<\/strong><\/span><\/p>\n\t\t<\/div>\n\t\t\t\t\t<\/div>\n\n\t\n<\/div>\n\t\t<\/div>\n\n\t\t\n<style>\n#section_398752050 {\n  padding-top: 30px;\n  padding-bottom: 30px;\n}\n<\/style>\n\t<\/section>\n\t\n\t<section class=\"section goc_tv_02 tuyensinh02\" id=\"section_1820003338\">\n\t\t<div class=\"bg section-bg fill bg-fill  bg-loaded\" >\n\n\t\t\t\n\t\t\t\n\t\t\t\n\n\t\t<\/div>\n\n\t\t\n\n\t\t<div class=\"section-content relative\">\n\t\t\t\n<div class=\"row\"  id=\"row-553997661\">\n\n\t<div id=\"col-903463874\" class=\"col small-12 large-12\"  >\n\t\t\t\t<div class=\"col-inner\"  >\n\t\t\t\n\t\t\t\n\t\t<div class=\"title_h2\">\n\t\t\t\t\n<h2>Th\u00f4ng tin tuy\u1ec3n sinh<\/h2>\n\t\t<\/div>\n\t\n\t\t<\/div>\n\t\t\t\t\t<\/div>\n\n\t\n<\/div>\n<div class=\"row slide_xp3\"  id=\"row-1304141237\">\n\n\t<div id=\"col-657984217\" class=\"col medium-4 small-12 large-4\"  >\n\t\t\t\t<div class=\"col-inner\"  >\n\t\t\t\n\t\t\t\n\t<div class=\"box has-hover   has-hover box-text-bottom\" >\n\n\t\t<div class=\"box-image\" >\n\t\t\t\t\t\t<div class=\"\" >\n\t\t\t\t<img loading=\"lazy\" decoding=\"async\" width=\"392\" height=\"268\" src=\"https:\/\/pluginviet.com\/mau59\/wp-content\/uploads\/2024\/05\/Group-185.png\" class=\"attachment-original size-original\" alt=\"\" srcset=\"https:\/\/pluginviet.com\/mau59\/wp-content\/uploads\/2024\/05\/Group-185.png 392w, https:\/\/pluginviet.com\/mau59\/wp-content\/uploads\/2024\/05\/Group-185-300x205.png 300w\" sizes=\"auto, (max-width: 392px) 100vw, 392px\" \/>\t\t\t\t\t\t\t\t\t\t\t<\/div>\n\t\t\t\t\t<\/div>\n\n\t\t<div class=\"box-text text-left\" >\n\t\t\t<div class=\"box-text-inner\">\n\t\t\t\t\n\t<div id=\"text-1672382124\" class=\"text text1\">\n\t\t\n<h4>Th\u00f4ng \u0111i\u1ec7p<br \/>\nt\u1eeb nh\u00e0 tr\u01b0\u1eddng<\/h4>\n\t\t\t<\/div>\n\t\n\t\t<div class=\"text2\">\n\t\t\t\t\n<p>Lorem ipsum dolor sit kygthdamet, consectetur adipiscig\u01b0ryy elit, sed eiusmod tempor incidunt ut labore et dolore magna aliqua. Ut enim &#8230;<\/p>\n<p><svg xmlns=\"http:\/\/www.w3.org\/2000\/svg\" width=\"20\" height=\"10\" viewBox=\"0 0 20 10\" fill=\"none\">\n<path d=\"M15.1748 0.188964C14.8386 -0.0645865 14.2959 -0.0627441 13.9626 0.193079C13.6294 0.448903 13.6318 0.861832 13.968 1.11538L15.9829 2.63478C16.8006 3.25142 17.3615 3.67581 17.741 4.0354C17.8644 4.15226 17.9606 4.25513 18.0353 4.34783L0.857143 4.34783C0.383756 4.34783 0 4.63982 0 5C0 5.36019 0.383756 5.65217 0.857143 5.65217L18.0353 5.65217C17.9606 5.74487 17.8644 5.84774 17.741 5.9646C17.3615 6.32419 16.8006 6.74858 15.9829 7.36522L13.968 8.88462C13.6318 9.13817 13.6294 9.5511 13.9626 9.80692C14.2959 10.0627 14.8386 10.0646 15.1748 9.81104L17.2259 8.26426C17.9985 7.6817 18.6299 7.20557 19.0777 6.78134C19.5433 6.34019 19.8804 5.89241 19.9704 5.35492C19.9901 5.23709 20 5.11854 20 5C20 4.88146 19.9901 4.76291 19.9704 4.64508C19.8804 4.10759 19.5433 3.65981 19.0777 3.21866C18.6299 2.79442 17.9985 2.31829 17.2259 1.73573L15.1748 0.188964Z\" fill=\"#FCB315\"\/>\n<\/svg><br \/>\n\t\t<\/div>\n\t\n\t\t\t<\/div>\n\t\t<\/div>\n\t<\/div>\n\t\n\t\t<\/div>\n\t\t\t\t\t<\/div>\n\n\t\n\n\t<div id=\"col-2001958656\" class=\"col medium-4 small-12 large-4\"  >\n\t\t\t\t<div class=\"col-inner\"  >\n\t\t\t\n\t\t\t\n\t<div class=\"box has-hover   has-hover box-text-bottom\" >\n\n\t\t<div class=\"box-image\" >\n\t\t\t\t\t\t<div class=\"\" >\n\t\t\t\t<img loading=\"lazy\" decoding=\"async\" width=\"392\" height=\"268\" src=\"https:\/\/pluginviet.com\/mau59\/wp-content\/uploads\/2024\/05\/Group-185.png\" class=\"attachment-original size-original\" alt=\"\" srcset=\"https:\/\/pluginviet.com\/mau59\/wp-content\/uploads\/2024\/05\/Group-185.png 392w, https:\/\/pluginviet.com\/mau59\/wp-content\/uploads\/2024\/05\/Group-185-300x205.png 300w\" sizes=\"auto, (max-width: 392px) 100vw, 392px\" \/>\t\t\t\t\t\t\t\t\t\t\t<\/div>\n\t\t\t\t\t<\/div>\n\n\t\t<div class=\"box-text text-left\" >\n\t\t\t<div class=\"box-text-inner\">\n\t\t\t\t\n\t<div id=\"text-3527863258\" class=\"text text1\">\n\t\t\n<h4>Th\u00f4ng \u0111i\u1ec7p<br \/>\nt\u1eeb nh\u00e0 tr\u01b0\u1eddng<\/h4>\n\t\t\t<\/div>\n\t\n\t\t<div class=\"text2\">\n\t\t\t\t\n<p>Lorem ipsum dolor sit kygthdamet, consectetur adipiscig\u01b0ryy elit, sed eiusmod tempor incidunt ut labore et dolore magna aliqua. Ut enim &#8230;<\/p>\n<p><svg xmlns=\"http:\/\/www.w3.org\/2000\/svg\" width=\"20\" height=\"10\" viewBox=\"0 0 20 10\" fill=\"none\">\n<path d=\"M15.1748 0.188964C14.8386 -0.0645865 14.2959 -0.0627441 13.9626 0.193079C13.6294 0.448903 13.6318 0.861832 13.968 1.11538L15.9829 2.63478C16.8006 3.25142 17.3615 3.67581 17.741 4.0354C17.8644 4.15226 17.9606 4.25513 18.0353 4.34783L0.857143 4.34783C0.383756 4.34783 0 4.63982 0 5C0 5.36019 0.383756 5.65217 0.857143 5.65217L18.0353 5.65217C17.9606 5.74487 17.8644 5.84774 17.741 5.9646C17.3615 6.32419 16.8006 6.74858 15.9829 7.36522L13.968 8.88462C13.6318 9.13817 13.6294 9.5511 13.9626 9.80692C14.2959 10.0627 14.8386 10.0646 15.1748 9.81104L17.2259 8.26426C17.9985 7.6817 18.6299 7.20557 19.0777 6.78134C19.5433 6.34019 19.8804 5.89241 19.9704 5.35492C19.9901 5.23709 20 5.11854 20 5C20 4.88146 19.9901 4.76291 19.9704 4.64508C19.8804 4.10759 19.5433 3.65981 19.0777 3.21866C18.6299 2.79442 17.9985 2.31829 17.2259 1.73573L15.1748 0.188964Z\" fill=\"#FCB315\"\/>\n<\/svg><br \/>\n\t\t<\/div>\n\t\n\t\t\t<\/div>\n\t\t<\/div>\n\t<\/div>\n\t\n\t\t<\/div>\n\t\t\t\t\t<\/div>\n\n\t\n\n\t<div id=\"col-1677027343\" class=\"col medium-4 small-12 large-4\"  >\n\t\t\t\t<div class=\"col-inner\"  >\n\t\t\t\n\t\t\t\n\t<div class=\"box has-hover   has-hover box-text-bottom\" >\n\n\t\t<div class=\"box-image\" >\n\t\t\t\t\t\t<div class=\"\" >\n\t\t\t\t<img loading=\"lazy\" decoding=\"async\" width=\"392\" height=\"268\" src=\"https:\/\/pluginviet.com\/mau59\/wp-content\/uploads\/2024\/05\/Group-185.png\" class=\"attachment-original size-original\" alt=\"\" srcset=\"https:\/\/pluginviet.com\/mau59\/wp-content\/uploads\/2024\/05\/Group-185.png 392w, https:\/\/pluginviet.com\/mau59\/wp-content\/uploads\/2024\/05\/Group-185-300x205.png 300w\" sizes=\"auto, (max-width: 392px) 100vw, 392px\" \/>\t\t\t\t\t\t\t\t\t\t\t<\/div>\n\t\t\t\t\t<\/div>\n\n\t\t<div class=\"box-text text-left\" >\n\t\t\t<div class=\"box-text-inner\">\n\t\t\t\t\n\t<div id=\"text-3811256345\" class=\"text text1\">\n\t\t\n<h4>Th\u00f4ng \u0111i\u1ec7p<br \/>\nt\u1eeb nh\u00e0 tr\u01b0\u1eddng<\/h4>\n\t\t\t<\/div>\n\t\n\t\t<div class=\"text2\">\n\t\t\t\t\n<p>Lorem ipsum dolor sit kygthdamet, consectetur adipiscig\u01b0ryy elit, sed eiusmod tempor incidunt ut labore et dolore magna aliqua. Ut enim &#8230;<\/p>\n<p><svg xmlns=\"http:\/\/www.w3.org\/2000\/svg\" width=\"20\" height=\"10\" viewBox=\"0 0 20 10\" fill=\"none\">\n<path d=\"M15.1748 0.188964C14.8386 -0.0645865 14.2959 -0.0627441 13.9626 0.193079C13.6294 0.448903 13.6318 0.861832 13.968 1.11538L15.9829 2.63478C16.8006 3.25142 17.3615 3.67581 17.741 4.0354C17.8644 4.15226 17.9606 4.25513 18.0353 4.34783L0.857143 4.34783C0.383756 4.34783 0 4.63982 0 5C0 5.36019 0.383756 5.65217 0.857143 5.65217L18.0353 5.65217C17.9606 5.74487 17.8644 5.84774 17.741 5.9646C17.3615 6.32419 16.8006 6.74858 15.9829 7.36522L13.968 8.88462C13.6318 9.13817 13.6294 9.5511 13.9626 9.80692C14.2959 10.0627 14.8386 10.0646 15.1748 9.81104L17.2259 8.26426C17.9985 7.6817 18.6299 7.20557 19.0777 6.78134C19.5433 6.34019 19.8804 5.89241 19.9704 5.35492C19.9901 5.23709 20 5.11854 20 5C20 4.88146 19.9901 4.76291 19.9704 4.64508C19.8804 4.10759 19.5433 3.65981 19.0777 3.21866C18.6299 2.79442 17.9985 2.31829 17.2259 1.73573L15.1748 0.188964Z\" fill=\"#FCB315\"\/>\n<\/svg><br \/>\n\t\t<\/div>\n\t\n\t\t\t<\/div>\n\t\t<\/div>\n\t<\/div>\n\t\n\t\t<\/div>\n\t\t\t\t\t<\/div>\n\n\t\n\n\t<div id=\"col-526494204\" class=\"col medium-4 small-12 large-4\"  >\n\t\t\t\t<div class=\"col-inner\"  >\n\t\t\t\n\t\t\t\n\t<div class=\"box has-hover   has-hover box-text-bottom\" >\n\n\t\t<div class=\"box-image\" >\n\t\t\t\t\t\t<div class=\"\" >\n\t\t\t\t<img loading=\"lazy\" decoding=\"async\" width=\"392\" height=\"268\" src=\"https:\/\/pluginviet.com\/mau59\/wp-content\/uploads\/2024\/05\/Group-185.png\" class=\"attachment-original size-original\" alt=\"\" srcset=\"https:\/\/pluginviet.com\/mau59\/wp-content\/uploads\/2024\/05\/Group-185.png 392w, https:\/\/pluginviet.com\/mau59\/wp-content\/uploads\/2024\/05\/Group-185-300x205.png 300w\" sizes=\"auto, (max-width: 392px) 100vw, 392px\" \/>\t\t\t\t\t\t\t\t\t\t\t<\/div>\n\t\t\t\t\t<\/div>\n\n\t\t<div class=\"box-text text-left\" >\n\t\t\t<div class=\"box-text-inner\">\n\t\t\t\t\n\t<div id=\"text-3149589151\" class=\"text text1\">\n\t\t\n<h4>Th\u00f4ng \u0111i\u1ec7p<br \/>\nt\u1eeb nh\u00e0 tr\u01b0\u1eddng<\/h4>\n\t\t\t<\/div>\n\t\n\t\t<div class=\"text2\">\n\t\t\t\t\n<p>Lorem ipsum dolor sit kygthdamet, consectetur adipiscig\u01b0ryy elit, sed eiusmod tempor incidunt ut labore et dolore magna aliqua. Ut enim &#8230;<\/p>\n<p><svg xmlns=\"http:\/\/www.w3.org\/2000\/svg\" width=\"20\" height=\"10\" viewBox=\"0 0 20 10\" fill=\"none\">\n<path d=\"M15.1748 0.188964C14.8386 -0.0645865 14.2959 -0.0627441 13.9626 0.193079C13.6294 0.448903 13.6318 0.861832 13.968 1.11538L15.9829 2.63478C16.8006 3.25142 17.3615 3.67581 17.741 4.0354C17.8644 4.15226 17.9606 4.25513 18.0353 4.34783L0.857143 4.34783C0.383756 4.34783 0 4.63982 0 5C0 5.36019 0.383756 5.65217 0.857143 5.65217L18.0353 5.65217C17.9606 5.74487 17.8644 5.84774 17.741 5.9646C17.3615 6.32419 16.8006 6.74858 15.9829 7.36522L13.968 8.88462C13.6318 9.13817 13.6294 9.5511 13.9626 9.80692C14.2959 10.0627 14.8386 10.0646 15.1748 9.81104L17.2259 8.26426C17.9985 7.6817 18.6299 7.20557 19.0777 6.78134C19.5433 6.34019 19.8804 5.89241 19.9704 5.35492C19.9901 5.23709 20 5.11854 20 5C20 4.88146 19.9901 4.76291 19.9704 4.64508C19.8804 4.10759 19.5433 3.65981 19.0777 3.21866C18.6299 2.79442 17.9985 2.31829 17.2259 1.73573L15.1748 0.188964Z\" fill=\"#FCB315\"\/>\n<\/svg><br \/>\n\t\t<\/div>\n\t\n\t\t\t<\/div>\n\t\t<\/div>\n\t<\/div>\n\t\n\t\t<\/div>\n\t\t\t\t\t<\/div>\n\n\t\n<\/div>\n\t\t<\/div>\n\n\t\t\n<style>\n#section_1820003338 {\n  padding-top: 30px;\n  padding-bottom: 30px;\n}\n<\/style>\n\t<\/section>\n\t\n","protected":false},"excerpt":{"rendered":"","protected":false},"author":1,"featured_media":0,"parent":0,"menu_order":0,"comment_status":"closed","ping_status":"closed","template":"page-blank.php","meta":{"_acf_changed":false,"footnotes":""},"class_list":["post-356","page","type-page","status-publish","hentry"],"acf":[],"yoast_head":"<!-- This site is optimized with the Yoast SEO plugin v22.8 - https:\/\/yoast.com\/wordpress\/plugins\/seo\/ -->\n<title>Tuy\u00ea\u0309n sinh - Mini Minds Preschool<\/title>\n<meta name=\"robots\" content=\"index, follow, max-snippet:-1, max-image-preview:large, max-video-preview:-1\" \/>\n<link rel=\"canonical\" href=\"https:\/\/pluginviet.com\/mau59\/tuyen-sinh\/\" \/>\n<meta property=\"og:locale\" content=\"vi_VN\" \/>\n<meta property=\"og:type\" content=\"article\" \/>\n<meta property=\"og:title\" content=\"Tuy\u00ea\u0309n sinh - Mini Minds Preschool\" \/>\n<meta property=\"og:url\" content=\"https:\/\/pluginviet.com\/mau59\/tuyen-sinh\/\" \/>\n<meta property=\"og:site_name\" content=\"Mini Minds Preschool\" \/>\n<meta property=\"article:modified_time\" content=\"2024-05-28T09:44:20+00:00\" \/>\n<meta name=\"twitter:card\" content=\"summary_large_image\" \/>\n<script type=\"application\/ld+json\" class=\"yoast-schema-graph\">{\"@context\":\"https:\/\/schema.org\",\"@graph\":[{\"@type\":\"WebPage\",\"@id\":\"https:\/\/pluginviet.com\/mau59\/tuyen-sinh\/\",\"url\":\"https:\/\/pluginviet.com\/mau59\/tuyen-sinh\/\",\"name\":\"Tuy\u00ea\u0309n sinh - Mini Minds Preschool\",\"isPartOf\":{\"@id\":\"https:\/\/pluginviet.com\/mau59\/#website\"},\"datePublished\":\"2024-05-28T09:08:33+00:00\",\"dateModified\":\"2024-05-28T09:44:20+00:00\",\"breadcrumb\":{\"@id\":\"https:\/\/pluginviet.com\/mau59\/tuyen-sinh\/#breadcrumb\"},\"inLanguage\":\"vi\",\"potentialAction\":[{\"@type\":\"ReadAction\",\"target\":[\"https:\/\/pluginviet.com\/mau59\/tuyen-sinh\/\"]}]},{\"@type\":\"BreadcrumbList\",\"@id\":\"https:\/\/pluginviet.com\/mau59\/tuyen-sinh\/#breadcrumb\",\"itemListElement\":[{\"@type\":\"ListItem\",\"position\":1,\"name\":\"Trang ch\u1ee7\",\"item\":\"https:\/\/pluginviet.com\/mau59\/\"},{\"@type\":\"ListItem\",\"position\":2,\"name\":\"Tuy\u00ea\u0309n sinh\"}]},{\"@type\":\"WebSite\",\"@id\":\"https:\/\/pluginviet.com\/mau59\/#website\",\"url\":\"https:\/\/pluginviet.com\/mau59\/\",\"name\":\"Mini Minds Preschool\",\"description\":\"\",\"potentialAction\":[{\"@type\":\"SearchAction\",\"target\":{\"@type\":\"EntryPoint\",\"urlTemplate\":\"https:\/\/pluginviet.com\/mau59\/?s={search_term_string}\"},\"query-input\":\"required name=search_term_string\"}],\"inLanguage\":\"vi\"}]}<\/script>\n<!-- \/ Yoast SEO plugin. -->","yoast_head_json":{"title":"Tuy\u00ea\u0309n sinh - Mini Minds Preschool","robots":{"index":"index","follow":"follow","max-snippet":"max-snippet:-1","max-image-preview":"max-image-preview:large","max-video-preview":"max-video-preview:-1"},"canonical":"https:\/\/pluginviet.com\/mau59\/tuyen-sinh\/","og_locale":"vi_VN","og_type":"article","og_title":"Tuy\u00ea\u0309n sinh - Mini Minds Preschool","og_url":"https:\/\/pluginviet.com\/mau59\/tuyen-sinh\/","og_site_name":"Mini Minds Preschool","article_modified_time":"2024-05-28T09:44:20+00:00","twitter_card":"summary_large_image","schema":{"@context":"https:\/\/schema.org","@graph":[{"@type":"WebPage","@id":"https:\/\/pluginviet.com\/mau59\/tuyen-sinh\/","url":"https:\/\/pluginviet.com\/mau59\/tuyen-sinh\/","name":"Tuy\u00ea\u0309n sinh - Mini Minds Preschool","isPartOf":{"@id":"https:\/\/pluginviet.com\/mau59\/#website"},"datePublished":"2024-05-28T09:08:33+00:00","dateModified":"2024-05-28T09:44:20+00:00","breadcrumb":{"@id":"https:\/\/pluginviet.com\/mau59\/tuyen-sinh\/#breadcrumb"},"inLanguage":"vi","potentialAction":[{"@type":"ReadAction","target":["https:\/\/pluginviet.com\/mau59\/tuyen-sinh\/"]}]},{"@type":"BreadcrumbList","@id":"https:\/\/pluginviet.com\/mau59\/tuyen-sinh\/#breadcrumb","itemListElement":[{"@type":"ListItem","position":1,"name":"Trang ch\u1ee7","item":"https:\/\/pluginviet.com\/mau59\/"},{"@type":"ListItem","position":2,"name":"Tuy\u00ea\u0309n sinh"}]},{"@type":"WebSite","@id":"https:\/\/pluginviet.com\/mau59\/#website","url":"https:\/\/pluginviet.com\/mau59\/","name":"Mini Minds Preschool","description":"","potentialAction":[{"@type":"SearchAction","target":{"@type":"EntryPoint","urlTemplate":"https:\/\/pluginviet.com\/mau59\/?s={search_term_string}"},"query-input":"required name=search_term_string"}],"inLanguage":"vi"}]}},"_links":{"self":[{"href":"https:\/\/pluginviet.com\/mau59\/wp-json\/wp\/v2\/pages\/356","targetHints":{"allow":["GET"]}}],"collection":[{"href":"https:\/\/pluginviet.com\/mau59\/wp-json\/wp\/v2\/pages"}],"about":[{"href":"https:\/\/pluginviet.com\/mau59\/wp-json\/wp\/v2\/types\/page"}],"author":[{"embeddable":true,"href":"https:\/\/pluginviet.com\/mau59\/wp-json\/wp\/v2\/users\/1"}],"replies":[{"embeddable":true,"href":"https:\/\/pluginviet.com\/mau59\/wp-json\/wp\/v2\/comments?post=356"}],"version-history":[{"count":19,"href":"https:\/\/pluginviet.com\/mau59\/wp-json\/wp\/v2\/pages\/356\/revisions"}],"predecessor-version":[{"id":382,"href":"https:\/\/pluginviet.com\/mau59\/wp-json\/wp\/v2\/pages\/356\/revisions\/382"}],"wp:attachment":[{"href":"https:\/\/pluginviet.com\/mau59\/wp-json\/wp\/v2\/media?parent=356"}],"curies":[{"name":"wp","href":"https:\/\/api.w.org\/{rel}","templated":true}]}}