{"id":327,"date":"2024-05-28T07:48:59","date_gmt":"2024-05-28T07:48:59","guid":{"rendered":"https:\/\/depthoitrang.com\/Minds\/?page_id=327"},"modified":"2024-05-28T08:37:03","modified_gmt":"2024-05-28T08:37:03","slug":"goc-tu-van","status":"publish","type":"page","link":"https:\/\/pluginviet.com\/mau59\/goc-tu-van\/","title":{"rendered":"Go\u0301c t\u01b0 v\u00e2\u0301n"},"content":{"rendered":"\t<section class=\"section goc_tv_01\" id=\"section_1079181657\">\n\t\t<div class=\"bg section-bg fill bg-fill  bg-loaded\" >\n\n\t\t\t\n\t\t\t\n\t\t\t\n\n\t\t<\/div>\n\n\t\t\n\n\t\t<div class=\"section-content relative\">\n\t\t\t\n<div class=\"row\"  id=\"row-270844383\">\n\n\t<div id=\"col-98851896\" class=\"col small-12 large-12\"  >\n\t\t\t\t<div class=\"col-inner\"  >\n\t\t\t\n\t\t\t\n\t\t<div class=\"title_h2\">\n\t\t\t\t\n<h2>Feedback ph\u1ee5 huynh h\u1ecdc sinh<\/h2>\n\t\t<\/div>\n\t\n\t<div class=\"img has-hover x md-x lg-x y md-y lg-y\" id=\"image_2053143942\">\n\t\t\t\t\t\t\t\t<div class=\"img-inner dark\" >\n\t\t\t<img loading=\"lazy\" decoding=\"async\" width=\"1224\" height=\"514\" src=\"https:\/\/pluginviet.com\/mau59\/wp-content\/uploads\/2024\/05\/tv01.png\" class=\"attachment-original size-original\" alt=\"\" srcset=\"https:\/\/pluginviet.com\/mau59\/wp-content\/uploads\/2024\/05\/tv01.png 1224w, https:\/\/pluginviet.com\/mau59\/wp-content\/uploads\/2024\/05\/tv01-300x126.png 300w, https:\/\/pluginviet.com\/mau59\/wp-content\/uploads\/2024\/05\/tv01-1024x430.png 1024w, https:\/\/pluginviet.com\/mau59\/wp-content\/uploads\/2024\/05\/tv01-768x323.png 768w\" sizes=\"auto, (max-width: 1224px) 100vw, 1224px\" \/>\t\t\t\t\t\t\n\t\t\t\t\t<\/div>\n\t\t\t\t\t\t\t\t\n<style>\n#image_2053143942 {\n  width: 100%;\n}\n<\/style>\n\t<\/div>\n\t\n\t\t<\/div>\n\t\t\t\t\t<\/div>\n\n\t\n<\/div>\n\t\t<\/div>\n\n\t\t\n<style>\n#section_1079181657 {\n  padding-top: 30px;\n  padding-bottom: 30px;\n}\n<\/style>\n\t<\/section>\n\t\n\t<section class=\"section goc_tv_02\" id=\"section_1972187410\">\n\t\t<div class=\"bg section-bg fill bg-fill  bg-loaded\" >\n\n\t\t\t\n\t\t\t\n\t\t\t\n\n\t\t<\/div>\n\n\t\t\n\n\t\t<div class=\"section-content relative\">\n\t\t\t\n<div class=\"row slide_xp3\"  id=\"row-389538562\">\n\n\t<div id=\"col-195961746\" class=\"col medium-4 small-12 large-4\"  >\n\t\t\t\t<div class=\"col-inner\"  >\n\t\t\t\n\t\t\t\n\t<div class=\"box has-hover   has-hover box-text-bottom\" >\n\n\t\t<div class=\"box-image\" >\n\t\t\t\t\t\t<div class=\"\" >\n\t\t\t\t<img loading=\"lazy\" decoding=\"async\" width=\"392\" height=\"268\" src=\"https:\/\/pluginviet.com\/mau59\/wp-content\/uploads\/2024\/05\/Group-185.png\" class=\"attachment-original size-original\" alt=\"\" srcset=\"https:\/\/pluginviet.com\/mau59\/wp-content\/uploads\/2024\/05\/Group-185.png 392w, https:\/\/pluginviet.com\/mau59\/wp-content\/uploads\/2024\/05\/Group-185-300x205.png 300w\" sizes=\"auto, (max-width: 392px) 100vw, 392px\" \/>\t\t\t\t\t\t\t\t\t\t\t<\/div>\n\t\t\t\t\t<\/div>\n\n\t\t<div class=\"box-text text-left\" >\n\t\t\t<div class=\"box-text-inner\">\n\t\t\t\t\n\t<div id=\"text-2365560560\" class=\"text text1\">\n\t\t\n<p>Ph\u1ee5 huynh b\u00e9<\/p>\n<h4>\u0110\u1eb7ng Th\u1ecb Mai H\u01b0\u01a1ng<\/h4>\n\t\t\t<\/div>\n\t\n\t\t<div class=\"text2\">\n\t\t\t\t\n<p>Lorem ipsum dolor sit kygthdamet, consectetur adipiscig\u01b0ryy elit, sed eiusmod tempor incidunt ut labore et dolore magna aliqua. Ut enim &#8230;<\/p>\n<p><svg xmlns=\"http:\/\/www.w3.org\/2000\/svg\" width=\"20\" height=\"10\" viewBox=\"0 0 20 10\" fill=\"none\">\n<path d=\"M15.1748 0.188964C14.8386 -0.0645865 14.2959 -0.0627441 13.9626 0.193079C13.6294 0.448903 13.6318 0.861832 13.968 1.11538L15.9829 2.63478C16.8006 3.25142 17.3615 3.67581 17.741 4.0354C17.8644 4.15226 17.9606 4.25513 18.0353 4.34783L0.857143 4.34783C0.383756 4.34783 0 4.63982 0 5C0 5.36019 0.383756 5.65217 0.857143 5.65217L18.0353 5.65217C17.9606 5.74487 17.8644 5.84774 17.741 5.9646C17.3615 6.32419 16.8006 6.74858 15.9829 7.36522L13.968 8.88462C13.6318 9.13817 13.6294 9.5511 13.9626 9.80692C14.2959 10.0627 14.8386 10.0646 15.1748 9.81104L17.2259 8.26426C17.9985 7.6817 18.6299 7.20557 19.0777 6.78134C19.5433 6.34019 19.8804 5.89241 19.9704 5.35492C19.9901 5.23709 20 5.11854 20 5C20 4.88146 19.9901 4.76291 19.9704 4.64508C19.8804 4.10759 19.5433 3.65981 19.0777 3.21866C18.6299 2.79442 17.9985 2.31829 17.2259 1.73573L15.1748 0.188964Z\" fill=\"#FCB315\"\/>\n<\/svg><br \/>\n\t\t<\/div>\n\t\n\t\t\t<\/div>\n\t\t<\/div>\n\t<\/div>\n\t\n\t\t<\/div>\n\t\t\t\t\t<\/div>\n\n\t\n\n\t<div id=\"col-1624024407\" class=\"col medium-4 small-12 large-4\"  >\n\t\t\t\t<div class=\"col-inner\"  >\n\t\t\t\n\t\t\t\n\t<div class=\"box has-hover   has-hover box-text-bottom\" >\n\n\t\t<div class=\"box-image\" >\n\t\t\t\t\t\t<div class=\"\" >\n\t\t\t\t<img loading=\"lazy\" decoding=\"async\" width=\"392\" height=\"268\" src=\"https:\/\/pluginviet.com\/mau59\/wp-content\/uploads\/2024\/05\/Group-185.png\" class=\"attachment-original size-original\" alt=\"\" srcset=\"https:\/\/pluginviet.com\/mau59\/wp-content\/uploads\/2024\/05\/Group-185.png 392w, https:\/\/pluginviet.com\/mau59\/wp-content\/uploads\/2024\/05\/Group-185-300x205.png 300w\" sizes=\"auto, (max-width: 392px) 100vw, 392px\" \/>\t\t\t\t\t\t\t\t\t\t\t<\/div>\n\t\t\t\t\t<\/div>\n\n\t\t<div class=\"box-text text-left\" >\n\t\t\t<div class=\"box-text-inner\">\n\t\t\t\t\n\t<div id=\"text-3165313105\" class=\"text text1\">\n\t\t\n<p>Ph\u1ee5 huynh b\u00e9<\/p>\n<h4>\u0110\u1eb7ng Th\u1ecb Mai H\u01b0\u01a1ng<\/h4>\n\t\t\t<\/div>\n\t\n\t\t<div class=\"text2\">\n\t\t\t\t\n<p>Lorem ipsum dolor sit kygthdamet, consectetur adipiscig\u01b0ryy elit, sed eiusmod tempor incidunt ut labore et dolore magna aliqua. Ut enim &#8230;<\/p>\n<p><svg xmlns=\"http:\/\/www.w3.org\/2000\/svg\" width=\"20\" height=\"10\" viewBox=\"0 0 20 10\" fill=\"none\">\n<path d=\"M15.1748 0.188964C14.8386 -0.0645865 14.2959 -0.0627441 13.9626 0.193079C13.6294 0.448903 13.6318 0.861832 13.968 1.11538L15.9829 2.63478C16.8006 3.25142 17.3615 3.67581 17.741 4.0354C17.8644 4.15226 17.9606 4.25513 18.0353 4.34783L0.857143 4.34783C0.383756 4.34783 0 4.63982 0 5C0 5.36019 0.383756 5.65217 0.857143 5.65217L18.0353 5.65217C17.9606 5.74487 17.8644 5.84774 17.741 5.9646C17.3615 6.32419 16.8006 6.74858 15.9829 7.36522L13.968 8.88462C13.6318 9.13817 13.6294 9.5511 13.9626 9.80692C14.2959 10.0627 14.8386 10.0646 15.1748 9.81104L17.2259 8.26426C17.9985 7.6817 18.6299 7.20557 19.0777 6.78134C19.5433 6.34019 19.8804 5.89241 19.9704 5.35492C19.9901 5.23709 20 5.11854 20 5C20 4.88146 19.9901 4.76291 19.9704 4.64508C19.8804 4.10759 19.5433 3.65981 19.0777 3.21866C18.6299 2.79442 17.9985 2.31829 17.2259 1.73573L15.1748 0.188964Z\" fill=\"#FCB315\"\/>\n<\/svg><br \/>\n\t\t<\/div>\n\t\n\t\t\t<\/div>\n\t\t<\/div>\n\t<\/div>\n\t\n\t\t<\/div>\n\t\t\t\t\t<\/div>\n\n\t\n\n\t<div id=\"col-197687527\" class=\"col medium-4 small-12 large-4\"  >\n\t\t\t\t<div class=\"col-inner\"  >\n\t\t\t\n\t\t\t\n\t<div class=\"box has-hover   has-hover box-text-bottom\" >\n\n\t\t<div class=\"box-image\" >\n\t\t\t\t\t\t<div class=\"\" >\n\t\t\t\t<img loading=\"lazy\" decoding=\"async\" width=\"392\" height=\"268\" src=\"https:\/\/pluginviet.com\/mau59\/wp-content\/uploads\/2024\/05\/Group-185.png\" class=\"attachment-original size-original\" alt=\"\" srcset=\"https:\/\/pluginviet.com\/mau59\/wp-content\/uploads\/2024\/05\/Group-185.png 392w, https:\/\/pluginviet.com\/mau59\/wp-content\/uploads\/2024\/05\/Group-185-300x205.png 300w\" sizes=\"auto, (max-width: 392px) 100vw, 392px\" \/>\t\t\t\t\t\t\t\t\t\t\t<\/div>\n\t\t\t\t\t<\/div>\n\n\t\t<div class=\"box-text text-left\" >\n\t\t\t<div class=\"box-text-inner\">\n\t\t\t\t\n\t<div id=\"text-1848903743\" class=\"text text1\">\n\t\t\n<p>Ph\u1ee5 huynh b\u00e9<\/p>\n<h4>\u0110\u1eb7ng Th\u1ecb Mai H\u01b0\u01a1ng<\/h4>\n\t\t\t<\/div>\n\t\n\t\t<div class=\"text2\">\n\t\t\t\t\n<p>Lorem ipsum dolor sit kygthdamet, consectetur adipiscig\u01b0ryy elit, sed eiusmod tempor incidunt ut labore et dolore magna aliqua. Ut enim &#8230;<\/p>\n<p><svg xmlns=\"http:\/\/www.w3.org\/2000\/svg\" width=\"20\" height=\"10\" viewBox=\"0 0 20 10\" fill=\"none\">\n<path d=\"M15.1748 0.188964C14.8386 -0.0645865 14.2959 -0.0627441 13.9626 0.193079C13.6294 0.448903 13.6318 0.861832 13.968 1.11538L15.9829 2.63478C16.8006 3.25142 17.3615 3.67581 17.741 4.0354C17.8644 4.15226 17.9606 4.25513 18.0353 4.34783L0.857143 4.34783C0.383756 4.34783 0 4.63982 0 5C0 5.36019 0.383756 5.65217 0.857143 5.65217L18.0353 5.65217C17.9606 5.74487 17.8644 5.84774 17.741 5.9646C17.3615 6.32419 16.8006 6.74858 15.9829 7.36522L13.968 8.88462C13.6318 9.13817 13.6294 9.5511 13.9626 9.80692C14.2959 10.0627 14.8386 10.0646 15.1748 9.81104L17.2259 8.26426C17.9985 7.6817 18.6299 7.20557 19.0777 6.78134C19.5433 6.34019 19.8804 5.89241 19.9704 5.35492C19.9901 5.23709 20 5.11854 20 5C20 4.88146 19.9901 4.76291 19.9704 4.64508C19.8804 4.10759 19.5433 3.65981 19.0777 3.21866C18.6299 2.79442 17.9985 2.31829 17.2259 1.73573L15.1748 0.188964Z\" fill=\"#FCB315\"\/>\n<\/svg><br \/>\n\t\t<\/div>\n\t\n\t\t\t<\/div>\n\t\t<\/div>\n\t<\/div>\n\t\n\t\t<\/div>\n\t\t\t\t\t<\/div>\n\n\t\n\n\t<div id=\"col-1442659679\" class=\"col medium-4 small-12 large-4\"  >\n\t\t\t\t<div class=\"col-inner\"  >\n\t\t\t\n\t\t\t\n\t<div class=\"box has-hover   has-hover box-text-bottom\" >\n\n\t\t<div class=\"box-image\" >\n\t\t\t\t\t\t<div class=\"\" >\n\t\t\t\t<img loading=\"lazy\" decoding=\"async\" width=\"392\" height=\"268\" src=\"https:\/\/pluginviet.com\/mau59\/wp-content\/uploads\/2024\/05\/Group-185.png\" class=\"attachment-original size-original\" alt=\"\" srcset=\"https:\/\/pluginviet.com\/mau59\/wp-content\/uploads\/2024\/05\/Group-185.png 392w, https:\/\/pluginviet.com\/mau59\/wp-content\/uploads\/2024\/05\/Group-185-300x205.png 300w\" sizes=\"auto, (max-width: 392px) 100vw, 392px\" \/>\t\t\t\t\t\t\t\t\t\t\t<\/div>\n\t\t\t\t\t<\/div>\n\n\t\t<div class=\"box-text text-left\" >\n\t\t\t<div class=\"box-text-inner\">\n\t\t\t\t\n\t<div id=\"text-579942110\" class=\"text text1\">\n\t\t\n<p>Ph\u1ee5 huynh b\u00e9<\/p>\n<h4>\u0110\u1eb7ng Th\u1ecb Mai H\u01b0\u01a1ng<\/h4>\n\t\t\t<\/div>\n\t\n\t\t<div class=\"text2\">\n\t\t\t\t\n<p>Lorem ipsum dolor sit kygthdamet, consectetur adipiscig\u01b0ryy elit, sed eiusmod tempor incidunt ut labore et dolore magna aliqua. Ut enim &#8230;<\/p>\n<p><svg xmlns=\"http:\/\/www.w3.org\/2000\/svg\" width=\"20\" height=\"10\" viewBox=\"0 0 20 10\" fill=\"none\">\n<path d=\"M15.1748 0.188964C14.8386 -0.0645865 14.2959 -0.0627441 13.9626 0.193079C13.6294 0.448903 13.6318 0.861832 13.968 1.11538L15.9829 2.63478C16.8006 3.25142 17.3615 3.67581 17.741 4.0354C17.8644 4.15226 17.9606 4.25513 18.0353 4.34783L0.857143 4.34783C0.383756 4.34783 0 4.63982 0 5C0 5.36019 0.383756 5.65217 0.857143 5.65217L18.0353 5.65217C17.9606 5.74487 17.8644 5.84774 17.741 5.9646C17.3615 6.32419 16.8006 6.74858 15.9829 7.36522L13.968 8.88462C13.6318 9.13817 13.6294 9.5511 13.9626 9.80692C14.2959 10.0627 14.8386 10.0646 15.1748 9.81104L17.2259 8.26426C17.9985 7.6817 18.6299 7.20557 19.0777 6.78134C19.5433 6.34019 19.8804 5.89241 19.9704 5.35492C19.9901 5.23709 20 5.11854 20 5C20 4.88146 19.9901 4.76291 19.9704 4.64508C19.8804 4.10759 19.5433 3.65981 19.0777 3.21866C18.6299 2.79442 17.9985 2.31829 17.2259 1.73573L15.1748 0.188964Z\" fill=\"#FCB315\"\/>\n<\/svg><br \/>\n\t\t<\/div>\n\t\n\t\t\t<\/div>\n\t\t<\/div>\n\t<\/div>\n\t\n\t\t<\/div>\n\t\t\t\t\t<\/div>\n\n\t\n<\/div>\n\t\t<\/div>\n\n\t\t\n<style>\n#section_1972187410 {\n  padding-top: 30px;\n  padding-bottom: 30px;\n}\n<\/style>\n\t<\/section>\n\t\n\t<section class=\"section goc_tv_03\" id=\"section_2003070956\">\n\t\t<div class=\"bg section-bg fill bg-fill  bg-loaded\" >\n\n\t\t\t\n\t\t\t\n\t\t\t\n\n\t\t<\/div>\n\n\t\t\n\n\t\t<div class=\"section-content relative\">\n\t\t\t\n<div class=\"row align-bottom\"  id=\"row-377721139\">\n\n\t<div id=\"col-1135902622\" class=\"col left medium-6 small-12 large-6\"  >\n\t\t\t\t<div class=\"col-inner\"  >\n\t\t\t\n\t\t\t\n<h2>\u0110\u0103ng k\u00fd t\u01b0 v\u1ea5n<\/h2>\n<p>Chuy\u00ean vi\u00ean t\u01b0 v\u1ea5n gi\u00e1o d\u1ee5c c\u01a1 s\u1edf g\u1ea7n nh\u1ea5t s\u1ebd li\u00ean h\u1ec7 v\u1edbi qu\u00fd ph\u1ee5 huynh \u0111\u1ec3 h\u1ed7 tr\u1ee3 th\u00f4ng tin chi ti\u1ebft trong v\u00f2ng 24h sau qu\u00fd ph\u1ee5 huynh \u0111i\u1ec1n th\u00f4ng tin \u0111\u0103ng k\u00ed v\u00e0o form b\u00ean c\u1ea1nh \u1ea1!<\/p>\n\t<div class=\"img has-hover x md-x lg-x y md-y lg-y\" id=\"image_871274681\">\n\t\t\t\t\t\t\t\t<div class=\"img-inner dark\" >\n\t\t\t<img loading=\"lazy\" decoding=\"async\" width=\"811\" height=\"581\" src=\"https:\/\/pluginviet.com\/mau59\/wp-content\/uploads\/2024\/05\/d65f7b89-0c3f-4005-a349-9d3ffe9f812b-1.png\" class=\"attachment-original size-original\" alt=\"\" srcset=\"https:\/\/pluginviet.com\/mau59\/wp-content\/uploads\/2024\/05\/d65f7b89-0c3f-4005-a349-9d3ffe9f812b-1.png 811w, https:\/\/pluginviet.com\/mau59\/wp-content\/uploads\/2024\/05\/d65f7b89-0c3f-4005-a349-9d3ffe9f812b-1-300x215.png 300w, https:\/\/pluginviet.com\/mau59\/wp-content\/uploads\/2024\/05\/d65f7b89-0c3f-4005-a349-9d3ffe9f812b-1-768x550.png 768w\" sizes=\"auto, (max-width: 811px) 100vw, 811px\" \/>\t\t\t\t\t\t\n\t\t\t\t\t<\/div>\n\t\t\t\t\t\t\t\t\n<style>\n#image_871274681 {\n  width: 100%;\n}\n<\/style>\n\t<\/div>\n\t\n\t\t<\/div>\n\t\t\t\t\t<\/div>\n\n\t\n\n\t<div id=\"col-516492820\" class=\"col right medium-6 small-12 large-6\"  >\n\t\t\t\t<div class=\"col-inner\"  >\n\t\t\t\n\t\t\t\n\n<div class=\"wpcf7 no-js\" id=\"wpcf7-f353-o1\" lang=\"vi\" dir=\"ltr\">\n<div class=\"screen-reader-response\"><p role=\"status\" aria-live=\"polite\" aria-atomic=\"true\"><\/p> <ul><\/ul><\/div>\n<form action=\"\/mau59\/wp-json\/wp\/v2\/pages\/327#wpcf7-f353-o1\" method=\"post\" class=\"wpcf7-form init\" aria-label=\"Form li\u00ean h\u1ec7\" novalidate=\"novalidate\" data-status=\"init\">\n<div style=\"display: none;\">\n<input type=\"hidden\" name=\"_wpcf7\" value=\"353\" \/>\n<input type=\"hidden\" name=\"_wpcf7_version\" value=\"5.9.5\" \/>\n<input type=\"hidden\" name=\"_wpcf7_locale\" value=\"vi\" \/>\n<input type=\"hidden\" name=\"_wpcf7_unit_tag\" value=\"wpcf7-f353-o1\" \/>\n<input type=\"hidden\" name=\"_wpcf7_container_post\" value=\"0\" \/>\n<input type=\"hidden\" name=\"_wpcf7_posted_data_hash\" value=\"\" \/>\n<\/div>\n<h2>\u0110\u0103ng k\u00fd t\u01b0 v\u1ea5n\n<\/h2>\n<p><label>H\u1ecd v\u00e0 t\u00ean ph\u1ee5 huynh<\/label><br \/>\n<span class=\"wpcf7-form-control-wrap\" data-name=\"text-725\"><input size=\"40\" class=\"wpcf7-form-control wpcf7-text wpcf7-validates-as-required\" aria-required=\"true\" aria-invalid=\"false\" placeholder=\"H\u1ecd v\u00e0 t\u00ean ph\u1ee5 huynh...\" value=\"\" type=\"text\" name=\"text-725\" \/><\/span>\n<\/p>\n<div class=\"col2\">\n\t<div>\n\t\t<p><label>S\u1ed1 \u0111i\u1ec7n tho\u1ea1i (Zalo)<\/label><br \/>\n<span class=\"wpcf7-form-control-wrap\" data-name=\"tel-807\"><input size=\"40\" class=\"wpcf7-form-control wpcf7-tel wpcf7-validates-as-required wpcf7-text wpcf7-validates-as-tel\" aria-required=\"true\" aria-invalid=\"false\" placeholder=\"S\u1ed1 \u0111i\u1ec7n tho\u1ea1i (Zalo)...\" value=\"\" type=\"tel\" name=\"tel-807\" \/><\/span>\n\t\t<\/p>\n\t<\/div>\n\t<div>\n\t\t<p><label>Email ph\u1ee5 huynh<\/label><br \/>\n<span class=\"wpcf7-form-control-wrap\" data-name=\"email-934\"><input size=\"40\" class=\"wpcf7-form-control wpcf7-email wpcf7-validates-as-required wpcf7-text wpcf7-validates-as-email\" aria-required=\"true\" aria-invalid=\"false\" placeholder=\"Email ph\u1ee5 huynh...\" value=\"\" type=\"email\" name=\"email-934\" \/><\/span>\n\t\t<\/p>\n\t<\/div>\n<\/div>\n<p><label>H\u1ecd v\u00e0 t\u00ean b\u00e9<\/label><br \/>\n<span class=\"wpcf7-form-control-wrap\" data-name=\"text-726\"><input size=\"40\" class=\"wpcf7-form-control wpcf7-text wpcf7-validates-as-required\" aria-required=\"true\" aria-invalid=\"false\" placeholder=\"H\u1ecd v\u00e0 t\u00ean b\u00e9...\" value=\"\" type=\"text\" name=\"text-726\" \/><\/span><br \/>\n<label>Tu\u1ed5i c\u1ee7a b\u00e9<\/label><br \/>\n<span class=\"wpcf7-form-control-wrap\" data-name=\"number-669\"><input class=\"wpcf7-form-control wpcf7-number wpcf7-validates-as-required wpcf7-validates-as-number\" aria-required=\"true\" aria-invalid=\"false\" placeholder=\"Tu\u1ed5i c\u1ee7a b\u00e9...\" value=\"\" type=\"number\" name=\"number-669\" \/><\/span><br \/>\n<label>Qu\u1ed1c t\u1ecbch c\u1ee7a b\u00e9<\/label><br \/>\n<span class=\"wpcf7-form-control-wrap\" data-name=\"text-727\"><input size=\"40\" class=\"wpcf7-form-control wpcf7-text\" aria-invalid=\"false\" placeholder=\"Qu\u1ed1c t\u1ecbch c\u1ee7a b\u00e9...\" value=\"\" type=\"text\" name=\"text-727\" \/><\/span><br \/>\n<label>\u0110\u1ecba ch\u1ec9 c\u1ee7a gia \u0111\u00ecnh<\/label><br \/>\n<span class=\"wpcf7-form-control-wrap\" data-name=\"text-728\"><input size=\"40\" class=\"wpcf7-form-control wpcf7-text\" aria-invalid=\"false\" placeholder=\"\u0110\u1ecba ch\u1ec9 c\u1ee7a gia \u0111\u00ecnh...\" value=\"\" type=\"text\" name=\"text-728\" \/><\/span><br \/>\n<label>Ng\u00e0y nh\u1eadp h\u1ecdc d\u1ef1 ki\u1ebfn<\/label><br \/>\n<span class=\"wpcf7-form-control-wrap\" data-name=\"date-958\"><input class=\"wpcf7-form-control wpcf7-date wpcf7-validates-as-date\" aria-invalid=\"false\" value=\"\" type=\"date\" name=\"date-958\" \/><\/span><br \/>\n<input class=\"wpcf7-form-control wpcf7-submit has-spinner\" type=\"submit\" value=\"G\u1eecI NGAY\" \/>\n<\/p><div class=\"wpcf7-response-output\" aria-hidden=\"true\"><\/div>\n<\/form>\n<\/div>\n\n\t\t<\/div>\n\t\t\t\t\t<\/div>\n\n\t\n<\/div>\n\t\t<\/div>\n\n\t\t\n<style>\n#section_2003070956 {\n  padding-top: 30px;\n  padding-bottom: 30px;\n}\n<\/style>\n\t<\/section>\n\t\n","protected":false},"excerpt":{"rendered":"","protected":false},"author":1,"featured_media":0,"parent":0,"menu_order":0,"comment_status":"closed","ping_status":"closed","template":"page-blank.php","meta":{"_acf_changed":false,"footnotes":""},"class_list":["post-327","page","type-page","status-publish","hentry"],"acf":[],"yoast_head":"<!-- This site is optimized with the Yoast SEO plugin v22.8 - https:\/\/yoast.com\/wordpress\/plugins\/seo\/ -->\n<title>Go\u0301c t\u01b0 v\u00e2\u0301n - Mini Minds Preschool<\/title>\n<meta name=\"robots\" content=\"index, follow, max-snippet:-1, max-image-preview:large, max-video-preview:-1\" \/>\n<link rel=\"canonical\" href=\"https:\/\/pluginviet.com\/mau59\/goc-tu-van\/\" \/>\n<meta property=\"og:locale\" content=\"vi_VN\" \/>\n<meta property=\"og:type\" content=\"article\" \/>\n<meta property=\"og:title\" content=\"Go\u0301c t\u01b0 v\u00e2\u0301n - Mini Minds Preschool\" \/>\n<meta property=\"og:url\" content=\"https:\/\/pluginviet.com\/mau59\/goc-tu-van\/\" \/>\n<meta property=\"og:site_name\" content=\"Mini Minds Preschool\" \/>\n<meta property=\"article:modified_time\" content=\"2024-05-28T08:37:03+00:00\" \/>\n<meta name=\"twitter:card\" content=\"summary_large_image\" \/>\n<script type=\"application\/ld+json\" class=\"yoast-schema-graph\">{\"@context\":\"https:\/\/schema.org\",\"@graph\":[{\"@type\":\"WebPage\",\"@id\":\"https:\/\/pluginviet.com\/mau59\/goc-tu-van\/\",\"url\":\"https:\/\/pluginviet.com\/mau59\/goc-tu-van\/\",\"name\":\"Go\u0301c t\u01b0 v\u00e2\u0301n - Mini Minds Preschool\",\"isPartOf\":{\"@id\":\"https:\/\/pluginviet.com\/mau59\/#website\"},\"datePublished\":\"2024-05-28T07:48:59+00:00\",\"dateModified\":\"2024-05-28T08:37:03+00:00\",\"breadcrumb\":{\"@id\":\"https:\/\/pluginviet.com\/mau59\/goc-tu-van\/#breadcrumb\"},\"inLanguage\":\"vi\",\"potentialAction\":[{\"@type\":\"ReadAction\",\"target\":[\"https:\/\/pluginviet.com\/mau59\/goc-tu-van\/\"]}]},{\"@type\":\"BreadcrumbList\",\"@id\":\"https:\/\/pluginviet.com\/mau59\/goc-tu-van\/#breadcrumb\",\"itemListElement\":[{\"@type\":\"ListItem\",\"position\":1,\"name\":\"Trang ch\u1ee7\",\"item\":\"https:\/\/pluginviet.com\/mau59\/\"},{\"@type\":\"ListItem\",\"position\":2,\"name\":\"Go\u0301c t\u01b0 v\u00e2\u0301n\"}]},{\"@type\":\"WebSite\",\"@id\":\"https:\/\/pluginviet.com\/mau59\/#website\",\"url\":\"https:\/\/pluginviet.com\/mau59\/\",\"name\":\"Mini Minds Preschool\",\"description\":\"\",\"potentialAction\":[{\"@type\":\"SearchAction\",\"target\":{\"@type\":\"EntryPoint\",\"urlTemplate\":\"https:\/\/pluginviet.com\/mau59\/?s={search_term_string}\"},\"query-input\":\"required name=search_term_string\"}],\"inLanguage\":\"vi\"}]}<\/script>\n<!-- \/ Yoast SEO plugin. -->","yoast_head_json":{"title":"Go\u0301c t\u01b0 v\u00e2\u0301n - Mini Minds Preschool","robots":{"index":"index","follow":"follow","max-snippet":"max-snippet:-1","max-image-preview":"max-image-preview:large","max-video-preview":"max-video-preview:-1"},"canonical":"https:\/\/pluginviet.com\/mau59\/goc-tu-van\/","og_locale":"vi_VN","og_type":"article","og_title":"Go\u0301c t\u01b0 v\u00e2\u0301n - Mini Minds Preschool","og_url":"https:\/\/pluginviet.com\/mau59\/goc-tu-van\/","og_site_name":"Mini Minds Preschool","article_modified_time":"2024-05-28T08:37:03+00:00","twitter_card":"summary_large_image","schema":{"@context":"https:\/\/schema.org","@graph":[{"@type":"WebPage","@id":"https:\/\/pluginviet.com\/mau59\/goc-tu-van\/","url":"https:\/\/pluginviet.com\/mau59\/goc-tu-van\/","name":"Go\u0301c t\u01b0 v\u00e2\u0301n - Mini Minds Preschool","isPartOf":{"@id":"https:\/\/pluginviet.com\/mau59\/#website"},"datePublished":"2024-05-28T07:48:59+00:00","dateModified":"2024-05-28T08:37:03+00:00","breadcrumb":{"@id":"https:\/\/pluginviet.com\/mau59\/goc-tu-van\/#breadcrumb"},"inLanguage":"vi","potentialAction":[{"@type":"ReadAction","target":["https:\/\/pluginviet.com\/mau59\/goc-tu-van\/"]}]},{"@type":"BreadcrumbList","@id":"https:\/\/pluginviet.com\/mau59\/goc-tu-van\/#breadcrumb","itemListElement":[{"@type":"ListItem","position":1,"name":"Trang ch\u1ee7","item":"https:\/\/pluginviet.com\/mau59\/"},{"@type":"ListItem","position":2,"name":"Go\u0301c t\u01b0 v\u00e2\u0301n"}]},{"@type":"WebSite","@id":"https:\/\/pluginviet.com\/mau59\/#website","url":"https:\/\/pluginviet.com\/mau59\/","name":"Mini Minds Preschool","description":"","potentialAction":[{"@type":"SearchAction","target":{"@type":"EntryPoint","urlTemplate":"https:\/\/pluginviet.com\/mau59\/?s={search_term_string}"},"query-input":"required name=search_term_string"}],"inLanguage":"vi"}]}},"_links":{"self":[{"href":"https:\/\/pluginviet.com\/mau59\/wp-json\/wp\/v2\/pages\/327","targetHints":{"allow":["GET"]}}],"collection":[{"href":"https:\/\/pluginviet.com\/mau59\/wp-json\/wp\/v2\/pages"}],"about":[{"href":"https:\/\/pluginviet.com\/mau59\/wp-json\/wp\/v2\/types\/page"}],"author":[{"embeddable":true,"href":"https:\/\/pluginviet.com\/mau59\/wp-json\/wp\/v2\/users\/1"}],"replies":[{"embeddable":true,"href":"https:\/\/pluginviet.com\/mau59\/wp-json\/wp\/v2\/comments?post=327"}],"version-history":[{"count":21,"href":"https:\/\/pluginviet.com\/mau59\/wp-json\/wp\/v2\/pages\/327\/revisions"}],"predecessor-version":[{"id":355,"href":"https:\/\/pluginviet.com\/mau59\/wp-json\/wp\/v2\/pages\/327\/revisions\/355"}],"wp:attachment":[{"href":"https:\/\/pluginviet.com\/mau59\/wp-json\/wp\/v2\/media?parent=327"}],"curies":[{"name":"wp","href":"https:\/\/api.w.org\/{rel}","templated":true}]}}