{"id":2681,"date":"2022-08-14T13:07:18","date_gmt":"2022-08-14T06:07:18","guid":{"rendered":"https:\/\/khomaudep.com\/bigvngroup\/?post_type=product&#038;p=2681"},"modified":"2022-08-14T13:08:24","modified_gmt":"2022-08-14T06:08:24","slug":"tour-thai-lan-bangkok-pattaya-5-ngay-4-dem-tu-tp-hcm-4","status":"publish","type":"product","link":"https:\/\/pluginviet.com\/mau5\/tour-thai-lan-bangkok-pattaya-5-ngay-4-dem-tu-tp-hcm-4\/","title":{"rendered":"Tour Th\u00e1i Lan: Bangkok &#8211; Pattaya 5 ng\u00e0y 4 \u0111\u00eam t\u1eeb TP.HCM"},"content":{"rendered":"<p class=\"page_speed_67926646\">Th\u00e1i Lan \u0111\u01b0\u1ee3c bi\u1ebft \u0111\u1ebfn l\u00e0 x\u1ee9 s\u1edf Ch\u00f9a v\u00e0ng b\u1edfi qu\u1ed1c gia n\u00e0y s\u1edf h\u1eefu h\u00e0ng tr\u0103m ng\u00f4i ch\u00f9a l\u1edbn nh\u1ecf, th\u1eadm ch\u00ed c\u00f3 nh\u1eefng ng\u00f4i ch\u00f9a c\u00f3 l\u1ed1i ki\u1ebfn tr\u00fac c\u1ed5 x\u01b0a. Ngo\u00e0i ra, 90% d\u00e2n s\u1ed1 Th\u00e1i Lan \u0111\u1ec1u theo \u0111\u1ea1o ph\u1eadt. Ch\u00ednh v\u00ec v\u1eady \u0111\u1ebfn \u0111\u00e2y du kh\u00e1ch s\u1ebd \u0111\u01b0\u1ee3c tr\u1ea3i nghi\u1ec7m c\u00e1c l\u1ec5 h\u1ed9i v\u0103n h\u00f3a v\u00f4 c\u00f9ng \u0111\u1ed9c \u0111\u00e1o.<\/p>\n<p class=\"page_speed_67926646\">\u0110\u1ebfn v\u1edbi\u00a0Th\u00e1i Lan b\u00ean c\u1ea1nh kh\u00f4ng gian v\u0103n h\u00f3a \u0111\u1eb7c s\u1eafc c\u1ee7a ng\u01b0\u1eddi Th\u00e1i, qu\u00fd kh\u00e1ch c\u00f2n c\u00f3 c\u01a1 h\u1ed9i th\u01b0\u1edfng th\u1ee9c kh\u00f4ng gian \u1ea9m th\u1ef1c \u0111\u01b0\u01a1ng ph\u1ed1 t\u1ea1i \u0111\u00e2y, xem c\u00e1c show bi\u1ec3u di\u1ec5n c\u1ee7a ng\u01b0\u00f2i chuy\u1ec3n gi\u1edbi \u0111\u1eb7c tr\u01b0ng c\u1ee7a\u00a0Th\u00e1i Lan. B\u00ean c\u1ea1nh \u0111\u00f3, qu\u00fd kh\u00e1ch c\u00f2n gh\u00e9 th\u0103m\u00a0<strong>N\u00fai Ph\u1eadt V\u00e0ng<\/strong>, \u0111i thuy\u1ec1n tr\u00ean s\u00f4ng\u00a0<strong>Chaopraya<\/strong>,&#8230;.Tour Th\u00e1i Lan 5 ng\u00e0y 4 \u0111\u00eam h\u1ee9a h\u1eb9n s\u1ebd mang \u0111\u1ebfn cho qu\u00fd kh\u00e1ch m\u1ed9t chuy\u1ebfn \u0111i \u0111\u00e1ng nh\u1edb!<\/p>\n<p><img decoding=\"async\" loading=\"lazy\" class=\"size-full wp-image-2676 aligncenter\" src=\"https:\/\/khomaudep.com\/bigvngroup\/wp-content\/uploads\/2022\/08\/10520a9d427b13216ef3310bbf25c545.jpeg\" alt=\"\" width=\"1152\" height=\"768\" srcset=\"https:\/\/pluginviet.com\/mau5\/wp-content\/uploads\/2022\/08\/10520a9d427b13216ef3310bbf25c545.jpeg 1152w, https:\/\/pluginviet.com\/mau5\/wp-content\/uploads\/2022\/08\/10520a9d427b13216ef3310bbf25c545-600x400.jpeg 600w, https:\/\/pluginviet.com\/mau5\/wp-content\/uploads\/2022\/08\/10520a9d427b13216ef3310bbf25c545-768x512.jpeg 768w, https:\/\/pluginviet.com\/mau5\/wp-content\/uploads\/2022\/08\/10520a9d427b13216ef3310bbf25c545-1000x667.jpeg 1000w\" sizes=\"(max-width: 1152px) 100vw, 1152px\" \/><\/p>\n<p class=\"page_speed_67926646\"><span class=\"page_speed_1534256064\"><strong>Nh\u1eefng \u0111i\u1ec3m tham quan n\u1ed5i b\u1eadt c\u1ee7a ch\u01b0\u01a1ng tr\u00ecnh:<\/strong><\/span><\/p>\n<p class=\"page_speed_67926646\">&#8211; Ch\u00f9a Ph\u1eadt V\u00e0ng 5,5 t\u1ea5n &#8211; linh thi\u00eang nh\u1ea5t t\u1ea1i th\u1ee7 \u0111\u00f4 Bangkok.<br \/>\n&#8211; Th\u01b0\u1edfng th\u1ee9c c\u00e1c lo\u1ea1i \u0110\u1eb7c s\u1ea3n Th\u00e1i Lan trong th\u1ef1c \u0111\u01a1n h\u00e0ng ng\u00e0y.<br \/>\n&#8211; V\u01b0\u1eddn Nhi\u1ec7t \u0110\u1edbi Nong Nooch.<br \/>\n&#8211; Ph\u1eadt B\u1ed1n M\u1eb7t linh thi\u00eang.<br \/>\n&#8211; Ch\u00f9a Thuy\u1ec1n Wat Yannawa.<br \/>\n&#8211; \u0110\u1ea3o Coral &#8211; c\u00f2n g\u1ecdi l\u00e0 \u0110\u1ea3o San H\u00f4.<br \/>\n&#8211; D\u1ea1o thuy\u1ec1n tham quan \u0111\u1eddi s\u1ed1ng ven s\u00f4ng c\u1ee7a ng\u01b0\u1eddi d\u00e2n Th\u00e1i v\u00e0 xem hi\u1ec7n t\u01b0\u1ee3ng c\u00e1 n\u1ed5i.<\/p>\n","protected":false},"excerpt":{"rendered":"<p>Th\u00e1i Lan \u0111\u01b0\u1ee3c bi\u1ebft \u0111\u1ebfn l\u00e0 x\u1ee9 s\u1edf Ch\u00f9a v\u00e0ng b\u1edfi qu\u1ed1c gia n\u00e0y s\u1edf h\u1eefu h\u00e0ng tr\u0103m ng\u00f4i ch\u00f9a l\u1edbn nh\u1ecf, th\u1eadm ch\u00ed c\u00f3 nh\u1eefng ng\u00f4i ch\u00f9a c\u00f3 l\u1ed1i ki\u1ebfn tr\u00fac c\u1ed5 x\u01b0a. Ngo\u00e0i ra, 90% d\u00e2n s\u1ed1 Th\u00e1i Lan \u0111\u1ec1u theo \u0111\u1ea1o ph\u1eadt. Ch\u00ednh v\u00ec v\u1eady \u0111\u1ebfn \u0111\u00e2y du kh\u00e1ch s\u1ebd \u0111\u01b0\u1ee3c tr\u1ea3i&#8230;<\/p>\n","protected":false},"featured_media":2674,"comment_status":"open","ping_status":"closed","template":"","meta":[],"product_cat":[15,495],"product_tag":[],"yoast_head":"<!-- This site is optimized with the Yoast SEO plugin v20.11 - https:\/\/yoast.com\/wordpress\/plugins\/seo\/ -->\n<title>Tour Th\u00e1i Lan: Bangkok - Pattaya 5 ng\u00e0y 4 \u0111\u00eam t\u1eeb TP.HCM - bigvngroup<\/title>\n<meta name=\"robots\" content=\"index, follow, max-snippet:-1, max-image-preview:large, max-video-preview:-1\" \/>\n<link rel=\"canonical\" href=\"https:\/\/pluginviet.com\/mau5\/tour-thai-lan-bangkok-pattaya-5-ngay-4-dem-tu-tp-hcm-4\/\" \/>\n<meta property=\"og:locale\" content=\"vi_VN\" \/>\n<meta property=\"og:type\" content=\"article\" \/>\n<meta property=\"og:title\" content=\"Tour Th\u00e1i Lan: Bangkok - Pattaya 5 ng\u00e0y 4 \u0111\u00eam t\u1eeb TP.HCM - bigvngroup\" \/>\n<meta property=\"og:description\" content=\"Th\u00e1i Lan \u0111\u01b0\u1ee3c bi\u1ebft \u0111\u1ebfn l\u00e0 x\u1ee9 s\u1edf Ch\u00f9a v\u00e0ng b\u1edfi qu\u1ed1c gia n\u00e0y s\u1edf h\u1eefu h\u00e0ng tr\u0103m ng\u00f4i ch\u00f9a l\u1edbn nh\u1ecf, th\u1eadm ch\u00ed c\u00f3 nh\u1eefng ng\u00f4i ch\u00f9a c\u00f3 l\u1ed1i ki\u1ebfn tr\u00fac c\u1ed5 x\u01b0a. Ngo\u00e0i ra, 90% d\u00e2n s\u1ed1 Th\u00e1i Lan \u0111\u1ec1u theo \u0111\u1ea1o ph\u1eadt. Ch\u00ednh v\u00ec v\u1eady \u0111\u1ebfn \u0111\u00e2y du kh\u00e1ch s\u1ebd \u0111\u01b0\u1ee3c tr\u1ea3i...\" \/>\n<meta property=\"og:url\" content=\"https:\/\/pluginviet.com\/mau5\/tour-thai-lan-bangkok-pattaya-5-ngay-4-dem-tu-tp-hcm-4\/\" \/>\n<meta property=\"og:site_name\" content=\"bigvngroup\" \/>\n<meta property=\"article:modified_time\" content=\"2022-08-14T06:08:24+00:00\" \/>\n<meta property=\"og:image\" content=\"https:\/\/pluginviet.com\/mau5\/wp-content\/uploads\/2022\/08\/95d11b4e80aea34dab6547ab6e93cf70.jpeg\" \/>\n\t<meta property=\"og:image:width\" content=\"700\" \/>\n\t<meta property=\"og:image:height\" content=\"467\" \/>\n\t<meta property=\"og:image:type\" content=\"image\/jpeg\" \/>\n<meta name=\"twitter:card\" content=\"summary_large_image\" \/>\n<meta name=\"twitter:label1\" content=\"\u01af\u1edbc t\u00ednh th\u1eddi gian \u0111\u1ecdc\" \/>\n\t<meta name=\"twitter:data1\" content=\"2 ph\u00fat\" \/>\n<script type=\"application\/ld+json\" class=\"yoast-schema-graph\">{\"@context\":\"https:\/\/schema.org\",\"@graph\":[{\"@type\":\"WebPage\",\"@id\":\"https:\/\/pluginviet.com\/mau5\/tour-thai-lan-bangkok-pattaya-5-ngay-4-dem-tu-tp-hcm-4\/\",\"url\":\"https:\/\/pluginviet.com\/mau5\/tour-thai-lan-bangkok-pattaya-5-ngay-4-dem-tu-tp-hcm-4\/\",\"name\":\"Tour Th\u00e1i Lan: Bangkok - Pattaya 5 ng\u00e0y 4 \u0111\u00eam t\u1eeb TP.HCM - bigvngroup\",\"isPartOf\":{\"@id\":\"https:\/\/pluginviet.com\/mau5\/#website\"},\"datePublished\":\"2022-08-14T06:07:18+00:00\",\"dateModified\":\"2022-08-14T06:08:24+00:00\",\"breadcrumb\":{\"@id\":\"https:\/\/pluginviet.com\/mau5\/tour-thai-lan-bangkok-pattaya-5-ngay-4-dem-tu-tp-hcm-4\/#breadcrumb\"},\"inLanguage\":\"vi\",\"potentialAction\":[{\"@type\":\"ReadAction\",\"target\":[\"https:\/\/pluginviet.com\/mau5\/tour-thai-lan-bangkok-pattaya-5-ngay-4-dem-tu-tp-hcm-4\/\"]}]},{\"@type\":\"BreadcrumbList\",\"@id\":\"https:\/\/pluginviet.com\/mau5\/tour-thai-lan-bangkok-pattaya-5-ngay-4-dem-tu-tp-hcm-4\/#breadcrumb\",\"itemListElement\":[{\"@type\":\"ListItem\",\"position\":1,\"name\":\"Trang ch\u1ee7\",\"item\":\"https:\/\/pluginviet.com\/mau5\/\"},{\"@type\":\"ListItem\",\"position\":2,\"name\":\"Tour\",\"item\":\"https:\/\/pluginviet.com\/mau5\/tour\/\"},{\"@type\":\"ListItem\",\"position\":3,\"name\":\"Tour Th\u00e1i Lan: Bangkok &#8211; Pattaya 5 ng\u00e0y 4 \u0111\u00eam t\u1eeb TP.HCM\"}]},{\"@type\":\"WebSite\",\"@id\":\"https:\/\/pluginviet.com\/mau5\/#website\",\"url\":\"https:\/\/pluginviet.com\/mau5\/\",\"name\":\"bigvngroup\",\"description\":\"\",\"potentialAction\":[{\"@type\":\"SearchAction\",\"target\":{\"@type\":\"EntryPoint\",\"urlTemplate\":\"https:\/\/pluginviet.com\/mau5\/?s={search_term_string}\"},\"query-input\":\"required name=search_term_string\"}],\"inLanguage\":\"vi\"}]}<\/script>\n<!-- \/ Yoast SEO plugin. -->","yoast_head_json":{"title":"Tour Th\u00e1i Lan: Bangkok - Pattaya 5 ng\u00e0y 4 \u0111\u00eam t\u1eeb TP.HCM - bigvngroup","robots":{"index":"index","follow":"follow","max-snippet":"max-snippet:-1","max-image-preview":"max-image-preview:large","max-video-preview":"max-video-preview:-1"},"canonical":"https:\/\/pluginviet.com\/mau5\/tour-thai-lan-bangkok-pattaya-5-ngay-4-dem-tu-tp-hcm-4\/","og_locale":"vi_VN","og_type":"article","og_title":"Tour Th\u00e1i Lan: Bangkok - Pattaya 5 ng\u00e0y 4 \u0111\u00eam t\u1eeb TP.HCM - bigvngroup","og_description":"Th\u00e1i Lan \u0111\u01b0\u1ee3c bi\u1ebft \u0111\u1ebfn l\u00e0 x\u1ee9 s\u1edf Ch\u00f9a v\u00e0ng b\u1edfi qu\u1ed1c gia n\u00e0y s\u1edf h\u1eefu h\u00e0ng tr\u0103m ng\u00f4i ch\u00f9a l\u1edbn nh\u1ecf, th\u1eadm ch\u00ed c\u00f3 nh\u1eefng ng\u00f4i ch\u00f9a c\u00f3 l\u1ed1i ki\u1ebfn tr\u00fac c\u1ed5 x\u01b0a. Ngo\u00e0i ra, 90% d\u00e2n s\u1ed1 Th\u00e1i Lan \u0111\u1ec1u theo \u0111\u1ea1o ph\u1eadt. Ch\u00ednh v\u00ec v\u1eady \u0111\u1ebfn \u0111\u00e2y du kh\u00e1ch s\u1ebd \u0111\u01b0\u1ee3c tr\u1ea3i...","og_url":"https:\/\/pluginviet.com\/mau5\/tour-thai-lan-bangkok-pattaya-5-ngay-4-dem-tu-tp-hcm-4\/","og_site_name":"bigvngroup","article_modified_time":"2022-08-14T06:08:24+00:00","og_image":[{"width":700,"height":467,"url":"https:\/\/pluginviet.com\/mau5\/wp-content\/uploads\/2022\/08\/95d11b4e80aea34dab6547ab6e93cf70.jpeg","type":"image\/jpeg"}],"twitter_card":"summary_large_image","twitter_misc":{"\u01af\u1edbc t\u00ednh th\u1eddi gian \u0111\u1ecdc":"2 ph\u00fat"},"schema":{"@context":"https:\/\/schema.org","@graph":[{"@type":"WebPage","@id":"https:\/\/pluginviet.com\/mau5\/tour-thai-lan-bangkok-pattaya-5-ngay-4-dem-tu-tp-hcm-4\/","url":"https:\/\/pluginviet.com\/mau5\/tour-thai-lan-bangkok-pattaya-5-ngay-4-dem-tu-tp-hcm-4\/","name":"Tour Th\u00e1i Lan: Bangkok - Pattaya 5 ng\u00e0y 4 \u0111\u00eam t\u1eeb TP.HCM - bigvngroup","isPartOf":{"@id":"https:\/\/pluginviet.com\/mau5\/#website"},"datePublished":"2022-08-14T06:07:18+00:00","dateModified":"2022-08-14T06:08:24+00:00","breadcrumb":{"@id":"https:\/\/pluginviet.com\/mau5\/tour-thai-lan-bangkok-pattaya-5-ngay-4-dem-tu-tp-hcm-4\/#breadcrumb"},"inLanguage":"vi","potentialAction":[{"@type":"ReadAction","target":["https:\/\/pluginviet.com\/mau5\/tour-thai-lan-bangkok-pattaya-5-ngay-4-dem-tu-tp-hcm-4\/"]}]},{"@type":"BreadcrumbList","@id":"https:\/\/pluginviet.com\/mau5\/tour-thai-lan-bangkok-pattaya-5-ngay-4-dem-tu-tp-hcm-4\/#breadcrumb","itemListElement":[{"@type":"ListItem","position":1,"name":"Trang ch\u1ee7","item":"https:\/\/pluginviet.com\/mau5\/"},{"@type":"ListItem","position":2,"name":"Tour","item":"https:\/\/pluginviet.com\/mau5\/tour\/"},{"@type":"ListItem","position":3,"name":"Tour Th\u00e1i Lan: Bangkok &#8211; Pattaya 5 ng\u00e0y 4 \u0111\u00eam t\u1eeb TP.HCM"}]},{"@type":"WebSite","@id":"https:\/\/pluginviet.com\/mau5\/#website","url":"https:\/\/pluginviet.com\/mau5\/","name":"bigvngroup","description":"","potentialAction":[{"@type":"SearchAction","target":{"@type":"EntryPoint","urlTemplate":"https:\/\/pluginviet.com\/mau5\/?s={search_term_string}"},"query-input":"required name=search_term_string"}],"inLanguage":"vi"}]}},"_links":{"self":[{"href":"https:\/\/pluginviet.com\/mau5\/wp-json\/wp\/v2\/product\/2681"}],"collection":[{"href":"https:\/\/pluginviet.com\/mau5\/wp-json\/wp\/v2\/product"}],"about":[{"href":"https:\/\/pluginviet.com\/mau5\/wp-json\/wp\/v2\/types\/product"}],"replies":[{"embeddable":true,"href":"https:\/\/pluginviet.com\/mau5\/wp-json\/wp\/v2\/comments?post=2681"}],"wp:featuredmedia":[{"embeddable":true,"href":"https:\/\/pluginviet.com\/mau5\/wp-json\/wp\/v2\/media\/2674"}],"wp:attachment":[{"href":"https:\/\/pluginviet.com\/mau5\/wp-json\/wp\/v2\/media?parent=2681"}],"wp:term":[{"taxonomy":"product_cat","embeddable":true,"href":"https:\/\/pluginviet.com\/mau5\/wp-json\/wp\/v2\/product_cat?post=2681"},{"taxonomy":"product_tag","embeddable":true,"href":"https:\/\/pluginviet.com\/mau5\/wp-json\/wp\/v2\/product_tag?post=2681"}],"curies":[{"name":"wp","href":"https:\/\/api.w.org\/{rel}","templated":true}]}}