{"id":802,"date":"2022-07-21T18:13:33","date_gmt":"2022-07-21T11:13:33","guid":{"rendered":"https:\/\/khomaudep.com\/mauruou\/?post_type=product&#038;p=802"},"modified":"2022-07-23T12:32:42","modified_gmt":"2022-07-23T05:32:42","slug":"vang-saint-joseph-se-terroirs-dexception-2015","status":"publish","type":"product","link":"https:\/\/pluginviet.com\/mau44\/san-pham\/vang-saint-joseph-se-terroirs-dexception-2015\/","title":{"rendered":"Vang Saint-Joseph Se \u201cTerroirs D\u2019exception\u201d 2015"},"content":{"rendered":"<p>Se Terroirs D\u2019exception 2015 c\u00f3 s\u1ef1 ho\u00e0 quy\u1ec7n ho\u00e0n h\u1ea3o c\u1ee7a gi\u1ed1ng nho Syrah v\u00f9ng ph\u00eda B\u1eafc \u0111\u01b0\u1ee3c tr\u1ed3ng trong v\u01b0\u1eddn nho Saint-Joseph. H\u01b0\u01a1ng v\u1ecb \u1ea5n t\u01b0\u1ee3ng \u0111\u01b0\u1ee3c \u0111\u1eb7c tr\u01b0ng b\u1edfi v\u1ecb kho\u00e1ng, tr\u00e1i c\u00e2y t\u01b0\u01a1i v\u00e0 nh\u1eefng c\u1ea3m gi\u00e1c s\u1ed1ng \u0111\u1ed9ng \u0111\u00e1nh d\u1ea5u n\u00e9t \u0111\u1eb7c tr\u01b0ng c\u1ee7a v\u00f9ng th\u1ed5 nh\u01b0\u1ee1ng t\u1ea1i \u0111\u00e2y.<\/p>\n","protected":false},"excerpt":{"rendered":"<p>Se Terroirs D\u2019exception 2015 c\u00f3 s\u1ef1 ho\u00e0 quy\u1ec7n ho\u00e0n h\u1ea3o c\u1ee7a gi\u1ed1ng nho Syrah v\u00f9ng ph\u00eda B\u1eafc \u0111\u01b0\u1ee3c tr\u1ed3ng trong v\u01b0\u1eddn nho Saint-Joseph. H\u01b0\u01a1ng v\u1ecb \u1ea5n t\u01b0\u1ee3ng \u0111\u01b0\u1ee3c \u0111\u1eb7c tr\u01b0ng b\u1edfi v\u1ecb kho\u00e1ng, tr\u00e1i c\u00e2y t\u01b0\u01a1i v\u00e0 nh\u1eefng c\u1ea3m gi\u00e1c s\u1ed1ng \u0111\u1ed9ng \u0111\u00e1nh d\u1ea5u n\u00e9t \u0111\u1eb7c tr\u01b0ng c\u1ee7a v\u00f9ng th\u1ed5 nh\u01b0\u1ee1ng t\u1ea1i \u0111\u00e2y.<\/p>\n","protected":false},"featured_media":1054,"comment_status":"open","ping_status":"closed","template":"","meta":[],"pwb-brand":[],"product_cat":[17,73],"product_tag":[],"brands":[],"_links":{"self":[{"href":"https:\/\/pluginviet.com\/mau44\/wp-json\/wp\/v2\/product\/802"}],"collection":[{"href":"https:\/\/pluginviet.com\/mau44\/wp-json\/wp\/v2\/product"}],"about":[{"href":"https:\/\/pluginviet.com\/mau44\/wp-json\/wp\/v2\/types\/product"}],"replies":[{"embeddable":true,"href":"https:\/\/pluginviet.com\/mau44\/wp-json\/wp\/v2\/comments?post=802"}],"wp:featuredmedia":[{"embeddable":true,"href":"https:\/\/pluginviet.com\/mau44\/wp-json\/wp\/v2\/media\/1054"}],"wp:attachment":[{"href":"https:\/\/pluginviet.com\/mau44\/wp-json\/wp\/v2\/media?parent=802"}],"wp:term":[{"taxonomy":"pwb-brand","embeddable":true,"href":"https:\/\/pluginviet.com\/mau44\/wp-json\/wp\/v2\/pwb-brand?post=802"},{"taxonomy":"product_cat","embeddable":true,"href":"https:\/\/pluginviet.com\/mau44\/wp-json\/wp\/v2\/product_cat?post=802"},{"taxonomy":"product_tag","embeddable":true,"href":"https:\/\/pluginviet.com\/mau44\/wp-json\/wp\/v2\/product_tag?post=802"}],"curies":[{"name":"wp","href":"https:\/\/api.w.org\/{rel}","templated":true}]}}