{"id":771,"date":"2022-07-21T17:50:09","date_gmt":"2022-07-21T10:50:09","guid":{"rendered":"https:\/\/khomaudep.com\/mauruou\/?post_type=product&#038;p=771"},"modified":"2022-07-21T19:41:42","modified_gmt":"2022-07-21T12:41:42","slug":"vang-santa-carollina-gran-reserva-cabernet-sauvignon-carmerene-syrah-12-75cl","status":"publish","type":"product","link":"https:\/\/pluginviet.com\/mau44\/san-pham\/vang-santa-carollina-gran-reserva-cabernet-sauvignon-carmerene-syrah-12-75cl\/","title":{"rendered":"Vang Santa Carollina Gran Reserva Cabernet Sauvignon\/ Carmerene\/ Syrah (12\/75cl)"},"content":{"rendered":"<p>H\u01b0\u01a1ng v\u1ecb ng\u1ecdt ng\u00e0o c\u00f9ng g\u1ee3i nh\u1edb cho ng\u01b0\u1eddi u\u1ed1ng \u0111\u1ebfn v\u1ecb qu\u1ea3 m\u00e2m x\u00f4i v\u00e0 blackcurrant, s\u00f4 c\u00f4 la. R\u01b0\u1ee3u c\u00f3 s\u1ef1 c\u00e2n b\u1eb1ng v\u00e0 h\u00e0i h\u00f2a v\u00ec v\u1eady \u0111\u1ecdng r\u1ea5t l\u00e2u n\u01a1i v\u00f2m mi\u1ec7ng khi ch\u00fang ta th\u01b0\u1edfng th\u1ee9c. V\u1edbi n\u1ed3ng \u0111\u1ed9 14.5% n\u00ean n\u00f3 mang l\u1ea1i m\u1ed9t v\u1ecb \u0111\u1eadm \u0111\u00e0 kh\u00f3 c\u01b0\u1ee1ng.<\/p>\n","protected":false},"excerpt":{"rendered":"<p>H\u01b0\u01a1ng v\u1ecb ng\u1ecdt ng\u00e0o c\u00f9ng g\u1ee3i nh\u1edb cho ng\u01b0\u1eddi u\u1ed1ng \u0111\u1ebfn v\u1ecb qu\u1ea3 m\u00e2m x\u00f4i v\u00e0 blackcurrant, s\u00f4 c\u00f4 la. R\u01b0\u1ee3u c\u00f3 s\u1ef1 c\u00e2n b\u1eb1ng v\u00e0 h\u00e0i h\u00f2a v\u00ec v\u1eady \u0111\u1ecdng r\u1ea5t l\u00e2u n\u01a1i v\u00f2m mi\u1ec7ng khi ch\u00fang ta th\u01b0\u1edfng th\u1ee9c. V\u1edbi n\u1ed3ng \u0111\u1ed9 14.5% n\u00ean n\u00f3 mang l\u1ea1i m\u1ed9t v\u1ecb \u0111\u1eadm \u0111\u00e0 kh\u00f3 c\u01b0\u1ee1ng.<\/p>\n","protected":false},"featured_media":888,"comment_status":"open","ping_status":"closed","template":"","meta":[],"pwb-brand":[],"product_cat":[17,75],"product_tag":[],"brands":[],"_links":{"self":[{"href":"https:\/\/pluginviet.com\/mau44\/wp-json\/wp\/v2\/product\/771"}],"collection":[{"href":"https:\/\/pluginviet.com\/mau44\/wp-json\/wp\/v2\/product"}],"about":[{"href":"https:\/\/pluginviet.com\/mau44\/wp-json\/wp\/v2\/types\/product"}],"replies":[{"embeddable":true,"href":"https:\/\/pluginviet.com\/mau44\/wp-json\/wp\/v2\/comments?post=771"}],"wp:featuredmedia":[{"embeddable":true,"href":"https:\/\/pluginviet.com\/mau44\/wp-json\/wp\/v2\/media\/888"}],"wp:attachment":[{"href":"https:\/\/pluginviet.com\/mau44\/wp-json\/wp\/v2\/media?parent=771"}],"wp:term":[{"taxonomy":"pwb-brand","embeddable":true,"href":"https:\/\/pluginviet.com\/mau44\/wp-json\/wp\/v2\/pwb-brand?post=771"},{"taxonomy":"product_cat","embeddable":true,"href":"https:\/\/pluginviet.com\/mau44\/wp-json\/wp\/v2\/product_cat?post=771"},{"taxonomy":"product_tag","embeddable":true,"href":"https:\/\/pluginviet.com\/mau44\/wp-json\/wp\/v2\/product_tag?post=771"}],"curies":[{"name":"wp","href":"https:\/\/api.w.org\/{rel}","templated":true}]}}