{"id":767,"date":"2022-07-21T17:46:00","date_gmt":"2022-07-21T10:46:00","guid":{"rendered":"https:\/\/khomaudep.com\/mauruou\/?post_type=product&#038;p=767"},"modified":"2022-07-21T19:41:22","modified_gmt":"2022-07-21T12:41:22","slug":"ruou-vang-do-errazuric-max-reserva-shiraz-2016","status":"publish","type":"product","link":"https:\/\/pluginviet.com\/mau44\/san-pham\/ruou-vang-do-errazuric-max-reserva-shiraz-2016\/","title":{"rendered":"R\u01b0\u1ee3u vang \u0111\u1ecf Errazuric MAX Reserva SHIRAZ 2016\u00a0"},"content":{"rendered":"<p>R\u01b0\u1ee3u c\u00f3 m\u00e0u \u0111\u1ecf Ruby \u00e1nh t\u00edm. S\u1ef1 ph\u1ee9c t\u1ea1p c\u1ee7a t\u1ea7ng h\u01b0\u01a1ng th\u1ec3 hi\u1ec7n r\u00f5 n\u00e9t qua h\u01b0\u01a1ng th\u01a1m c\u1ee7a tr\u00e1i c\u00e2y m\u00e0u \u0111\u1ecf v\u00e0 \u0111en nh\u01b0 qu\u1ea3 m\u00e2m x\u00f4i v\u00e0 qu\u1ea3 vi\u1ec7t qu\u1ea5t \u0111\u01b0\u1ee3c \u0111i k\u00e8m v\u1edbi nh\u1eefng \u201cc\u00fa ch\u1ea1m nh\u1eb9\u201d c\u1ee7a h\u1ea1t ti\u00eau \u0111en v\u00e0 hoa Violet. T\u1ea5t c\u1ea3 \u0111\u01b0\u1ee3c ch\u1ed1t h\u1ea1 b\u1edfi c\u00e1c ghi ch\u00fa c\u1ee7a gia v\u1ecb ng\u1ecdt, h\u1ea1t c\u00e0 ph\u00ea v\u00e0 chocolate<\/p>\n","protected":false},"excerpt":{"rendered":"<p>R\u01b0\u1ee3u c\u00f3 m\u00e0u \u0111\u1ecf Ruby \u00e1nh t\u00edm. S\u1ef1 ph\u1ee9c t\u1ea1p c\u1ee7a t\u1ea7ng h\u01b0\u01a1ng th\u1ec3 hi\u1ec7n r\u00f5 n\u00e9t qua h\u01b0\u01a1ng th\u01a1m c\u1ee7a tr\u00e1i c\u00e2y m\u00e0u \u0111\u1ecf v\u00e0 \u0111en nh\u01b0 qu\u1ea3 m\u00e2m x\u00f4i v\u00e0 qu\u1ea3 vi\u1ec7t qu\u1ea5t \u0111\u01b0\u1ee3c \u0111i k\u00e8m v\u1edbi nh\u1eefng \u201cc\u00fa ch\u1ea1m nh\u1eb9\u201d c\u1ee7a h\u1ea1t ti\u00eau \u0111en v\u00e0 hoa Violet. T\u1ea5t c\u1ea3 \u0111\u01b0\u1ee3c ch\u1ed1t h\u1ea1 &#8230;<\/p>\n","protected":false},"featured_media":885,"comment_status":"open","ping_status":"closed","template":"","meta":[],"pwb-brand":[],"product_cat":[17,75],"product_tag":[],"brands":[],"_links":{"self":[{"href":"https:\/\/pluginviet.com\/mau44\/wp-json\/wp\/v2\/product\/767"}],"collection":[{"href":"https:\/\/pluginviet.com\/mau44\/wp-json\/wp\/v2\/product"}],"about":[{"href":"https:\/\/pluginviet.com\/mau44\/wp-json\/wp\/v2\/types\/product"}],"replies":[{"embeddable":true,"href":"https:\/\/pluginviet.com\/mau44\/wp-json\/wp\/v2\/comments?post=767"}],"wp:featuredmedia":[{"embeddable":true,"href":"https:\/\/pluginviet.com\/mau44\/wp-json\/wp\/v2\/media\/885"}],"wp:attachment":[{"href":"https:\/\/pluginviet.com\/mau44\/wp-json\/wp\/v2\/media?parent=767"}],"wp:term":[{"taxonomy":"pwb-brand","embeddable":true,"href":"https:\/\/pluginviet.com\/mau44\/wp-json\/wp\/v2\/pwb-brand?post=767"},{"taxonomy":"product_cat","embeddable":true,"href":"https:\/\/pluginviet.com\/mau44\/wp-json\/wp\/v2\/product_cat?post=767"},{"taxonomy":"product_tag","embeddable":true,"href":"https:\/\/pluginviet.com\/mau44\/wp-json\/wp\/v2\/product_tag?post=767"}],"curies":[{"name":"wp","href":"https:\/\/api.w.org\/{rel}","templated":true}]}}