{"id":766,"date":"2022-07-21T17:44:47","date_gmt":"2022-07-21T10:44:47","guid":{"rendered":"https:\/\/khomaudep.com\/mauruou\/?post_type=product&#038;p=766"},"modified":"2022-07-21T19:41:17","modified_gmt":"2022-07-21T12:41:17","slug":"errazuriz-max-reserva-merlot-2017","status":"publish","type":"product","link":"https:\/\/pluginviet.com\/mau44\/san-pham\/errazuriz-max-reserva-merlot-2017\/","title":{"rendered":"ERRAZURIZ MAX RESERVA MERLOT 2017"},"content":{"rendered":"<p>Mang m\u00e0u \u0111\u1ecf ruby \u200b\u200b\u0111\u1eb9p v\u00e0 t\u01b0\u01a1i s\u00e1ng c\u00f9ng \u00e1nh t\u00edm n\u1ed5i b\u1eadt. R\u01b0\u1ee3u vang Chile cho th\u1ea5y m\u00f9i th\u01a1m c\u1ee7a tr\u00e1i c\u00e2y m\u00e0u \u0111\u1ecf nh\u01b0 qu\u1ea3 m\u00e2m x\u00f4i, anh \u0111\u00e0o k\u00e8m theo ghi ch\u00fa c\u1ee7a b\u00e1nh ng\u1ecdt v\u1edbi m\u1ed9t ch\u00fat th\u00ec l\u00e0 v\u00e0 l\u00e1 nguy\u1ec7t qu\u1ebf. Trong mi\u1ec7ng n\u00f3 c\u00f3 c\u1ea3m gi\u00e1c ngon ng\u1ecdt, tannin m\u01b0\u1ee3t m\u00e0 v\u1edbi ch\u00fat chua nh\u1eb9 c\u1ee7a axit mang l\u1ea1i s\u1ef1 t\u01b0\u01a1i m\u00e1t v\u00e0 gi\u1ea3m c\u0103ng th\u1eb3ng. H\u1eadu v\u1ecb \u0111\u01b0\u1ee3c duy tr\u00ec kh\u00e1 t\u1ed1t b\u1edfi m\u1ed9t k\u1ebft th\u00fac d\u00e0i v\u00e0 d\u1ec5 ch\u1ecbu.<\/p>\n","protected":false},"excerpt":{"rendered":"<p>Mang m\u00e0u \u0111\u1ecf ruby \u200b\u200b\u0111\u1eb9p v\u00e0 t\u01b0\u01a1i s\u00e1ng c\u00f9ng \u00e1nh t\u00edm n\u1ed5i b\u1eadt. R\u01b0\u1ee3u vang Chile cho th\u1ea5y m\u00f9i th\u01a1m c\u1ee7a tr\u00e1i c\u00e2y m\u00e0u \u0111\u1ecf nh\u01b0 qu\u1ea3 m\u00e2m x\u00f4i, anh \u0111\u00e0o k\u00e8m theo ghi ch\u00fa c\u1ee7a b\u00e1nh ng\u1ecdt v\u1edbi m\u1ed9t ch\u00fat th\u00ec l\u00e0 v\u00e0 l\u00e1 nguy\u1ec7t qu\u1ebf. Trong mi\u1ec7ng n\u00f3 c\u00f3 c\u1ea3m gi\u00e1c ngon ng\u1ecdt, &#8230;<\/p>\n","protected":false},"featured_media":884,"comment_status":"open","ping_status":"closed","template":"","meta":[],"pwb-brand":[],"product_cat":[17,75],"product_tag":[],"brands":[],"_links":{"self":[{"href":"https:\/\/pluginviet.com\/mau44\/wp-json\/wp\/v2\/product\/766"}],"collection":[{"href":"https:\/\/pluginviet.com\/mau44\/wp-json\/wp\/v2\/product"}],"about":[{"href":"https:\/\/pluginviet.com\/mau44\/wp-json\/wp\/v2\/types\/product"}],"replies":[{"embeddable":true,"href":"https:\/\/pluginviet.com\/mau44\/wp-json\/wp\/v2\/comments?post=766"}],"wp:featuredmedia":[{"embeddable":true,"href":"https:\/\/pluginviet.com\/mau44\/wp-json\/wp\/v2\/media\/884"}],"wp:attachment":[{"href":"https:\/\/pluginviet.com\/mau44\/wp-json\/wp\/v2\/media?parent=766"}],"wp:term":[{"taxonomy":"pwb-brand","embeddable":true,"href":"https:\/\/pluginviet.com\/mau44\/wp-json\/wp\/v2\/pwb-brand?post=766"},{"taxonomy":"product_cat","embeddable":true,"href":"https:\/\/pluginviet.com\/mau44\/wp-json\/wp\/v2\/product_cat?post=766"},{"taxonomy":"product_tag","embeddable":true,"href":"https:\/\/pluginviet.com\/mau44\/wp-json\/wp\/v2\/product_tag?post=766"}],"curies":[{"name":"wp","href":"https:\/\/api.w.org\/{rel}","templated":true}]}}