{"id":760,"date":"2022-07-21T16:01:06","date_gmt":"2022-07-21T09:01:06","guid":{"rendered":"https:\/\/khomaudep.com\/mauruou\/?post_type=product&#038;p=760"},"modified":"2022-07-21T19:34:20","modified_gmt":"2022-07-21T12:34:20","slug":"ruou-vang-do-portia-roble","status":"publish","type":"product","link":"https:\/\/pluginviet.com\/mau44\/san-pham\/ruou-vang-do-portia-roble\/","title":{"rendered":"R\u01b0\u1ee3u Vang \u0110\u1ecf Portia Roble"},"content":{"rendered":"<p>H\u01b0\u01a1ng th\u01a1m n\u1ed5i b\u1eadt c\u00e1 t\u00ednh v\u1edbi h\u01b0\u01a1ng tr\u00e1i c\u00e2y, g\u1ed7 ng\u1ecdt ng\u00e0o, v\u00e0 b\u00e1nh m\u00ec n\u01b0\u1edbng. V\u1ecb\u00a0r\u01b0\u1ee3u vang\u00a0c\u00f4 \u0111\u1ecdng, d\u1ec5 ch\u1ecbu th\u00eam ch\u00fat h\u01b0\u01a1ng gia v\u1ecb cay nh\u1eb9, v\u1edbi d\u01b0 v\u1ecb l\u01b0u luy\u1ebfn tho\u1ea3ng h\u01b0\u01a1ng g\u1ed7 \u1ee7 m\u1ec1m m\u1ea1i v\u00e0 h\u1ea1t ng\u1eady.<\/p>\n","protected":false},"excerpt":{"rendered":"<p>H\u01b0\u01a1ng th\u01a1m n\u1ed5i b\u1eadt c\u00e1 t\u00ednh v\u1edbi h\u01b0\u01a1ng tr\u00e1i c\u00e2y, g\u1ed7 ng\u1ecdt ng\u00e0o, v\u00e0 b\u00e1nh m\u00ec n\u01b0\u1edbng. V\u1ecb\u00a0r\u01b0\u1ee3u vang\u00a0c\u00f4 \u0111\u1ecdng, d\u1ec5 ch\u1ecbu th\u00eam ch\u00fat h\u01b0\u01a1ng gia v\u1ecb cay nh\u1eb9, v\u1edbi d\u01b0 v\u1ecb l\u01b0u luy\u1ebfn tho\u1ea3ng h\u01b0\u01a1ng g\u1ed7 \u1ee7 m\u1ec1m m\u1ea1i v\u00e0 h\u1ea1t ng\u1eady.<\/p>\n","protected":false},"featured_media":878,"comment_status":"open","ping_status":"closed","template":"","meta":[],"pwb-brand":[],"product_cat":[17,74],"product_tag":[],"brands":[],"_links":{"self":[{"href":"https:\/\/pluginviet.com\/mau44\/wp-json\/wp\/v2\/product\/760"}],"collection":[{"href":"https:\/\/pluginviet.com\/mau44\/wp-json\/wp\/v2\/product"}],"about":[{"href":"https:\/\/pluginviet.com\/mau44\/wp-json\/wp\/v2\/types\/product"}],"replies":[{"embeddable":true,"href":"https:\/\/pluginviet.com\/mau44\/wp-json\/wp\/v2\/comments?post=760"}],"wp:featuredmedia":[{"embeddable":true,"href":"https:\/\/pluginviet.com\/mau44\/wp-json\/wp\/v2\/media\/878"}],"wp:attachment":[{"href":"https:\/\/pluginviet.com\/mau44\/wp-json\/wp\/v2\/media?parent=760"}],"wp:term":[{"taxonomy":"pwb-brand","embeddable":true,"href":"https:\/\/pluginviet.com\/mau44\/wp-json\/wp\/v2\/pwb-brand?post=760"},{"taxonomy":"product_cat","embeddable":true,"href":"https:\/\/pluginviet.com\/mau44\/wp-json\/wp\/v2\/product_cat?post=760"},{"taxonomy":"product_tag","embeddable":true,"href":"https:\/\/pluginviet.com\/mau44\/wp-json\/wp\/v2\/product_tag?post=760"}],"curies":[{"name":"wp","href":"https:\/\/api.w.org\/{rel}","templated":true}]}}