{"id":756,"date":"2022-07-21T15:56:54","date_gmt":"2022-07-21T08:56:54","guid":{"rendered":"https:\/\/khomaudep.com\/mauruou\/?post_type=product&#038;p=756"},"modified":"2022-07-21T19:34:30","modified_gmt":"2022-07-21T12:34:30","slug":"ruou-vang-solaz-tempranillo-cabernet-sauvignon","status":"publish","type":"product","link":"https:\/\/pluginviet.com\/mau44\/san-pham\/ruou-vang-solaz-tempranillo-cabernet-sauvignon\/","title":{"rendered":"R\u01b0\u1ee3u Vang Solaz Tempranillo &#038; Cabernet Sauvignon"},"content":{"rendered":"<p>H\u01b0\u01a1ng v\u1ecb r\u01b0\u1ee3u nh\u1eefng lo\u1ea1i tr\u00e1i c\u00e2y ch\u00edn \u0111\u1ecf m\u1ecdng hay \u0111en quy\u1ebfn r\u0169. C\u00f9ng v\u1edbi h\u01b0\u01a1ng v\u1ecb m\u1ea1nh c\u1ee7a c\u00e1c lo\u1ea1i gia v\u1ecb (ti\u00eau \u0111en, qu\u1ebf,\u2026).<\/p>\n","protected":false},"excerpt":{"rendered":"<p>H\u01b0\u01a1ng v\u1ecb r\u01b0\u1ee3u nh\u1eefng lo\u1ea1i tr\u00e1i c\u00e2y ch\u00edn \u0111\u1ecf m\u1ecdng hay \u0111en quy\u1ebfn r\u0169. C\u00f9ng v\u1edbi h\u01b0\u01a1ng v\u1ecb m\u1ea1nh c\u1ee7a c\u00e1c lo\u1ea1i gia v\u1ecb (ti\u00eau \u0111en, qu\u1ebf,\u2026).<\/p>\n","protected":false},"featured_media":875,"comment_status":"open","ping_status":"closed","template":"","meta":[],"pwb-brand":[],"product_cat":[17,74],"product_tag":[],"brands":[],"_links":{"self":[{"href":"https:\/\/pluginviet.com\/mau44\/wp-json\/wp\/v2\/product\/756"}],"collection":[{"href":"https:\/\/pluginviet.com\/mau44\/wp-json\/wp\/v2\/product"}],"about":[{"href":"https:\/\/pluginviet.com\/mau44\/wp-json\/wp\/v2\/types\/product"}],"replies":[{"embeddable":true,"href":"https:\/\/pluginviet.com\/mau44\/wp-json\/wp\/v2\/comments?post=756"}],"wp:featuredmedia":[{"embeddable":true,"href":"https:\/\/pluginviet.com\/mau44\/wp-json\/wp\/v2\/media\/875"}],"wp:attachment":[{"href":"https:\/\/pluginviet.com\/mau44\/wp-json\/wp\/v2\/media?parent=756"}],"wp:term":[{"taxonomy":"pwb-brand","embeddable":true,"href":"https:\/\/pluginviet.com\/mau44\/wp-json\/wp\/v2\/pwb-brand?post=756"},{"taxonomy":"product_cat","embeddable":true,"href":"https:\/\/pluginviet.com\/mau44\/wp-json\/wp\/v2\/product_cat?post=756"},{"taxonomy":"product_tag","embeddable":true,"href":"https:\/\/pluginviet.com\/mau44\/wp-json\/wp\/v2\/product_tag?post=756"}],"curies":[{"name":"wp","href":"https:\/\/api.w.org\/{rel}","templated":true}]}}