{"id":754,"date":"2022-07-21T15:55:02","date_gmt":"2022-07-21T08:55:02","guid":{"rendered":"https:\/\/khomaudep.com\/mauruou\/?post_type=product&#038;p=754"},"modified":"2022-07-21T19:45:33","modified_gmt":"2022-07-21T12:45:33","slug":"vang-two-hands-lilys-garden-shiraz-2016","status":"publish","type":"product","link":"https:\/\/pluginviet.com\/mau44\/san-pham\/vang-two-hands-lilys-garden-shiraz-2016\/","title":{"rendered":"Vang Two Hands Lily\u2019s Garden Shiraz 2016"},"content":{"rendered":"<p>R\u01b0\u1ee3u c\u00f3 m\u00e0u \u0111\u1ecf \u0111\u00e2m s\u00e2u v\u1edbi h\u01b0\u01a1ng th\u01a1m nh\u1eb9 nh\u00e0ng c\u1ee7a m\u1eadn, b\u00e1nh vi\u1ec7t qu\u1ea5t v\u1edbi \u0111i\u1ec3m nh\u1ea5n c\u1ee7a c\u00e2y x\u1ea1 h\u01b0\u01a1ng, va-ni \u1ea5m v\u00e0 b\u00e1nh m\u00ec n\u01b0\u1edbng. \u0110\u00e2y l\u00e0 chai r\u01b0\u1ee3u c\u00f3 h\u01b0\u01a1ng v\u1ecb \u0111\u1eadm \u0111\u00e0 \u201cFull-bodied\u201d v\u1edbi \u0111i\u1ec3m nh\u1ea5n l\u00e0 v\u1ecb cay, m\u1eadn, m\u1ee9t blueberry v\u00e0 s\u00f4 c\u00f4 la s\u1eefa. Tanin tr\u00f2n tr\u1ecba, \u0111\u1eadm \u0111\u00e0 v\u00e0 k\u1ebft c\u1ea5u b\u1ec1n v\u1eefng, h\u01b0\u01a1ng v\u1ecb thoang tho\u1ea3ng c\u1ee7a c\u00e0 ph\u00ea mocha, kem vani v\u00e0 \u0111inh h\u01b0\u01a1ng.<\/p>\n","protected":false},"excerpt":{"rendered":"<p>R\u01b0\u1ee3u c\u00f3 m\u00e0u \u0111\u1ecf \u0111\u00e2m s\u00e2u v\u1edbi h\u01b0\u01a1ng th\u01a1m nh\u1eb9 nh\u00e0ng c\u1ee7a m\u1eadn, b\u00e1nh vi\u1ec7t qu\u1ea5t v\u1edbi \u0111i\u1ec3m nh\u1ea5n c\u1ee7a c\u00e2y x\u1ea1 h\u01b0\u01a1ng, va-ni \u1ea5m v\u00e0 b\u00e1nh m\u00ec n\u01b0\u1edbng. \u0110\u00e2y l\u00e0 chai r\u01b0\u1ee3u c\u00f3 h\u01b0\u01a1ng v\u1ecb \u0111\u1eadm \u0111\u00e0 \u201cFull-bodied\u201d v\u1edbi \u0111i\u1ec3m nh\u1ea5n l\u00e0 v\u1ecb cay, m\u1eadn, m\u1ee9t blueberry v\u00e0 s\u00f4 c\u00f4 la s\u1eefa. Tanin tr\u00f2n &#8230;<\/p>\n","protected":false},"featured_media":906,"comment_status":"open","ping_status":"closed","template":"","meta":[],"pwb-brand":[],"product_cat":[17,76],"product_tag":[],"brands":[],"_links":{"self":[{"href":"https:\/\/pluginviet.com\/mau44\/wp-json\/wp\/v2\/product\/754"}],"collection":[{"href":"https:\/\/pluginviet.com\/mau44\/wp-json\/wp\/v2\/product"}],"about":[{"href":"https:\/\/pluginviet.com\/mau44\/wp-json\/wp\/v2\/types\/product"}],"replies":[{"embeddable":true,"href":"https:\/\/pluginviet.com\/mau44\/wp-json\/wp\/v2\/comments?post=754"}],"wp:featuredmedia":[{"embeddable":true,"href":"https:\/\/pluginviet.com\/mau44\/wp-json\/wp\/v2\/media\/906"}],"wp:attachment":[{"href":"https:\/\/pluginviet.com\/mau44\/wp-json\/wp\/v2\/media?parent=754"}],"wp:term":[{"taxonomy":"pwb-brand","embeddable":true,"href":"https:\/\/pluginviet.com\/mau44\/wp-json\/wp\/v2\/pwb-brand?post=754"},{"taxonomy":"product_cat","embeddable":true,"href":"https:\/\/pluginviet.com\/mau44\/wp-json\/wp\/v2\/product_cat?post=754"},{"taxonomy":"product_tag","embeddable":true,"href":"https:\/\/pluginviet.com\/mau44\/wp-json\/wp\/v2\/product_tag?post=754"}],"curies":[{"name":"wp","href":"https:\/\/api.w.org\/{rel}","templated":true}]}}