{"id":735,"date":"2022-07-21T15:36:12","date_gmt":"2022-07-21T08:36:12","guid":{"rendered":"https:\/\/khomaudep.com\/mauruou\/?post_type=product&#038;p=735"},"modified":"2022-07-21T19:51:58","modified_gmt":"2022-07-21T12:51:58","slug":"ruou-vang-protea-cabernet-sauvignon","status":"publish","type":"product","link":"https:\/\/pluginviet.com\/mau44\/san-pham\/ruou-vang-protea-cabernet-sauvignon\/","title":{"rendered":"R\u01b0\u1ee3u Vang Protea Cabernet Sauvignon"},"content":{"rendered":"<p>R\u01b0\u1ee3u c\u00f3 m\u00f9i h\u01b0\u01a1ng \u0111\u1eb7c tr\u01b0ng c\u1ee7a nh\u1eefng tr\u00e1i ch\u00edn m\u1ecdng m\u00e0u \u0111en k\u1ebft h\u1ee3p v\u1edbi m\u1ed9t ch\u00fat v\u1ecb cay nh\u00e8 nh\u1eb9 v\u00e0 h\u01b0\u01a1ng v\u1ecb cacao xi r\u00f4\u2026\u0111\u00e3 mang \u0111\u1ebfn m\u1ed9t h\u01b0\u01a1ng v\u1ecb kh\u00e1 phong ph\u00fa v\u00e0 tr\u00f2n tr\u1ecba ngay trong v\u00f2m mi\u1ec7ng c\u1ee7a nh\u1eefng ng\u01b0\u1eddi th\u01b0\u1edfng th\u1ee9c r\u01b0\u1ee3u vang.<\/p>\n","protected":false},"excerpt":{"rendered":"<p>R\u01b0\u1ee3u c\u00f3 m\u00f9i h\u01b0\u01a1ng \u0111\u1eb7c tr\u01b0ng c\u1ee7a nh\u1eefng tr\u00e1i ch\u00edn m\u1ecdng m\u00e0u \u0111en k\u1ebft h\u1ee3p v\u1edbi m\u1ed9t ch\u00fat v\u1ecb cay nh\u00e8 nh\u1eb9 v\u00e0 h\u01b0\u01a1ng v\u1ecb cacao xi r\u00f4\u2026\u0111\u00e3 mang \u0111\u1ebfn m\u1ed9t h\u01b0\u01a1ng v\u1ecb kh\u00e1 phong ph\u00fa v\u00e0 tr\u00f2n tr\u1ecba ngay trong v\u00f2m mi\u1ec7ng c\u1ee7a nh\u1eefng ng\u01b0\u1eddi th\u01b0\u1edfng th\u1ee9c r\u01b0\u1ee3u vang.<\/p>\n","protected":false},"featured_media":914,"comment_status":"open","ping_status":"closed","template":"","meta":[],"pwb-brand":[],"product_cat":[17,78],"product_tag":[],"brands":[],"_links":{"self":[{"href":"https:\/\/pluginviet.com\/mau44\/wp-json\/wp\/v2\/product\/735"}],"collection":[{"href":"https:\/\/pluginviet.com\/mau44\/wp-json\/wp\/v2\/product"}],"about":[{"href":"https:\/\/pluginviet.com\/mau44\/wp-json\/wp\/v2\/types\/product"}],"replies":[{"embeddable":true,"href":"https:\/\/pluginviet.com\/mau44\/wp-json\/wp\/v2\/comments?post=735"}],"wp:featuredmedia":[{"embeddable":true,"href":"https:\/\/pluginviet.com\/mau44\/wp-json\/wp\/v2\/media\/914"}],"wp:attachment":[{"href":"https:\/\/pluginviet.com\/mau44\/wp-json\/wp\/v2\/media?parent=735"}],"wp:term":[{"taxonomy":"pwb-brand","embeddable":true,"href":"https:\/\/pluginviet.com\/mau44\/wp-json\/wp\/v2\/pwb-brand?post=735"},{"taxonomy":"product_cat","embeddable":true,"href":"https:\/\/pluginviet.com\/mau44\/wp-json\/wp\/v2\/product_cat?post=735"},{"taxonomy":"product_tag","embeddable":true,"href":"https:\/\/pluginviet.com\/mau44\/wp-json\/wp\/v2\/product_tag?post=735"}],"curies":[{"name":"wp","href":"https:\/\/api.w.org\/{rel}","templated":true}]}}