{"id":733,"date":"2022-07-21T15:32:29","date_gmt":"2022-07-21T08:32:29","guid":{"rendered":"https:\/\/khomaudep.com\/mauruou\/?post_type=product&#038;p=733"},"modified":"2022-07-21T19:06:12","modified_gmt":"2022-07-21T12:06:12","slug":"f-negro","status":"publish","type":"product","link":"https:\/\/pluginviet.com\/mau44\/san-pham\/f-negro\/","title":{"rendered":"F negro"},"content":{"rendered":"<p>h\u01b0\u01a1ng th\u01a1m v\u1edbi c\u00e1c ghi ch\u00fa tannin kh\u00e1 m\u1ec1m, x\u1ed1p v\u00e0 cho ra h\u01b0\u01a1ng v\u1ecb vani, m\u00f9i m\u1eadn ch\u00edn, sim t\u00edm, m\u1ee9t qu\u1ea3 \u0111en. R\u01b0\u1ee3u kh\u00e1 d\u00e0y tr\u00e0n \u0111\u1ea7y trong khoang mi\u1ec7ng, tr\u00f2n v\u1ecb, m\u1ec1m m\u1ea1i v\u00e0 h\u00e0i h\u00f2a, gi\u00e0u tannin, b\u00e9o ng\u1eady v\u1edbi h\u01b0\u01a1ng b\u01a1, kem kh\u00e1 tinh t\u1ebf, xen l\u1eabn m\u00f9i th\u01a1m c\u1ee7a cacao<\/p>\n","protected":false},"excerpt":{"rendered":"<p>h\u01b0\u01a1ng th\u01a1m v\u1edbi c\u00e1c ghi ch\u00fa tannin kh\u00e1 m\u1ec1m, x\u1ed1p v\u00e0 cho ra h\u01b0\u01a1ng v\u1ecb vani, m\u00f9i m\u1eadn ch\u00edn, sim t\u00edm, m\u1ee9t qu\u1ea3 \u0111en. R\u01b0\u1ee3u kh\u00e1 d\u00e0y tr\u00e0n \u0111\u1ea7y trong khoang mi\u1ec7ng, tr\u00f2n v\u1ecb, m\u1ec1m m\u1ea1i v\u00e0 h\u00e0i h\u00f2a, gi\u00e0u tannin, b\u00e9o ng\u1eady v\u1edbi h\u01b0\u01a1ng b\u01a1, kem kh\u00e1 tinh t\u1ebf, xen l\u1eabn m\u00f9i th\u01a1m c\u1ee7a &#8230;<\/p>\n","protected":false},"featured_media":819,"comment_status":"open","ping_status":"closed","template":"","meta":[],"pwb-brand":[],"product_cat":[17,81],"product_tag":[],"brands":[],"_links":{"self":[{"href":"https:\/\/pluginviet.com\/mau44\/wp-json\/wp\/v2\/product\/733"}],"collection":[{"href":"https:\/\/pluginviet.com\/mau44\/wp-json\/wp\/v2\/product"}],"about":[{"href":"https:\/\/pluginviet.com\/mau44\/wp-json\/wp\/v2\/types\/product"}],"replies":[{"embeddable":true,"href":"https:\/\/pluginviet.com\/mau44\/wp-json\/wp\/v2\/comments?post=733"}],"wp:featuredmedia":[{"embeddable":true,"href":"https:\/\/pluginviet.com\/mau44\/wp-json\/wp\/v2\/media\/819"}],"wp:attachment":[{"href":"https:\/\/pluginviet.com\/mau44\/wp-json\/wp\/v2\/media?parent=733"}],"wp:term":[{"taxonomy":"pwb-brand","embeddable":true,"href":"https:\/\/pluginviet.com\/mau44\/wp-json\/wp\/v2\/pwb-brand?post=733"},{"taxonomy":"product_cat","embeddable":true,"href":"https:\/\/pluginviet.com\/mau44\/wp-json\/wp\/v2\/product_cat?post=733"},{"taxonomy":"product_tag","embeddable":true,"href":"https:\/\/pluginviet.com\/mau44\/wp-json\/wp\/v2\/product_tag?post=733"}],"curies":[{"name":"wp","href":"https:\/\/api.w.org\/{rel}","templated":true}]}}