{"id":724,"date":"2022-07-21T15:24:59","date_gmt":"2022-07-21T08:24:59","guid":{"rendered":"https:\/\/khomaudep.com\/mauruou\/?post_type=product&#038;p=724"},"modified":"2022-07-21T19:11:10","modified_gmt":"2022-07-21T12:11:10","slug":"vang-do-vindoro-gold-karat-2019-2","status":"publish","type":"product","link":"https:\/\/pluginviet.com\/mau44\/san-pham\/vang-do-vindoro-gold-karat-2019-2\/","title":{"rendered":"Vang \u0111\u1ecf Vindoro Gold Karat 2019"},"content":{"rendered":"<p>V\u1ecb c\u1ee7a r\u01b0\u1ee3u vang con c\u00f4ng nh\u00e3n v\u00e0ng r\u1ea5t r\u00f5 n\u00e9t \u0111\u00f3 l\u00e0 ch\u00e1t \u0111\u1eadm \u0111\u00e0 l\u00fac \u0111\u1ea7u sau \u00eam \u1edf tr\u00ean v\u00f2m mi\u1ec7ng, c\u00e0ng th\u1ea9m l\u00e2u b\u1ea1n s\u1ebd th\u1ea5y \u0111\u01b0\u1ee3c s\u1ef1 tr\u00f2n v\u1ecb trong v\u00f2m h\u1ecdng, tannin v\u00e0 axit chua v\u1eeba ph\u1ea3i mang \u0111\u1ebfn m\u1ed9t s\u1ef1 c\u1ea7n b\u1eb1ng trong c\u1ea5u tr\u00fac r\u01b0\u1ee3u, h\u1eadu v\u1ecb ch\u00e1t nh\u1eb9 v\u00e0 k\u00e9o d\u00e0i.<\/p>\n","protected":false},"excerpt":{"rendered":"<p>V\u1ecb c\u1ee7a r\u01b0\u1ee3u vang con c\u00f4ng nh\u00e3n v\u00e0ng r\u1ea5t r\u00f5 n\u00e9t \u0111\u00f3 l\u00e0 ch\u00e1t \u0111\u1eadm \u0111\u00e0 l\u00fac \u0111\u1ea7u sau \u00eam \u1edf tr\u00ean v\u00f2m mi\u1ec7ng, c\u00e0ng th\u1ea9m l\u00e2u b\u1ea1n s\u1ebd th\u1ea5y \u0111\u01b0\u1ee3c s\u1ef1 tr\u00f2n v\u1ecb trong v\u00f2m h\u1ecdng, tannin v\u00e0 axit chua v\u1eeba ph\u1ea3i mang \u0111\u1ebfn m\u1ed9t s\u1ef1 c\u1ea7n b\u1eb1ng trong c\u1ea5u tr\u00fac r\u01b0\u1ee3u, h\u1eadu v\u1ecb &#8230;<\/p>\n","protected":false},"featured_media":827,"comment_status":"open","ping_status":"closed","template":"","meta":[],"pwb-brand":[],"product_cat":[17,81],"product_tag":[],"brands":[],"_links":{"self":[{"href":"https:\/\/pluginviet.com\/mau44\/wp-json\/wp\/v2\/product\/724"}],"collection":[{"href":"https:\/\/pluginviet.com\/mau44\/wp-json\/wp\/v2\/product"}],"about":[{"href":"https:\/\/pluginviet.com\/mau44\/wp-json\/wp\/v2\/types\/product"}],"replies":[{"embeddable":true,"href":"https:\/\/pluginviet.com\/mau44\/wp-json\/wp\/v2\/comments?post=724"}],"wp:featuredmedia":[{"embeddable":true,"href":"https:\/\/pluginviet.com\/mau44\/wp-json\/wp\/v2\/media\/827"}],"wp:attachment":[{"href":"https:\/\/pluginviet.com\/mau44\/wp-json\/wp\/v2\/media?parent=724"}],"wp:term":[{"taxonomy":"pwb-brand","embeddable":true,"href":"https:\/\/pluginviet.com\/mau44\/wp-json\/wp\/v2\/pwb-brand?post=724"},{"taxonomy":"product_cat","embeddable":true,"href":"https:\/\/pluginviet.com\/mau44\/wp-json\/wp\/v2\/product_cat?post=724"},{"taxonomy":"product_tag","embeddable":true,"href":"https:\/\/pluginviet.com\/mau44\/wp-json\/wp\/v2\/product_tag?post=724"}],"curies":[{"name":"wp","href":"https:\/\/api.w.org\/{rel}","templated":true}]}}