{"id":723,"date":"2022-07-21T15:23:58","date_gmt":"2022-07-21T08:23:58","guid":{"rendered":"https:\/\/khomaudep.com\/mauruou\/?post_type=product&#038;p=723"},"modified":"2022-07-21T19:11:24","modified_gmt":"2022-07-21T12:11:24","slug":"ruou-vang-7-muri-primitivo-di-manduria","status":"publish","type":"product","link":"https:\/\/pluginviet.com\/mau44\/san-pham\/ruou-vang-7-muri-primitivo-di-manduria\/","title":{"rendered":"R\u01b0\u1ee3u vang 7 Muri Primitivo di Manduria"},"content":{"rendered":"<p>Primitivo l\u00e0 m\u1ed9t lo\u1ea1i m\u00e0u \u0111\u1ecf \u0111\u01b0\u1ee3c ph\u00e2n bi\u1ec7t b\u1edfi s\u1ef1 c\u00e2n b\u1eb1ng trong h\u01b0\u01a1ng v\u1ecb, k\u1ebft h\u1ee3p c\u00e1c t\u00f4ng m\u00e0u c\u1ee7a d\u00e2u \u0111en, m\u00e2m x\u00f4i, anh \u0111\u00e0o v\u00e0 nam vi\u1ec7t qu\u1ea5t.\u00a0R\u01b0\u1ee3u \u0111\u01b0\u1ee3c s\u1ea3n xu\u1ea5t theo ph\u01b0\u01a1ng ph\u00e1p c\u1ed5 \u0111i\u1ec3n, bao g\u1ed3m qu\u00e1 tr\u00ecnh l\u00ean men d\u00e0i ng\u00e0y, sau \u0111\u00f3 \u1ee7 trong th\u00f9ng g\u1ed7 s\u1ed3i<\/p>\n","protected":false},"excerpt":{"rendered":"<p>Primitivo l\u00e0 m\u1ed9t lo\u1ea1i m\u00e0u \u0111\u1ecf \u0111\u01b0\u1ee3c ph\u00e2n bi\u1ec7t b\u1edfi s\u1ef1 c\u00e2n b\u1eb1ng trong h\u01b0\u01a1ng v\u1ecb, k\u1ebft h\u1ee3p c\u00e1c t\u00f4ng m\u00e0u c\u1ee7a d\u00e2u \u0111en, m\u00e2m x\u00f4i, anh \u0111\u00e0o v\u00e0 nam vi\u1ec7t qu\u1ea5t.\u00a0R\u01b0\u1ee3u \u0111\u01b0\u1ee3c s\u1ea3n xu\u1ea5t theo ph\u01b0\u01a1ng ph\u00e1p c\u1ed5 \u0111i\u1ec3n, bao g\u1ed3m qu\u00e1 tr\u00ecnh l\u00ean men d\u00e0i ng\u00e0y, sau \u0111\u00f3 \u1ee7 trong th\u00f9ng g\u1ed7 s\u1ed3i<\/p>\n","protected":false},"featured_media":828,"comment_status":"open","ping_status":"closed","template":"","meta":[],"pwb-brand":[],"product_cat":[17,81],"product_tag":[],"brands":[],"_links":{"self":[{"href":"https:\/\/pluginviet.com\/mau44\/wp-json\/wp\/v2\/product\/723"}],"collection":[{"href":"https:\/\/pluginviet.com\/mau44\/wp-json\/wp\/v2\/product"}],"about":[{"href":"https:\/\/pluginviet.com\/mau44\/wp-json\/wp\/v2\/types\/product"}],"replies":[{"embeddable":true,"href":"https:\/\/pluginviet.com\/mau44\/wp-json\/wp\/v2\/comments?post=723"}],"wp:featuredmedia":[{"embeddable":true,"href":"https:\/\/pluginviet.com\/mau44\/wp-json\/wp\/v2\/media\/828"}],"wp:attachment":[{"href":"https:\/\/pluginviet.com\/mau44\/wp-json\/wp\/v2\/media?parent=723"}],"wp:term":[{"taxonomy":"pwb-brand","embeddable":true,"href":"https:\/\/pluginviet.com\/mau44\/wp-json\/wp\/v2\/pwb-brand?post=723"},{"taxonomy":"product_cat","embeddable":true,"href":"https:\/\/pluginviet.com\/mau44\/wp-json\/wp\/v2\/product_cat?post=723"},{"taxonomy":"product_tag","embeddable":true,"href":"https:\/\/pluginviet.com\/mau44\/wp-json\/wp\/v2\/product_tag?post=723"}],"curies":[{"name":"wp","href":"https:\/\/api.w.org\/{rel}","templated":true}]}}