{"id":718,"date":"2022-07-21T15:19:13","date_gmt":"2022-07-21T08:19:13","guid":{"rendered":"https:\/\/khomaudep.com\/mauruou\/?post_type=product&#038;p=718"},"modified":"2022-07-21T19:13:11","modified_gmt":"2022-07-21T12:13:11","slug":"vang-cascinetta-vietti-moscato-dasti-2017","status":"publish","type":"product","link":"https:\/\/pluginviet.com\/mau44\/san-pham\/vang-cascinetta-vietti-moscato-dasti-2017\/","title":{"rendered":"Vang Cascinetta Vietti Moscato d\u2019asti 2017"},"content":{"rendered":"<p>R\u01b0\u1ee3u vang Cascinetta Vietti Moscato d\u2019asti l\u00e0 m\u1ed9t chai r\u01b0\u1ee3u vang tr\u1eafng c\u1ee7a \u00dd. R\u01b0\u1ee3u vang n\u00e0y r\u1ea5t th\u00edch h\u1ee3p cho ph\u1ee5 n\u1eef v\u00ec n\u00f3 l\u00e0 m\u1ed9t r\u01b0\u1ee3u vang ng\u1ecdt. Chai r\u01b0\u1ee3u n\u1ed5i b\u1eadt v\u1edbi nh\u00e3n tr\u1eafng v\u1edbi hoa t\u01b0\u01a1i s\u00e1ng nhi\u1ec1u m\u00e0u s\u1eafc. R\u01b0\u1ee3u d\u1ec5 u\u1ed1ng v\u00e0 d\u1ec5 k\u1ebft h\u1ee3p \u0111\u1ed3 \u0103n. H\u01b0\u01a1ng th\u01a1m t\u01b0\u01a1i m\u1edbi v\u00e0 tr\u00e0n \u0111\u1ea7y s\u1ef1 tr\u1ebb trung<\/p>\n","protected":false},"excerpt":{"rendered":"<p>R\u01b0\u1ee3u vang Cascinetta Vietti Moscato d\u2019asti l\u00e0 m\u1ed9t chai r\u01b0\u1ee3u vang tr\u1eafng c\u1ee7a \u00dd. R\u01b0\u1ee3u vang n\u00e0y r\u1ea5t th\u00edch h\u1ee3p cho ph\u1ee5 n\u1eef v\u00ec n\u00f3 l\u00e0 m\u1ed9t r\u01b0\u1ee3u vang ng\u1ecdt. Chai r\u01b0\u1ee3u n\u1ed5i b\u1eadt v\u1edbi nh\u00e3n tr\u1eafng v\u1edbi hoa t\u01b0\u01a1i s\u00e1ng nhi\u1ec1u m\u00e0u s\u1eafc. R\u01b0\u1ee3u d\u1ec5 u\u1ed1ng v\u00e0 d\u1ec5 k\u1ebft h\u1ee3p \u0111\u1ed3 \u0103n. H\u01b0\u01a1ng th\u01a1m &#8230;<\/p>\n","protected":false},"featured_media":833,"comment_status":"open","ping_status":"closed","template":"","meta":[],"pwb-brand":[],"product_cat":[17,81],"product_tag":[],"brands":[],"_links":{"self":[{"href":"https:\/\/pluginviet.com\/mau44\/wp-json\/wp\/v2\/product\/718"}],"collection":[{"href":"https:\/\/pluginviet.com\/mau44\/wp-json\/wp\/v2\/product"}],"about":[{"href":"https:\/\/pluginviet.com\/mau44\/wp-json\/wp\/v2\/types\/product"}],"replies":[{"embeddable":true,"href":"https:\/\/pluginviet.com\/mau44\/wp-json\/wp\/v2\/comments?post=718"}],"wp:featuredmedia":[{"embeddable":true,"href":"https:\/\/pluginviet.com\/mau44\/wp-json\/wp\/v2\/media\/833"}],"wp:attachment":[{"href":"https:\/\/pluginviet.com\/mau44\/wp-json\/wp\/v2\/media?parent=718"}],"wp:term":[{"taxonomy":"pwb-brand","embeddable":true,"href":"https:\/\/pluginviet.com\/mau44\/wp-json\/wp\/v2\/pwb-brand?post=718"},{"taxonomy":"product_cat","embeddable":true,"href":"https:\/\/pluginviet.com\/mau44\/wp-json\/wp\/v2\/product_cat?post=718"},{"taxonomy":"product_tag","embeddable":true,"href":"https:\/\/pluginviet.com\/mau44\/wp-json\/wp\/v2\/product_tag?post=718"}],"curies":[{"name":"wp","href":"https:\/\/api.w.org\/{rel}","templated":true}]}}