{"id":713,"date":"2022-07-21T15:14:07","date_gmt":"2022-07-21T08:14:07","guid":{"rendered":"https:\/\/khomaudep.com\/mauruou\/?post_type=product&#038;p=713"},"modified":"2022-07-21T19:16:00","modified_gmt":"2022-07-21T12:16:00","slug":"vang-16-edizione-limited-release","status":"publish","type":"product","link":"https:\/\/pluginviet.com\/mau44\/san-pham\/vang-16-edizione-limited-release\/","title":{"rendered":"Vang 16 Edizione Limited Release"},"content":{"rendered":"<p>R\u01b0\u1ee3u vang 16 Edizone\u00a0c\u00f3 m\u00e0u \u0111\u1ecf \u0111\u1eadm sang tr\u1ecdng l\u1ecbch l\u00e3m. Vang c\u00f3 m\u00f9i th\u01a1m m\u00e3nh li\u1ec7t, ph\u1ee9c h\u1ee3p c\u1ee7a nh\u1eefng tr\u00e1i c\u00e2y \u0111en nh\u01b0 qu\u1ea3 m\u00e2m x\u00f4i, m\u1eadn ch\u00edn, nho kh\u00f4, ph\u1ea3ng ph\u1ea5t th\u00eam h\u01b0\u01a1ng th\u01a1m c\u1ee7a s\u00f4 c\u00f4 la v\u00e0 vanila tinh t\u1ebf.<\/p>\n","protected":false},"excerpt":{"rendered":"<p>R\u01b0\u1ee3u vang 16 Edizone\u00a0c\u00f3 m\u00e0u \u0111\u1ecf \u0111\u1eadm sang tr\u1ecdng l\u1ecbch l\u00e3m. Vang c\u00f3 m\u00f9i th\u01a1m m\u00e3nh li\u1ec7t, ph\u1ee9c h\u1ee3p c\u1ee7a nh\u1eefng tr\u00e1i c\u00e2y \u0111en nh\u01b0 qu\u1ea3 m\u00e2m x\u00f4i, m\u1eadn ch\u00edn, nho kh\u00f4, ph\u1ea3ng ph\u1ea5t th\u00eam h\u01b0\u01a1ng th\u01a1m c\u1ee7a s\u00f4 c\u00f4 la v\u00e0 vanila tinh t\u1ebf.<\/p>\n","protected":false},"featured_media":838,"comment_status":"open","ping_status":"closed","template":"","meta":[],"pwb-brand":[],"product_cat":[17,81],"product_tag":[],"brands":[],"_links":{"self":[{"href":"https:\/\/pluginviet.com\/mau44\/wp-json\/wp\/v2\/product\/713"}],"collection":[{"href":"https:\/\/pluginviet.com\/mau44\/wp-json\/wp\/v2\/product"}],"about":[{"href":"https:\/\/pluginviet.com\/mau44\/wp-json\/wp\/v2\/types\/product"}],"replies":[{"embeddable":true,"href":"https:\/\/pluginviet.com\/mau44\/wp-json\/wp\/v2\/comments?post=713"}],"wp:featuredmedia":[{"embeddable":true,"href":"https:\/\/pluginviet.com\/mau44\/wp-json\/wp\/v2\/media\/838"}],"wp:attachment":[{"href":"https:\/\/pluginviet.com\/mau44\/wp-json\/wp\/v2\/media?parent=713"}],"wp:term":[{"taxonomy":"pwb-brand","embeddable":true,"href":"https:\/\/pluginviet.com\/mau44\/wp-json\/wp\/v2\/pwb-brand?post=713"},{"taxonomy":"product_cat","embeddable":true,"href":"https:\/\/pluginviet.com\/mau44\/wp-json\/wp\/v2\/product_cat?post=713"},{"taxonomy":"product_tag","embeddable":true,"href":"https:\/\/pluginviet.com\/mau44\/wp-json\/wp\/v2\/product_tag?post=713"}],"curies":[{"name":"wp","href":"https:\/\/api.w.org\/{rel}","templated":true}]}}