{"id":705,"date":"2022-07-21T15:05:24","date_gmt":"2022-07-21T08:05:24","guid":{"rendered":"https:\/\/khomaudep.com\/mauruou\/?post_type=product&#038;p=705"},"modified":"2022-07-21T19:18:03","modified_gmt":"2022-07-21T12:18:03","slug":"insoglio-2015","status":"publish","type":"product","link":"https:\/\/pluginviet.com\/mau44\/san-pham\/insoglio-2015\/","title":{"rendered":"INSOGLIO 2015"},"content":{"rendered":"<p>Syrah, Cabernet Franc, Merlot v\u00e0 m\u1ed9t ch\u00fat s\u1ef1 k\u1ebft h\u1ee3p c\u1ee7a Petit Verdot t\u1ea1o n\u00ean h\u01b0\u01a1ng v\u1ecb blend d\u1eb7c tr\u01b0ng v\u00f9ng b\u1edd bi\u1ec3n Tuscany. M\u1edf r\u01b0\u1ee3u lan t\u1ecfa h\u01b0\u01a1ng th\u01a1m n\u1ed3ng n\u00e0n c\u1ee7a tr\u00e1i c\u00e2y ch\u00edn m\u00e0u \u0111en, b\u00e1nh m\u00ec n\u01b0\u1edbng, h\u01b0\u01a1ng th\u01a1m c\u1ee7a th\u1ea3o m\u1ed9c, hoa violet v\u00e0 \u0111\u1ea5t \u1ea9m. Trong v\u00f2m mi\u1ec7ng, h\u01b0\u01a1ng v\u1ecb c\u1ee7a anh \u0111\u00e0o \u0111\u1ecf, m\u00e2m x\u00f4i nghi\u1ec1n, b\u1ea1c h\u00e0, hoa h\u1ed3i v\u00e0 v\u1ecb kho\u00e1ng ch\u1ea5t h\u00f2a quy\u1ec7n c\u00f9ng acid s\u1ea3ng kho\u00e1i, tanin m\u1ec1m m\u1ecbn.<\/p>\n","protected":false},"excerpt":{"rendered":"<p>Syrah, Cabernet Franc, Merlot v\u00e0 m\u1ed9t ch\u00fat s\u1ef1 k\u1ebft h\u1ee3p c\u1ee7a Petit Verdot t\u1ea1o n\u00ean h\u01b0\u01a1ng v\u1ecb blend d\u1eb7c tr\u01b0ng v\u00f9ng b\u1edd bi\u1ec3n Tuscany. M\u1edf r\u01b0\u1ee3u lan t\u1ecfa h\u01b0\u01a1ng th\u01a1m n\u1ed3ng n\u00e0n c\u1ee7a tr\u00e1i c\u00e2y ch\u00edn m\u00e0u \u0111en, b\u00e1nh m\u00ec n\u01b0\u1edbng, h\u01b0\u01a1ng th\u01a1m c\u1ee7a th\u1ea3o m\u1ed9c, hoa violet v\u00e0 \u0111\u1ea5t \u1ea9m. Trong v\u00f2m mi\u1ec7ng, h\u01b0\u01a1ng &#8230;<\/p>\n","protected":false},"featured_media":846,"comment_status":"open","ping_status":"closed","template":"","meta":[],"pwb-brand":[],"product_cat":[17,81],"product_tag":[],"brands":[],"_links":{"self":[{"href":"https:\/\/pluginviet.com\/mau44\/wp-json\/wp\/v2\/product\/705"}],"collection":[{"href":"https:\/\/pluginviet.com\/mau44\/wp-json\/wp\/v2\/product"}],"about":[{"href":"https:\/\/pluginviet.com\/mau44\/wp-json\/wp\/v2\/types\/product"}],"replies":[{"embeddable":true,"href":"https:\/\/pluginviet.com\/mau44\/wp-json\/wp\/v2\/comments?post=705"}],"wp:featuredmedia":[{"embeddable":true,"href":"https:\/\/pluginviet.com\/mau44\/wp-json\/wp\/v2\/media\/846"}],"wp:attachment":[{"href":"https:\/\/pluginviet.com\/mau44\/wp-json\/wp\/v2\/media?parent=705"}],"wp:term":[{"taxonomy":"pwb-brand","embeddable":true,"href":"https:\/\/pluginviet.com\/mau44\/wp-json\/wp\/v2\/pwb-brand?post=705"},{"taxonomy":"product_cat","embeddable":true,"href":"https:\/\/pluginviet.com\/mau44\/wp-json\/wp\/v2\/product_cat?post=705"},{"taxonomy":"product_tag","embeddable":true,"href":"https:\/\/pluginviet.com\/mau44\/wp-json\/wp\/v2\/product_tag?post=705"}],"curies":[{"name":"wp","href":"https:\/\/api.w.org\/{rel}","templated":true}]}}