{"id":699,"date":"2022-07-21T14:45:47","date_gmt":"2022-07-21T07:45:47","guid":{"rendered":"https:\/\/khomaudep.com\/mauruou\/?post_type=product&#038;p=699"},"modified":"2022-07-21T18:56:01","modified_gmt":"2022-07-21T11:56:01","slug":"ruou-vang-giesen-chardonnay","status":"publish","type":"product","link":"https:\/\/pluginviet.com\/mau44\/san-pham\/ruou-vang-giesen-chardonnay\/","title":{"rendered":"R\u01b0\u1ee3u Vang Giesen Chardonnay"},"content":{"rendered":"<p>V\u1ecb r\u01b0\u1ee3u ng\u1ecdt ng\u00e0o, th\u00eam v\u00e0o \u0111\u00f3 l\u00e0 ch\u00fat h\u1eafc c\u1ee7a h\u1ea1t ti\u00eau, ch\u00fat cay c\u1ee7a \u1edbt xanh v\u00e0 v\u1ecb ng\u1eady c\u1ee7a g\u1ed7 s\u1ed3i.<\/p>\n","protected":false},"excerpt":{"rendered":"<p>V\u1ecb r\u01b0\u1ee3u ng\u1ecdt ng\u00e0o, th\u00eam v\u00e0o \u0111\u00f3 l\u00e0 ch\u00fat h\u1eafc c\u1ee7a h\u1ea1t ti\u00eau, ch\u00fat cay c\u1ee7a \u1edbt xanh v\u00e0 v\u1ecb ng\u1eady c\u1ee7a g\u1ed7 s\u1ed3i.<\/p>\n","protected":false},"featured_media":818,"comment_status":"open","ping_status":"closed","template":"","meta":[],"pwb-brand":[],"product_cat":[17,80],"product_tag":[],"brands":[],"_links":{"self":[{"href":"https:\/\/pluginviet.com\/mau44\/wp-json\/wp\/v2\/product\/699"}],"collection":[{"href":"https:\/\/pluginviet.com\/mau44\/wp-json\/wp\/v2\/product"}],"about":[{"href":"https:\/\/pluginviet.com\/mau44\/wp-json\/wp\/v2\/types\/product"}],"replies":[{"embeddable":true,"href":"https:\/\/pluginviet.com\/mau44\/wp-json\/wp\/v2\/comments?post=699"}],"wp:featuredmedia":[{"embeddable":true,"href":"https:\/\/pluginviet.com\/mau44\/wp-json\/wp\/v2\/media\/818"}],"wp:attachment":[{"href":"https:\/\/pluginviet.com\/mau44\/wp-json\/wp\/v2\/media?parent=699"}],"wp:term":[{"taxonomy":"pwb-brand","embeddable":true,"href":"https:\/\/pluginviet.com\/mau44\/wp-json\/wp\/v2\/pwb-brand?post=699"},{"taxonomy":"product_cat","embeddable":true,"href":"https:\/\/pluginviet.com\/mau44\/wp-json\/wp\/v2\/product_cat?post=699"},{"taxonomy":"product_tag","embeddable":true,"href":"https:\/\/pluginviet.com\/mau44\/wp-json\/wp\/v2\/product_tag?post=699"}],"curies":[{"name":"wp","href":"https:\/\/api.w.org\/{rel}","templated":true}]}}