{"id":697,"date":"2022-07-21T14:42:07","date_gmt":"2022-07-21T07:42:07","guid":{"rendered":"https:\/\/khomaudep.com\/mauruou\/?post_type=product&#038;p=697"},"modified":"2022-07-21T18:49:14","modified_gmt":"2022-07-21T11:49:14","slug":"ruou-vang-coppola-directors-cabernet-sauvignon","status":"publish","type":"product","link":"https:\/\/pluginviet.com\/mau44\/san-pham\/ruou-vang-coppola-directors-cabernet-sauvignon\/","title":{"rendered":"R\u01b0\u1ee3u vang Coppola Director\u2019s Cabernet Sauvignon"},"content":{"rendered":"<p>R\u01b0\u1ee3u\u00a0\u0111\u01b0\u1ee3c l\u00e0m n\u00ean t\u1eeb gi\u1ed1ng nho\u00a0Cabernet Sauvignon, \u0111\u00e2y l\u00e0 m\u1ed9t gi\u1ed1ng nho c\u00f3 \u0111\u1eb7c \u0111i\u1ec3m n\u1ed5i b\u1eadt b\u1edfi l\u1edbp v\u1ecf m\u00e0u \u0111en v\u1edbi l\u01b0\u1ee3ng tannin tr\u00f9 ph\u00fa. Ch\u00ednh v\u00ec v\u1eady m\u00e0 r\u01b0\u1ee3u s\u1ebd c\u00f3 m\u1ed9t ch\u00fat v\u1ecb ch\u00e1t h\u01a1n so v\u1edbi nh\u1eefng d\u00f2ng vang th\u00f4ng th\u01b0\u1eddng kh\u00e1c.<\/p>\n","protected":false},"excerpt":{"rendered":"<p>R\u01b0\u1ee3u\u00a0\u0111\u01b0\u1ee3c l\u00e0m n\u00ean t\u1eeb gi\u1ed1ng nho\u00a0Cabernet Sauvignon, \u0111\u00e2y l\u00e0 m\u1ed9t gi\u1ed1ng nho c\u00f3 \u0111\u1eb7c \u0111i\u1ec3m n\u1ed5i b\u1eadt b\u1edfi l\u1edbp v\u1ecf m\u00e0u \u0111en v\u1edbi l\u01b0\u1ee3ng tannin tr\u00f9 ph\u00fa. Ch\u00ednh v\u00ec v\u1eady m\u00e0 r\u01b0\u1ee3u s\u1ebd c\u00f3 m\u1ed9t ch\u00fat v\u1ecb ch\u00e1t h\u01a1n so v\u1edbi nh\u1eefng d\u00f2ng vang th\u00f4ng th\u01b0\u1eddng kh\u00e1c.<\/p>\n","protected":false},"featured_media":809,"comment_status":"open","ping_status":"closed","template":"","meta":[],"pwb-brand":[],"product_cat":[17,72],"product_tag":[],"brands":[],"_links":{"self":[{"href":"https:\/\/pluginviet.com\/mau44\/wp-json\/wp\/v2\/product\/697"}],"collection":[{"href":"https:\/\/pluginviet.com\/mau44\/wp-json\/wp\/v2\/product"}],"about":[{"href":"https:\/\/pluginviet.com\/mau44\/wp-json\/wp\/v2\/types\/product"}],"replies":[{"embeddable":true,"href":"https:\/\/pluginviet.com\/mau44\/wp-json\/wp\/v2\/comments?post=697"}],"wp:featuredmedia":[{"embeddable":true,"href":"https:\/\/pluginviet.com\/mau44\/wp-json\/wp\/v2\/media\/809"}],"wp:attachment":[{"href":"https:\/\/pluginviet.com\/mau44\/wp-json\/wp\/v2\/media?parent=697"}],"wp:term":[{"taxonomy":"pwb-brand","embeddable":true,"href":"https:\/\/pluginviet.com\/mau44\/wp-json\/wp\/v2\/pwb-brand?post=697"},{"taxonomy":"product_cat","embeddable":true,"href":"https:\/\/pluginviet.com\/mau44\/wp-json\/wp\/v2\/product_cat?post=697"},{"taxonomy":"product_tag","embeddable":true,"href":"https:\/\/pluginviet.com\/mau44\/wp-json\/wp\/v2\/product_tag?post=697"}],"curies":[{"name":"wp","href":"https:\/\/api.w.org\/{rel}","templated":true}]}}