{"id":693,"date":"2022-07-21T14:36:56","date_gmt":"2022-07-21T07:36:56","guid":{"rendered":"https:\/\/khomaudep.com\/mauruou\/?post_type=product&#038;p=693"},"modified":"2022-07-21T18:51:13","modified_gmt":"2022-07-21T11:51:13","slug":"coppola-rosso-bianco-shiraz","status":"publish","type":"product","link":"https:\/\/pluginviet.com\/mau44\/san-pham\/coppola-rosso-bianco-shiraz\/","title":{"rendered":"Coppola Rosso &#038; Bianco Shiraz"},"content":{"rendered":"<p>R\u01b0\u1ee3u vang Coppola Rosso &amp; Bianco Shiraz c\u00f3 m\u00e0u \u0111\u1ecf \u0111\u1eadm v\u1edbi \u00e1nh t\u00edm h\u1eaft tr\u00ean th\u00e0nh ly. Vang c\u00f3 m\u00f9i th\u01a1m thoang tho\u1ea3ng c\u1ee7a qu\u1ea3 vi\u1ec7t qu\u1ea5t, anh \u0111\u00e0o, ch\u00fat cay c\u1ee7a qu\u1ebf v\u00e0 hoa \u0111\u1ed3ng th\u1ea3o.<\/p>\n","protected":false},"excerpt":{"rendered":"<p>R\u01b0\u1ee3u vang Coppola Rosso &amp; Bianco Shiraz c\u00f3 m\u00e0u \u0111\u1ecf \u0111\u1eadm v\u1edbi \u00e1nh t\u00edm h\u1eaft tr\u00ean th\u00e0nh ly. Vang c\u00f3 m\u00f9i th\u01a1m thoang tho\u1ea3ng c\u1ee7a qu\u1ea3 vi\u1ec7t qu\u1ea5t, anh \u0111\u00e0o, ch\u00fat cay c\u1ee7a qu\u1ebf v\u00e0 hoa \u0111\u1ed3ng th\u1ea3o.<\/p>\n","protected":false},"featured_media":812,"comment_status":"open","ping_status":"closed","template":"","meta":[],"pwb-brand":[],"product_cat":[17,72],"product_tag":[],"brands":[],"_links":{"self":[{"href":"https:\/\/pluginviet.com\/mau44\/wp-json\/wp\/v2\/product\/693"}],"collection":[{"href":"https:\/\/pluginviet.com\/mau44\/wp-json\/wp\/v2\/product"}],"about":[{"href":"https:\/\/pluginviet.com\/mau44\/wp-json\/wp\/v2\/types\/product"}],"replies":[{"embeddable":true,"href":"https:\/\/pluginviet.com\/mau44\/wp-json\/wp\/v2\/comments?post=693"}],"wp:featuredmedia":[{"embeddable":true,"href":"https:\/\/pluginviet.com\/mau44\/wp-json\/wp\/v2\/media\/812"}],"wp:attachment":[{"href":"https:\/\/pluginviet.com\/mau44\/wp-json\/wp\/v2\/media?parent=693"}],"wp:term":[{"taxonomy":"pwb-brand","embeddable":true,"href":"https:\/\/pluginviet.com\/mau44\/wp-json\/wp\/v2\/pwb-brand?post=693"},{"taxonomy":"product_cat","embeddable":true,"href":"https:\/\/pluginviet.com\/mau44\/wp-json\/wp\/v2\/product_cat?post=693"},{"taxonomy":"product_tag","embeddable":true,"href":"https:\/\/pluginviet.com\/mau44\/wp-json\/wp\/v2\/product_tag?post=693"}],"curies":[{"name":"wp","href":"https:\/\/api.w.org\/{rel}","templated":true}]}}