{"id":692,"date":"2022-07-21T14:35:51","date_gmt":"2022-07-21T07:35:51","guid":{"rendered":"https:\/\/khomaudep.com\/mauruou\/?post_type=product&#038;p=692"},"modified":"2022-07-21T18:51:48","modified_gmt":"2022-07-21T11:51:48","slug":"vang-trang-coppola-rosso-bianco-chardonnay","status":"publish","type":"product","link":"https:\/\/pluginviet.com\/mau44\/san-pham\/vang-trang-coppola-rosso-bianco-chardonnay\/","title":{"rendered":"Vang tr\u1eafng Coppola Rosso &#038; Bianco Chardonnay"},"content":{"rendered":"<p>R\u01b0\u1ee3u vang c\u00f3 h\u01b0\u01a1ng th\u01a1m thoang tho\u1ea3ng c\u1ee7a kim qu\u1ea5t, d\u01b0a v\u00e0ng, chanh t\u00e2y. \u0110\u00f3 l\u00e0 m\u1ed9t lo\u1ea1i r\u01b0\u1ee3u vang M\u1ef9 r\u1ea5t th\u01a1m ngon \u0111\u1ec3 th\u01b0\u1edfng th\u1ee9c, v\u1edbi \u0111\u1eadm h\u01b0\u01a1ng v\u1ecb tr\u00e1i c\u00e2y t\u1eeb t\u00e1o, \u1ed5i, kho\u00e1ng ch\u1ea5t. V\u1ecb acid c\u00e2n \u0111\u1ed1i d\u1ecbu d\u00e0ng t\u1ea1o cho vang c\u1ea3m gi\u00e1c ngon mi\u1ec7ng v\u00e0 k\u1ebft h\u1ee3p d\u1ec5 d\u00e0ng v\u1edbi nhi\u1ec1u lo\u1ea1i \u0111\u1ed3 \u0103n.<\/p>\n","protected":false},"excerpt":{"rendered":"<p>R\u01b0\u1ee3u vang c\u00f3 h\u01b0\u01a1ng th\u01a1m thoang tho\u1ea3ng c\u1ee7a kim qu\u1ea5t, d\u01b0a v\u00e0ng, chanh t\u00e2y. \u0110\u00f3 l\u00e0 m\u1ed9t lo\u1ea1i r\u01b0\u1ee3u vang M\u1ef9 r\u1ea5t th\u01a1m ngon \u0111\u1ec3 th\u01b0\u1edfng th\u1ee9c, v\u1edbi \u0111\u1eadm h\u01b0\u01a1ng v\u1ecb tr\u00e1i c\u00e2y t\u1eeb t\u00e1o, \u1ed5i, kho\u00e1ng ch\u1ea5t. V\u1ecb acid c\u00e2n \u0111\u1ed1i d\u1ecbu d\u00e0ng t\u1ea1o cho vang c\u1ea3m gi\u00e1c ngon mi\u1ec7ng v\u00e0 k\u1ebft h\u1ee3p d\u1ec5 &#8230;<\/p>\n","protected":false},"featured_media":813,"comment_status":"open","ping_status":"closed","template":"","meta":[],"pwb-brand":[],"product_cat":[17,72],"product_tag":[],"brands":[],"_links":{"self":[{"href":"https:\/\/pluginviet.com\/mau44\/wp-json\/wp\/v2\/product\/692"}],"collection":[{"href":"https:\/\/pluginviet.com\/mau44\/wp-json\/wp\/v2\/product"}],"about":[{"href":"https:\/\/pluginviet.com\/mau44\/wp-json\/wp\/v2\/types\/product"}],"replies":[{"embeddable":true,"href":"https:\/\/pluginviet.com\/mau44\/wp-json\/wp\/v2\/comments?post=692"}],"wp:featuredmedia":[{"embeddable":true,"href":"https:\/\/pluginviet.com\/mau44\/wp-json\/wp\/v2\/media\/813"}],"wp:attachment":[{"href":"https:\/\/pluginviet.com\/mau44\/wp-json\/wp\/v2\/media?parent=692"}],"wp:term":[{"taxonomy":"pwb-brand","embeddable":true,"href":"https:\/\/pluginviet.com\/mau44\/wp-json\/wp\/v2\/pwb-brand?post=692"},{"taxonomy":"product_cat","embeddable":true,"href":"https:\/\/pluginviet.com\/mau44\/wp-json\/wp\/v2\/product_cat?post=692"},{"taxonomy":"product_tag","embeddable":true,"href":"https:\/\/pluginviet.com\/mau44\/wp-json\/wp\/v2\/product_tag?post=692"}],"curies":[{"name":"wp","href":"https:\/\/api.w.org\/{rel}","templated":true}]}}