{"id":679,"date":"2022-07-21T07:58:05","date_gmt":"2022-07-21T00:58:05","guid":{"rendered":"https:\/\/khomaudep.com\/mauruou\/?post_type=product&#038;p=679"},"modified":"2022-07-21T12:24:50","modified_gmt":"2022-07-21T05:24:50","slug":"vang-belle-glos-pinot-noir-eulenloch","status":"publish","type":"product","link":"https:\/\/pluginviet.com\/mau44\/san-pham\/vang-belle-glos-pinot-noir-eulenloch\/","title":{"rendered":"Vang Belle Glos Pinot Noir Eulenloch"},"content":{"rendered":"<p>Vang c\u00f3 m\u00e0u \u0111\u1ecf \u0111\u1eadm, v\u1edbi h\u01b0\u01a1ng th\u01a1m n\u1ed5i b\u1eadt c\u1ee7a c\u00e1c lo\u1ea1i d\u00e2u, qu\u1ea3 m\u00e2m x\u00f4i \u0111en, ph\u1ea3ng ph\u1ea5t m\u00f9i gia v\u1ecb n\u01b0\u1edbng v\u00e0\u00a0 hoa kim ng\u00e2nn h\u01b0\u01a1ng v\u1ecb c\u1ee7a anh \u0111\u00e0o, tr\u00e1i m\u00e2m x\u00f4i ch\u00edn k\u1ef9, b\u1ed5 sung b\u1edfi h\u01b0\u01a1ng v\u1ecb c\u0103ng \u0111\u1ea7y c\u1ee7a vani, h\u1ea1nh nh\u00e2n n\u01b0\u1edbng, v\u00e0 h\u1ea1t hazelnut.<\/p>\n","protected":false},"excerpt":{"rendered":"<p>Vang c\u00f3 m\u00e0u \u0111\u1ecf \u0111\u1eadm, v\u1edbi h\u01b0\u01a1ng th\u01a1m n\u1ed5i b\u1eadt c\u1ee7a c\u00e1c lo\u1ea1i d\u00e2u, qu\u1ea3 m\u00e2m x\u00f4i \u0111en, ph\u1ea3ng ph\u1ea5t m\u00f9i gia v\u1ecb n\u01b0\u1edbng v\u00e0\u00a0 hoa kim ng\u00e2nn h\u01b0\u01a1ng v\u1ecb c\u1ee7a anh \u0111\u00e0o, tr\u00e1i m\u00e2m x\u00f4i ch\u00edn k\u1ef9, b\u1ed5 sung b\u1edfi h\u01b0\u01a1ng v\u1ecb c\u0103ng \u0111\u1ea7y c\u1ee7a vani, h\u1ea1nh nh\u00e2n n\u01b0\u1edbng, v\u00e0 h\u1ea1t hazelnut.<\/p>\n","protected":false},"featured_media":676,"comment_status":"open","ping_status":"closed","template":"","meta":[],"pwb-brand":[],"product_cat":[17,72],"product_tag":[],"brands":[],"_links":{"self":[{"href":"https:\/\/pluginviet.com\/mau44\/wp-json\/wp\/v2\/product\/679"}],"collection":[{"href":"https:\/\/pluginviet.com\/mau44\/wp-json\/wp\/v2\/product"}],"about":[{"href":"https:\/\/pluginviet.com\/mau44\/wp-json\/wp\/v2\/types\/product"}],"replies":[{"embeddable":true,"href":"https:\/\/pluginviet.com\/mau44\/wp-json\/wp\/v2\/comments?post=679"}],"wp:featuredmedia":[{"embeddable":true,"href":"https:\/\/pluginviet.com\/mau44\/wp-json\/wp\/v2\/media\/676"}],"wp:attachment":[{"href":"https:\/\/pluginviet.com\/mau44\/wp-json\/wp\/v2\/media?parent=679"}],"wp:term":[{"taxonomy":"pwb-brand","embeddable":true,"href":"https:\/\/pluginviet.com\/mau44\/wp-json\/wp\/v2\/pwb-brand?post=679"},{"taxonomy":"product_cat","embeddable":true,"href":"https:\/\/pluginviet.com\/mau44\/wp-json\/wp\/v2\/product_cat?post=679"},{"taxonomy":"product_tag","embeddable":true,"href":"https:\/\/pluginviet.com\/mau44\/wp-json\/wp\/v2\/product_tag?post=679"}],"curies":[{"name":"wp","href":"https:\/\/api.w.org\/{rel}","templated":true}]}}