{"id":18702,"date":"2022-06-26T07:12:05","date_gmt":"2022-06-26T07:12:05","guid":{"rendered":"https:\/\/khomaudep.com\/maucongnghe\/?post_type=product&#038;p=18702"},"modified":"2022-06-26T07:16:21","modified_gmt":"2022-06-26T07:16:21","slug":"robot-hut-bui-ilife-a9x-ban-chau-au-6","status":"publish","type":"product","link":"https:\/\/pluginviet.com\/mau43\/robot-hut-bui-ilife-a9x-ban-chau-au-6\/","title":{"rendered":"Robot h\u00fat b\u1ee5i ILIFE A9X b\u1ea3n Ch\u00e2u \u00c2u"},"content":{"rendered":"<p>C\u00f4ng ngh\u1ec7 ra \u0111\u1eddi \u0111\u00e3 khi\u1ebfn cho vi\u1ec7c lau d\u1ecdn ng\u00f4i nh\u00e0 tr\u1edf n\u00ean d\u1ec5 d\u00e0ng h\u01a1n. Robot h\u00fat b\u1ee5i ILIFE A9X v\u1edbi c\u00f4ng ngh\u1ec7 v\u01b0\u1ee3t tr\u1ed9i \u0111\u00e3 nh\u1eadn r\u1ea5t nhi\u1ec1u s\u1ef1 quan t\u00e2m c\u1ee7a ng\u01b0\u1eddi ti\u00eau d\u00f9ng trong th\u1eddi gian g\u1ea7n \u0111\u00e2y.<\/p>\n<div class=\"tab-panels\">\n<div id=\"tab-description\" class=\"panel entry-content active\">\n<p>Robot h\u00fat b\u1ee5i lau nh\u00e0 iLife A9X\u00a0c\u00f3 thi\u1ebft k\u1ebf h\u00ecnh tr\u00f2n quen thu\u1ed9c gi\u1ed1ng v\u1edbi c\u00e1c d\u00f2ng robot kh\u00e1c tr\u00ean th\u1ecb tr\u01b0\u1eddng hi\u1ec7n nay. Robot s\u1eed d\u1ee5ng ch\u1ea5t li\u1ec7u v\u1ecf nh\u1ef1a m\u00e0u \u0111en b\u00f3ng m\u1eb7t tr\u00ean, xung quanh l\u00e0 ph\u1ea7n vi\u1ec1n nh\u1ef1a m\u00e0u x\u00e1m t\u1ea1o s\u1ef1 t\u01b0\u01a1ng ph\u1ea3n v\u00e0 kh\u1ecfe kho\u1eafn.<\/p>\n<h3>Hi\u1ec7u su\u1ea5t l\u00e0m s\u1ea1ch s\u00e2u<\/h3>\n<p>Robot iLife A9X\u00a0c\u00f3 kh\u1ea3 n\u0103ng lau s\u00e0n nh\u00e0 th\u00f4ng minh \u0111\u01b0\u1ee3c r\u1ea5t nhi\u1ec1u ch\u1ecb em ph\u1ee5 n\u1eef y\u00eau th\u00edch. \u0110\u1eb7c bi\u1ec7t l\u00e0 ch\u1ebf \u0111\u1ed9 qu\u00e9t panorama 360 \u0111\u1ed9 tr\u1ea7n nh\u00e0, gi\u00fap robot l\u00ean l\u1ecbch tr\u00ecnh khi ho\u1ea1t \u0111\u1ed9ng. \u0110\u1ed3ng th\u1eddi kh\u1ea3 n\u0103ng nh\u1eadn di\u1ec7n t\u1ef1 \u0111\u1ed9ng quay v\u1ec1 v\u1ecb tr\u00ed ban \u0111\u1ea7u sau khi l\u00e0m s\u1ea1ch khu v\u1ef1c c\u1ed1 \u0111\u1ecbnh.<\/p>\n<p>C\u00f4ng ngh\u1ec7 ra \u0111\u1eddi \u0111\u00e3 khi\u1ebfn cho vi\u1ec7c lau d\u1ecdn ng\u00f4i nh\u00e0 tr\u1edf n\u00ean d\u1ec5 d\u00e0ng h\u01a1n. Robot h\u00fat b\u1ee5i ILIFE A9X v\u1edbi c\u00f4ng ngh\u1ec7 v\u01b0\u1ee3t tr\u1ed9i \u0111\u00e3 nh\u1eadn r\u1ea5t nhi\u1ec1u s\u1ef1 quan t\u00e2m c\u1ee7a ng\u01b0\u1eddi ti\u00eau d\u00f9ng trong th\u1eddi gian g\u1ea7n \u0111\u00e2y.<\/p>\n<div class=\"tab-panels\">\n<div id=\"tab-description\" class=\"panel entry-content active\">\n<p>Robot h\u00fat b\u1ee5i lau nh\u00e0 iLife A9X\u00a0c\u00f3 thi\u1ebft k\u1ebf h\u00ecnh tr\u00f2n quen thu\u1ed9c gi\u1ed1ng v\u1edbi c\u00e1c d\u00f2ng robot kh\u00e1c tr\u00ean th\u1ecb tr\u01b0\u1eddng hi\u1ec7n nay. Robot s\u1eed d\u1ee5ng ch\u1ea5t li\u1ec7u v\u1ecf nh\u1ef1a m\u00e0u \u0111en b\u00f3ng m\u1eb7t tr\u00ean, xung quanh l\u00e0 ph\u1ea7n vi\u1ec1n nh\u1ef1a m\u00e0u x\u00e1m t\u1ea1o s\u1ef1 t\u01b0\u01a1ng ph\u1ea3n v\u00e0 kh\u1ecfe kho\u1eafn.<\/p>\n<h3>Hi\u1ec7u su\u1ea5t l\u00e0m s\u1ea1ch s\u00e2u<\/h3>\n<p>Robot iLife A9X\u00a0c\u00f3 kh\u1ea3 n\u0103ng lau s\u00e0n nh\u00e0 th\u00f4ng minh \u0111\u01b0\u1ee3c r\u1ea5t nhi\u1ec1u ch\u1ecb em ph\u1ee5 n\u1eef y\u00eau th\u00edch. \u0110\u1eb7c bi\u1ec7t l\u00e0 ch\u1ebf \u0111\u1ed9 qu\u00e9t panorama 360 \u0111\u1ed9 tr\u1ea7n nh\u00e0, gi\u00fap robot l\u00ean l\u1ecbch tr\u00ecnh khi ho\u1ea1t \u0111\u1ed9ng. \u0110\u1ed3ng th\u1eddi kh\u1ea3 n\u0103ng nh\u1eadn di\u1ec7n t\u1ef1 \u0111\u1ed9ng quay v\u1ec1 v\u1ecb tr\u00ed ban \u0111\u1ea7u sau khi l\u00e0m s\u1ea1ch khu v\u1ef1c c\u1ed1 \u0111\u1ecbnh.<\/p>\n<\/div>\n<\/div>\n<\/div>\n<\/div>\n","protected":false},"excerpt":{"rendered":"<p>C\u00f4ng ngh\u1ec7 ra \u0111\u1eddi \u0111\u00e3 khi\u1ebfn cho vi\u1ec7c lau d\u1ecdn ng\u00f4i nh\u00e0 tr\u1edf n\u00ean d\u1ec5 d\u00e0ng h\u01a1n. Robot h\u00fat b\u1ee5i ILIFE A9X v\u1edbi c\u00f4ng ngh\u1ec7 v\u01b0\u1ee3t tr\u1ed9i \u0111\u00e3 nh\u1eadn r\u1ea5t nhi\u1ec1u s\u1ef1 quan t\u00e2m c\u1ee7a ng\u01b0\u1eddi ti\u00eau d\u00f9ng trong th\u1eddi gian g\u1ea7n \u0111\u00e2y. Robot h\u00fat b\u1ee5i lau nh\u00e0 iLife A9X\u00a0c\u00f3 thi\u1ebft k\u1ebf h\u00ecnh tr\u00f2n quen [&#8230;]\n","protected":false},"featured_media":18699,"comment_status":"open","ping_status":"closed","template":"","meta":[],"product_cat":[16,346,577,567],"product_tag":[],"class_list":["post-18702","product","type-product","status-publish","has-post-thumbnail","hentry","product_cat-san-pham","product_cat-goi-y-cho-ban","product_cat-ilife","product_cat-robot-hut-bui","pa_thuong-hieu-ilife"],"yoast_head":"<!-- This site is optimized with the Yoast SEO plugin v21.5 - https:\/\/yoast.com\/wordpress\/plugins\/seo\/ -->\n<title>Robot h\u00fat b\u1ee5i ILIFE A9X b\u1ea3n Ch\u00e2u \u00c2u - \u0110\u1ed3 C\u00f4ng Ngh\u1ec7<\/title>\n<meta name=\"robots\" content=\"index, follow, max-snippet:-1, max-image-preview:large, max-video-preview:-1\" \/>\n<link rel=\"canonical\" href=\"https:\/\/pluginviet.com\/mau43\/robot-hut-bui-ilife-a9x-ban-chau-au-6\/\" \/>\n<meta property=\"og:locale\" content=\"vi_VN\" \/>\n<meta property=\"og:type\" content=\"article\" \/>\n<meta property=\"og:title\" content=\"Robot h\u00fat b\u1ee5i ILIFE A9X b\u1ea3n Ch\u00e2u \u00c2u - \u0110\u1ed3 C\u00f4ng Ngh\u1ec7\" \/>\n<meta property=\"og:description\" content=\"C\u00f4ng ngh\u1ec7 ra \u0111\u1eddi \u0111\u00e3 khi\u1ebfn cho vi\u1ec7c lau d\u1ecdn ng\u00f4i nh\u00e0 tr\u1edf n\u00ean d\u1ec5 d\u00e0ng h\u01a1n. Robot h\u00fat b\u1ee5i ILIFE A9X v\u1edbi c\u00f4ng ngh\u1ec7 v\u01b0\u1ee3t tr\u1ed9i \u0111\u00e3 nh\u1eadn r\u1ea5t nhi\u1ec1u s\u1ef1 quan t\u00e2m c\u1ee7a ng\u01b0\u1eddi ti\u00eau d\u00f9ng trong th\u1eddi gian g\u1ea7n \u0111\u00e2y. Robot h\u00fat b\u1ee5i lau nh\u00e0 iLife A9X\u00a0c\u00f3 thi\u1ebft k\u1ebf h\u00ecnh tr\u00f2n quen [...]\" \/>\n<meta property=\"og:url\" content=\"https:\/\/pluginviet.com\/mau43\/robot-hut-bui-ilife-a9x-ban-chau-au-6\/\" \/>\n<meta property=\"og:site_name\" content=\"\u0110\u1ed3 C\u00f4ng Ngh\u1ec7\" \/>\n<meta property=\"article:modified_time\" content=\"2022-06-26T07:16:21+00:00\" \/>\n<meta property=\"og:image\" content=\"https:\/\/pluginviet.com\/mau43\/wp-content\/uploads\/2022\/06\/a11-a1.jpeg\" \/>\n\t<meta property=\"og:image:width\" content=\"600\" \/>\n\t<meta property=\"og:image:height\" content=\"600\" \/>\n\t<meta property=\"og:image:type\" content=\"image\/jpeg\" \/>\n<meta name=\"twitter:card\" content=\"summary_large_image\" \/>\n<meta name=\"twitter:label1\" content=\"\u01af\u1edbc t\u00ednh th\u1eddi gian \u0111\u1ecdc\" \/>\n\t<meta name=\"twitter:data1\" content=\"2 ph\u00fat\" \/>\n<script type=\"application\/ld+json\" class=\"yoast-schema-graph\">{\"@context\":\"https:\/\/schema.org\",\"@graph\":[{\"@type\":\"WebPage\",\"@id\":\"https:\/\/pluginviet.com\/mau43\/robot-hut-bui-ilife-a9x-ban-chau-au-6\/\",\"url\":\"https:\/\/pluginviet.com\/mau43\/robot-hut-bui-ilife-a9x-ban-chau-au-6\/\",\"name\":\"Robot h\u00fat b\u1ee5i ILIFE A9X b\u1ea3n Ch\u00e2u \u00c2u - \u0110\u1ed3 C\u00f4ng Ngh\u1ec7\",\"isPartOf\":{\"@id\":\"https:\/\/pluginviet.com\/mau43\/#website\"},\"datePublished\":\"2022-06-26T07:12:05+00:00\",\"dateModified\":\"2022-06-26T07:16:21+00:00\",\"breadcrumb\":{\"@id\":\"https:\/\/pluginviet.com\/mau43\/robot-hut-bui-ilife-a9x-ban-chau-au-6\/#breadcrumb\"},\"inLanguage\":\"vi\",\"potentialAction\":[{\"@type\":\"ReadAction\",\"target\":[\"https:\/\/pluginviet.com\/mau43\/robot-hut-bui-ilife-a9x-ban-chau-au-6\/\"]}]},{\"@type\":\"BreadcrumbList\",\"@id\":\"https:\/\/pluginviet.com\/mau43\/robot-hut-bui-ilife-a9x-ban-chau-au-6\/#breadcrumb\",\"itemListElement\":[{\"@type\":\"ListItem\",\"position\":1,\"name\":\"Home\",\"item\":\"https:\/\/pluginviet.com\/mau43\/\"},{\"@type\":\"ListItem\",\"position\":2,\"name\":\"Shop\",\"item\":\"https:\/\/pluginviet.com\/mau43\/shop\/\"},{\"@type\":\"ListItem\",\"position\":3,\"name\":\"Robot h\u00fat b\u1ee5i ILIFE A9X b\u1ea3n Ch\u00e2u \u00c2u\"}]},{\"@type\":\"WebSite\",\"@id\":\"https:\/\/pluginviet.com\/mau43\/#website\",\"url\":\"https:\/\/pluginviet.com\/mau43\/\",\"name\":\"\u0110\u1ed3 C\u00f4ng Ngh\u1ec7\",\"description\":\"N\u00e2ng T\u1ea7m Cu\u1ed9c S\u1ed1ng Hi\u1ec7n \u0110\u1ea1i\",\"potentialAction\":[{\"@type\":\"SearchAction\",\"target\":{\"@type\":\"EntryPoint\",\"urlTemplate\":\"https:\/\/pluginviet.com\/mau43\/?s={search_term_string}\"},\"query-input\":\"required name=search_term_string\"}],\"inLanguage\":\"vi\"}]}<\/script>\n<!-- \/ Yoast SEO plugin. -->","yoast_head_json":{"title":"Robot h\u00fat b\u1ee5i ILIFE A9X b\u1ea3n Ch\u00e2u \u00c2u - \u0110\u1ed3 C\u00f4ng Ngh\u1ec7","robots":{"index":"index","follow":"follow","max-snippet":"max-snippet:-1","max-image-preview":"max-image-preview:large","max-video-preview":"max-video-preview:-1"},"canonical":"https:\/\/pluginviet.com\/mau43\/robot-hut-bui-ilife-a9x-ban-chau-au-6\/","og_locale":"vi_VN","og_type":"article","og_title":"Robot h\u00fat b\u1ee5i ILIFE A9X b\u1ea3n Ch\u00e2u \u00c2u - \u0110\u1ed3 C\u00f4ng Ngh\u1ec7","og_description":"C\u00f4ng ngh\u1ec7 ra \u0111\u1eddi \u0111\u00e3 khi\u1ebfn cho vi\u1ec7c lau d\u1ecdn ng\u00f4i nh\u00e0 tr\u1edf n\u00ean d\u1ec5 d\u00e0ng h\u01a1n. Robot h\u00fat b\u1ee5i ILIFE A9X v\u1edbi c\u00f4ng ngh\u1ec7 v\u01b0\u1ee3t tr\u1ed9i \u0111\u00e3 nh\u1eadn r\u1ea5t nhi\u1ec1u s\u1ef1 quan t\u00e2m c\u1ee7a ng\u01b0\u1eddi ti\u00eau d\u00f9ng trong th\u1eddi gian g\u1ea7n \u0111\u00e2y. Robot h\u00fat b\u1ee5i lau nh\u00e0 iLife A9X\u00a0c\u00f3 thi\u1ebft k\u1ebf h\u00ecnh tr\u00f2n quen [...]","og_url":"https:\/\/pluginviet.com\/mau43\/robot-hut-bui-ilife-a9x-ban-chau-au-6\/","og_site_name":"\u0110\u1ed3 C\u00f4ng Ngh\u1ec7","article_modified_time":"2022-06-26T07:16:21+00:00","og_image":[{"width":600,"height":600,"url":"https:\/\/pluginviet.com\/mau43\/wp-content\/uploads\/2022\/06\/a11-a1.jpeg","type":"image\/jpeg"}],"twitter_card":"summary_large_image","twitter_misc":{"\u01af\u1edbc t\u00ednh th\u1eddi gian \u0111\u1ecdc":"2 ph\u00fat"},"schema":{"@context":"https:\/\/schema.org","@graph":[{"@type":"WebPage","@id":"https:\/\/pluginviet.com\/mau43\/robot-hut-bui-ilife-a9x-ban-chau-au-6\/","url":"https:\/\/pluginviet.com\/mau43\/robot-hut-bui-ilife-a9x-ban-chau-au-6\/","name":"Robot h\u00fat b\u1ee5i ILIFE A9X b\u1ea3n Ch\u00e2u \u00c2u - \u0110\u1ed3 C\u00f4ng Ngh\u1ec7","isPartOf":{"@id":"https:\/\/pluginviet.com\/mau43\/#website"},"datePublished":"2022-06-26T07:12:05+00:00","dateModified":"2022-06-26T07:16:21+00:00","breadcrumb":{"@id":"https:\/\/pluginviet.com\/mau43\/robot-hut-bui-ilife-a9x-ban-chau-au-6\/#breadcrumb"},"inLanguage":"vi","potentialAction":[{"@type":"ReadAction","target":["https:\/\/pluginviet.com\/mau43\/robot-hut-bui-ilife-a9x-ban-chau-au-6\/"]}]},{"@type":"BreadcrumbList","@id":"https:\/\/pluginviet.com\/mau43\/robot-hut-bui-ilife-a9x-ban-chau-au-6\/#breadcrumb","itemListElement":[{"@type":"ListItem","position":1,"name":"Home","item":"https:\/\/pluginviet.com\/mau43\/"},{"@type":"ListItem","position":2,"name":"Shop","item":"https:\/\/pluginviet.com\/mau43\/shop\/"},{"@type":"ListItem","position":3,"name":"Robot h\u00fat b\u1ee5i ILIFE A9X b\u1ea3n Ch\u00e2u \u00c2u"}]},{"@type":"WebSite","@id":"https:\/\/pluginviet.com\/mau43\/#website","url":"https:\/\/pluginviet.com\/mau43\/","name":"\u0110\u1ed3 C\u00f4ng Ngh\u1ec7","description":"N\u00e2ng T\u1ea7m Cu\u1ed9c S\u1ed1ng Hi\u1ec7n \u0110\u1ea1i","potentialAction":[{"@type":"SearchAction","target":{"@type":"EntryPoint","urlTemplate":"https:\/\/pluginviet.com\/mau43\/?s={search_term_string}"},"query-input":"required name=search_term_string"}],"inLanguage":"vi"}]}},"_links":{"self":[{"href":"https:\/\/pluginviet.com\/mau43\/wp-json\/wp\/v2\/product\/18702","targetHints":{"allow":["GET"]}}],"collection":[{"href":"https:\/\/pluginviet.com\/mau43\/wp-json\/wp\/v2\/product"}],"about":[{"href":"https:\/\/pluginviet.com\/mau43\/wp-json\/wp\/v2\/types\/product"}],"replies":[{"embeddable":true,"href":"https:\/\/pluginviet.com\/mau43\/wp-json\/wp\/v2\/comments?post=18702"}],"wp:featuredmedia":[{"embeddable":true,"href":"https:\/\/pluginviet.com\/mau43\/wp-json\/wp\/v2\/media\/18699"}],"wp:attachment":[{"href":"https:\/\/pluginviet.com\/mau43\/wp-json\/wp\/v2\/media?parent=18702"}],"wp:term":[{"taxonomy":"product_cat","embeddable":true,"href":"https:\/\/pluginviet.com\/mau43\/wp-json\/wp\/v2\/product_cat?post=18702"},{"taxonomy":"product_tag","embeddable":true,"href":"https:\/\/pluginviet.com\/mau43\/wp-json\/wp\/v2\/product_tag?post=18702"}],"curies":[{"name":"wp","href":"https:\/\/api.w.org\/{rel}","templated":true}]}}