{"id":2407,"date":"2021-12-26T07:24:59","date_gmt":"2021-12-26T07:24:59","guid":{"rendered":"http:\/\/khachhang.webrt.vn\/phong\/huytuantelecom\/?post_type=product&#038;p=2407"},"modified":"2022-11-10T07:32:41","modified_gmt":"2022-11-10T07:32:41","slug":"camera-ip-starlight-2mp-dahua-dh-ipc-hfw2231mp-as-i2-b-s2","status":"publish","type":"product","link":"https:\/\/pluginviet.com\/mau38\/san-pham\/camera-ip-starlight-2mp-dahua-dh-ipc-hfw2231mp-as-i2-b-s2\/","title":{"rendered":"Camera IP Starlight 2MP DAHUA DH-IPC-HFW2231MP-AS-I2-B-S2"},"content":{"rendered":"","protected":false},"excerpt":{"rendered":"<p>2MP Lite IR Fixed-focal Bullet Network Camera<br \/>\n\u25a0 \u0110\u1ed9 ph\u00e2n gi\u1ea3i 2 Megapixel c\u1ea3m bi\u1ebfn CMOS k\u00edch th\u01b0\u1edbc 1\/2.8\u201d, Max 25\/30fps@1080P ; H\u1ed7 tr\u1ee3 \u0111\u1ecbnh d\u1ea1ng H.265+<br \/>\n\u25a0 H\u1ed7 tr\u1ee3 c\u00f4ng ngh\u1ec7 Starlight . \u0110\u1ed9 nh\u1ea1y s\u00e1ng t\u1ed1i thi\u1ec3u 0.002Lux@F1.6.<br \/>\n\u25a0 Ch\u1ed1ng ng\u01b0\u1ee3c s\u00e1ng WDR 120dB<br \/>\n\u25a0 H\u1ed7 tr\u1ee3 h\u1ed3ng ngo\u1ea1i th\u00f4ng minh : t\u1ea7m xa 50m (6mm) v\u00e0 30m (3.6mm)<br \/>\n\u25a0 H\u1ed7 tr\u1ee3 xem h\u00ecnh b\u1eb1ng nhi\u1ec1u c\u00f4ng c\u1ee5: Web, ph\u1ea7n m\u1ec1m CMS (DSS\/PSS) v\u00e0 DMSS<br \/>\n\u25a0 \u1ed0ng k\u00ednh c\u1ed1 \u0111\u1ecbnh 3.6mm. Chu\u1ea9n t\u01b0\u01a1ng th\u00edch Onvif 2.4, chu\u1ea9n ch\u1ed1ng n\u01b0\u1edbc IP67, \u0111i\u1ec7n \u00e1p DC12V ho\u1eb7c PoE (802.3af), c\u00f4ng su\u1ea5t 9.9W<br \/>\n\u25a0 2\/2 Alarm in\/out, 1\/1 audio in\/out. H\u1ed7 tr\u1ee3 khe c\u1eafm th\u1ebb nh\u1edb Micro SD l\u00ean \u0111\u1ebfn 256Gb<br \/>\n\u25a0 Ch\u1ea5t li\u1ec7u kim lo\u1ea1i<\/p>\n","protected":false},"featured_media":2408,"comment_status":"open","ping_status":"closed","template":"","meta":[],"product_cat":[153],"product_tag":[],"yoast_head":"<!-- This site is optimized with the Yoast SEO plugin v21.5 - https:\/\/yoast.com\/wordpress\/plugins\/seo\/ -->\n<title>Camera IP Starlight 2MP DAHUA DH-IPC-HFW2231MP-AS-I2-B-S2 - M\u1eabu 2<\/title>\n<meta name=\"description\" content=\"Camera Starlight DH-IPC-HFW2231MP-AS-I2-B-S2 thi\u1ebft k\u1ebf th\u00e2n tr\u1ee5, v\u1ecf kim lo\u1ea1i ch\u1eafc ch\u1eafn, ph\u00f9 h\u1ee3p l\u1eafp \u0111\u1eb7t \u1edf ngo\u00e0i tr\u1eddi cho c\u00f4ng ty, shop, si\u00eau th\u1ecb,\u2026. S\u1ea3n ph\u1ea9m \u0111ang c\u00f3 gi\u00e1 \u01b0u \u0111\u00e3i t\u1ed1t v\u00e0 b\u1ea3o h\u00e0nh 24 th\u00e1ng tr\u00ean to\u00e0n qu\u1ed1c\" \/>\n<meta name=\"robots\" content=\"index, follow, max-snippet:-1, max-image-preview:large, max-video-preview:-1\" \/>\n<link rel=\"canonical\" href=\"https:\/\/pluginviet.com\/mau38\/san-pham\/camera-ip-starlight-2mp-dahua-dh-ipc-hfw2231mp-as-i2-b-s2\/\" \/>\n<meta property=\"og:locale\" content=\"vi_VN\" \/>\n<meta property=\"og:type\" content=\"article\" \/>\n<meta property=\"og:title\" content=\"Camera IP Starlight 2MP DAHUA DH-IPC-HFW2231MP-AS-I2-B-S2 - M\u1eabu 2\" \/>\n<meta property=\"og:description\" content=\"Camera Starlight DH-IPC-HFW2231MP-AS-I2-B-S2 thi\u1ebft k\u1ebf th\u00e2n tr\u1ee5, v\u1ecf kim lo\u1ea1i ch\u1eafc ch\u1eafn, ph\u00f9 h\u1ee3p l\u1eafp \u0111\u1eb7t \u1edf ngo\u00e0i tr\u1eddi cho c\u00f4ng ty, shop, si\u00eau th\u1ecb,\u2026. S\u1ea3n ph\u1ea9m \u0111ang c\u00f3 gi\u00e1 \u01b0u \u0111\u00e3i t\u1ed1t v\u00e0 b\u1ea3o h\u00e0nh 24 th\u00e1ng tr\u00ean to\u00e0n qu\u1ed1c\" \/>\n<meta property=\"og:url\" content=\"https:\/\/pluginviet.com\/mau38\/san-pham\/camera-ip-starlight-2mp-dahua-dh-ipc-hfw2231mp-as-i2-b-s2\/\" \/>\n<meta property=\"og:site_name\" content=\"M\u1eabu 2\" \/>\n<meta property=\"article:modified_time\" content=\"2022-11-10T07:32:41+00:00\" \/>\n<meta property=\"og:image\" content=\"https:\/\/pluginviet.com\/mau38\/wp-content\/uploads\/2021\/12\/132.jpg\" \/>\n\t<meta property=\"og:image:width\" content=\"700\" \/>\n\t<meta property=\"og:image:height\" content=\"469\" \/>\n\t<meta property=\"og:image:type\" content=\"image\/jpeg\" \/>\n<meta name=\"twitter:card\" content=\"summary_large_image\" \/>\n<script type=\"application\/ld+json\" class=\"yoast-schema-graph\">{\"@context\":\"https:\/\/schema.org\",\"@graph\":[{\"@type\":\"WebPage\",\"@id\":\"https:\/\/pluginviet.com\/mau38\/san-pham\/camera-ip-starlight-2mp-dahua-dh-ipc-hfw2231mp-as-i2-b-s2\/\",\"url\":\"https:\/\/pluginviet.com\/mau38\/san-pham\/camera-ip-starlight-2mp-dahua-dh-ipc-hfw2231mp-as-i2-b-s2\/\",\"name\":\"Camera IP Starlight 2MP DAHUA DH-IPC-HFW2231MP-AS-I2-B-S2 - M\u1eabu 2\",\"isPartOf\":{\"@id\":\"https:\/\/pluginviet.com\/mau38\/#website\"},\"datePublished\":\"2021-12-26T07:24:59+00:00\",\"dateModified\":\"2022-11-10T07:32:41+00:00\",\"description\":\"Camera Starlight DH-IPC-HFW2231MP-AS-I2-B-S2 thi\u1ebft k\u1ebf th\u00e2n tr\u1ee5, v\u1ecf kim lo\u1ea1i ch\u1eafc ch\u1eafn, ph\u00f9 h\u1ee3p l\u1eafp \u0111\u1eb7t \u1edf ngo\u00e0i tr\u1eddi cho c\u00f4ng ty, shop, si\u00eau th\u1ecb,\u2026. S\u1ea3n ph\u1ea9m \u0111ang c\u00f3 gi\u00e1 \u01b0u \u0111\u00e3i t\u1ed1t v\u00e0 b\u1ea3o h\u00e0nh 24 th\u00e1ng tr\u00ean to\u00e0n qu\u1ed1c\",\"breadcrumb\":{\"@id\":\"https:\/\/pluginviet.com\/mau38\/san-pham\/camera-ip-starlight-2mp-dahua-dh-ipc-hfw2231mp-as-i2-b-s2\/#breadcrumb\"},\"inLanguage\":\"vi\",\"potentialAction\":[{\"@type\":\"ReadAction\",\"target\":[\"https:\/\/pluginviet.com\/mau38\/san-pham\/camera-ip-starlight-2mp-dahua-dh-ipc-hfw2231mp-as-i2-b-s2\/\"]}]},{\"@type\":\"BreadcrumbList\",\"@id\":\"https:\/\/pluginviet.com\/mau38\/san-pham\/camera-ip-starlight-2mp-dahua-dh-ipc-hfw2231mp-as-i2-b-s2\/#breadcrumb\",\"itemListElement\":[{\"@type\":\"ListItem\",\"position\":1,\"name\":\"Trang ch\u1ee7\",\"item\":\"https:\/\/pluginviet.com\/mau38\/\"},{\"@type\":\"ListItem\",\"position\":2,\"name\":\"Shop\",\"item\":\"https:\/\/pluginviet.com\/mau38\/shop\/\"},{\"@type\":\"ListItem\",\"position\":3,\"name\":\"Camera IP Starlight 2MP DAHUA DH-IPC-HFW2231MP-AS-I2-B-S2\"}]},{\"@type\":\"WebSite\",\"@id\":\"https:\/\/pluginviet.com\/mau38\/#website\",\"url\":\"https:\/\/pluginviet.com\/mau38\/\",\"name\":\"M\u1eabu 2\",\"description\":\"\",\"potentialAction\":[{\"@type\":\"SearchAction\",\"target\":{\"@type\":\"EntryPoint\",\"urlTemplate\":\"https:\/\/pluginviet.com\/mau38\/?s={search_term_string}\"},\"query-input\":\"required name=search_term_string\"}],\"inLanguage\":\"vi\"}]}<\/script>\n<!-- \/ Yoast SEO plugin. -->","yoast_head_json":{"title":"Camera IP Starlight 2MP DAHUA DH-IPC-HFW2231MP-AS-I2-B-S2 - M\u1eabu 2","description":"Camera Starlight DH-IPC-HFW2231MP-AS-I2-B-S2 thi\u1ebft k\u1ebf th\u00e2n tr\u1ee5, v\u1ecf kim lo\u1ea1i ch\u1eafc ch\u1eafn, ph\u00f9 h\u1ee3p l\u1eafp \u0111\u1eb7t \u1edf ngo\u00e0i tr\u1eddi cho c\u00f4ng ty, shop, si\u00eau th\u1ecb,\u2026. S\u1ea3n ph\u1ea9m \u0111ang c\u00f3 gi\u00e1 \u01b0u \u0111\u00e3i t\u1ed1t v\u00e0 b\u1ea3o h\u00e0nh 24 th\u00e1ng tr\u00ean to\u00e0n qu\u1ed1c","robots":{"index":"index","follow":"follow","max-snippet":"max-snippet:-1","max-image-preview":"max-image-preview:large","max-video-preview":"max-video-preview:-1"},"canonical":"https:\/\/pluginviet.com\/mau38\/san-pham\/camera-ip-starlight-2mp-dahua-dh-ipc-hfw2231mp-as-i2-b-s2\/","og_locale":"vi_VN","og_type":"article","og_title":"Camera IP Starlight 2MP DAHUA DH-IPC-HFW2231MP-AS-I2-B-S2 - M\u1eabu 2","og_description":"Camera Starlight DH-IPC-HFW2231MP-AS-I2-B-S2 thi\u1ebft k\u1ebf th\u00e2n tr\u1ee5, v\u1ecf kim lo\u1ea1i ch\u1eafc ch\u1eafn, ph\u00f9 h\u1ee3p l\u1eafp \u0111\u1eb7t \u1edf ngo\u00e0i tr\u1eddi cho c\u00f4ng ty, shop, si\u00eau th\u1ecb,\u2026. S\u1ea3n ph\u1ea9m \u0111ang c\u00f3 gi\u00e1 \u01b0u \u0111\u00e3i t\u1ed1t v\u00e0 b\u1ea3o h\u00e0nh 24 th\u00e1ng tr\u00ean to\u00e0n qu\u1ed1c","og_url":"https:\/\/pluginviet.com\/mau38\/san-pham\/camera-ip-starlight-2mp-dahua-dh-ipc-hfw2231mp-as-i2-b-s2\/","og_site_name":"M\u1eabu 2","article_modified_time":"2022-11-10T07:32:41+00:00","og_image":[{"width":700,"height":469,"url":"https:\/\/pluginviet.com\/mau38\/wp-content\/uploads\/2021\/12\/132.jpg","type":"image\/jpeg"}],"twitter_card":"summary_large_image","schema":{"@context":"https:\/\/schema.org","@graph":[{"@type":"WebPage","@id":"https:\/\/pluginviet.com\/mau38\/san-pham\/camera-ip-starlight-2mp-dahua-dh-ipc-hfw2231mp-as-i2-b-s2\/","url":"https:\/\/pluginviet.com\/mau38\/san-pham\/camera-ip-starlight-2mp-dahua-dh-ipc-hfw2231mp-as-i2-b-s2\/","name":"Camera IP Starlight 2MP DAHUA DH-IPC-HFW2231MP-AS-I2-B-S2 - M\u1eabu 2","isPartOf":{"@id":"https:\/\/pluginviet.com\/mau38\/#website"},"datePublished":"2021-12-26T07:24:59+00:00","dateModified":"2022-11-10T07:32:41+00:00","description":"Camera Starlight DH-IPC-HFW2231MP-AS-I2-B-S2 thi\u1ebft k\u1ebf th\u00e2n tr\u1ee5, v\u1ecf kim lo\u1ea1i ch\u1eafc ch\u1eafn, ph\u00f9 h\u1ee3p l\u1eafp \u0111\u1eb7t \u1edf ngo\u00e0i tr\u1eddi cho c\u00f4ng ty, shop, si\u00eau th\u1ecb,\u2026. S\u1ea3n ph\u1ea9m \u0111ang c\u00f3 gi\u00e1 \u01b0u \u0111\u00e3i t\u1ed1t v\u00e0 b\u1ea3o h\u00e0nh 24 th\u00e1ng tr\u00ean to\u00e0n qu\u1ed1c","breadcrumb":{"@id":"https:\/\/pluginviet.com\/mau38\/san-pham\/camera-ip-starlight-2mp-dahua-dh-ipc-hfw2231mp-as-i2-b-s2\/#breadcrumb"},"inLanguage":"vi","potentialAction":[{"@type":"ReadAction","target":["https:\/\/pluginviet.com\/mau38\/san-pham\/camera-ip-starlight-2mp-dahua-dh-ipc-hfw2231mp-as-i2-b-s2\/"]}]},{"@type":"BreadcrumbList","@id":"https:\/\/pluginviet.com\/mau38\/san-pham\/camera-ip-starlight-2mp-dahua-dh-ipc-hfw2231mp-as-i2-b-s2\/#breadcrumb","itemListElement":[{"@type":"ListItem","position":1,"name":"Trang ch\u1ee7","item":"https:\/\/pluginviet.com\/mau38\/"},{"@type":"ListItem","position":2,"name":"Shop","item":"https:\/\/pluginviet.com\/mau38\/shop\/"},{"@type":"ListItem","position":3,"name":"Camera IP Starlight 2MP DAHUA DH-IPC-HFW2231MP-AS-I2-B-S2"}]},{"@type":"WebSite","@id":"https:\/\/pluginviet.com\/mau38\/#website","url":"https:\/\/pluginviet.com\/mau38\/","name":"M\u1eabu 2","description":"","potentialAction":[{"@type":"SearchAction","target":{"@type":"EntryPoint","urlTemplate":"https:\/\/pluginviet.com\/mau38\/?s={search_term_string}"},"query-input":"required name=search_term_string"}],"inLanguage":"vi"}]}},"_links":{"self":[{"href":"https:\/\/pluginviet.com\/mau38\/wp-json\/wp\/v2\/product\/2407"}],"collection":[{"href":"https:\/\/pluginviet.com\/mau38\/wp-json\/wp\/v2\/product"}],"about":[{"href":"https:\/\/pluginviet.com\/mau38\/wp-json\/wp\/v2\/types\/product"}],"replies":[{"embeddable":true,"href":"https:\/\/pluginviet.com\/mau38\/wp-json\/wp\/v2\/comments?post=2407"}],"wp:featuredmedia":[{"embeddable":true,"href":"https:\/\/pluginviet.com\/mau38\/wp-json\/wp\/v2\/media\/2408"}],"wp:attachment":[{"href":"https:\/\/pluginviet.com\/mau38\/wp-json\/wp\/v2\/media?parent=2407"}],"wp:term":[{"taxonomy":"product_cat","embeddable":true,"href":"https:\/\/pluginviet.com\/mau38\/wp-json\/wp\/v2\/product_cat?post=2407"},{"taxonomy":"product_tag","embeddable":true,"href":"https:\/\/pluginviet.com\/mau38\/wp-json\/wp\/v2\/product_tag?post=2407"}],"curies":[{"name":"wp","href":"https:\/\/api.w.org\/{rel}","templated":true}]}}