{"id":2317,"date":"2021-12-25T06:11:29","date_gmt":"2021-12-25T06:11:29","guid":{"rendered":"http:\/\/khachhang.webrt.vn\/phong\/huytuantelecom\/?post_type=product&#038;p=2317"},"modified":"2022-11-10T07:33:00","modified_gmt":"2022-11-10T07:33:00","slug":"nut-chuong-dahua-dhi-vto2101e-p-s1","status":"publish","type":"product","link":"https:\/\/pluginviet.com\/mau38\/san-pham\/nut-chuong-dahua-dhi-vto2101e-p-s1\/","title":{"rendered":"N\u00fat chu\u00f4ng Dahua DHI-VTO2101E-P-S1"},"content":{"rendered":"","protected":false},"excerpt":{"rendered":"<p>&#8216;Camera HD 2MP CMOS<br \/>\n\u25a0 B\u1ea3ng \u0111i\u1ec1u khi\u1ec3n l\u00e0m b\u1eb1ng t\u1ea5m h\u1ee3p kim k\u1ebdm, IP65, IK10<br \/>\n\u25a0 ICR ch\u1ebf \u0111\u1ed9 ban \u0111\u00eam, th\u00f4ng b\u00e1o b\u1eb1ng gi\u1ecdng n\u00f3i. Ch\u1ed1ng ng\u01b0\u1ee3c s\u00e1ng WDR<br \/>\n\u25a0 H\u1ed7 tr\u1ee3 video m\u00e0u, \u00e2m thanh. \u0110\u00e0m tho\u1ea1i 2 chi\u1ec1u<br \/>\n\u25a0 TCP\/ IP, SIP<br \/>\n\u25a0 Ngu\u1ed3n \u0111i\u1ec7n DC 12, POE, k\u00edch th\u01b0\u1edbc 163.0mm\u00d773.0mm\u00d754.5.0mm, tr\u1ecdng l\u01b0\u1ee3ng 0.8Kg.<\/p>\n","protected":false},"featured_media":2318,"comment_status":"open","ping_status":"closed","template":"","meta":[],"product_cat":[154],"product_tag":[],"yoast_head":"<!-- This site is optimized with the Yoast SEO plugin v21.5 - https:\/\/yoast.com\/wordpress\/plugins\/seo\/ -->\n<title>N\u00fat chu\u00f4ng Dahua DHI-VTO2101E-P-S1 - M\u1eabu 2<\/title>\n<meta name=\"description\" content=\"Chu\u00f4ng c\u1eeda c\u00f3 h\u00ecnh l\u00e0 h\u1ec7 th\u1ed1ng chu\u00f4ng c\u1eeda s\u1eed d\u1ee5ng camera quan s\u00e1t \u0111\u01b0\u1ee3c ng\u01b0\u1eddi \u1edf b\u00ean ngo\u00e0i. \u0110\u00e2y l\u00e0 thi\u1ebft b\u1ecb c\u00f3 t\u00ednh b\u1ea3o m\u1eadt c\u1ef1c cao v\u00e0 t\u00ednh n\u0103ng ti\u1ec7n d\u1ee5ng \u0111\u1ed1i v\u1edbi ng\u01b0\u1eddi s\u1eed d\u1ee5ng. Camera chu\u00f4ng c\u1eeda \u0111\u01b0\u1ee3c g\u1eafn \u1edf b\u00ean ngo\u00e0i \u0111\u1ec3 thu \u00e2m thanh v\u00e0 h\u00ecnh \u1ea3nh. S\u1ea3n ph\u1ea9m camera chu\u00f4ng h\u00ecnh DAHUA DHI-VTO2101E-P-S1 hi\u1ec7n \u0111ang \u0111\u01b0\u1ee3c tin d\u00f9ng nhi\u1ec1u nh\u1ea5t.\" \/>\n<meta name=\"robots\" content=\"index, follow, max-snippet:-1, max-image-preview:large, max-video-preview:-1\" \/>\n<link rel=\"canonical\" href=\"https:\/\/pluginviet.com\/mau38\/san-pham\/nut-chuong-dahua-dhi-vto2101e-p-s1\/\" \/>\n<meta property=\"og:locale\" content=\"vi_VN\" \/>\n<meta property=\"og:type\" content=\"article\" \/>\n<meta property=\"og:title\" content=\"N\u00fat chu\u00f4ng Dahua DHI-VTO2101E-P-S1 - M\u1eabu 2\" \/>\n<meta property=\"og:description\" content=\"Chu\u00f4ng c\u1eeda c\u00f3 h\u00ecnh l\u00e0 h\u1ec7 th\u1ed1ng chu\u00f4ng c\u1eeda s\u1eed d\u1ee5ng camera quan s\u00e1t \u0111\u01b0\u1ee3c ng\u01b0\u1eddi \u1edf b\u00ean ngo\u00e0i. \u0110\u00e2y l\u00e0 thi\u1ebft b\u1ecb c\u00f3 t\u00ednh b\u1ea3o m\u1eadt c\u1ef1c cao v\u00e0 t\u00ednh n\u0103ng ti\u1ec7n d\u1ee5ng \u0111\u1ed1i v\u1edbi ng\u01b0\u1eddi s\u1eed d\u1ee5ng. Camera chu\u00f4ng c\u1eeda \u0111\u01b0\u1ee3c g\u1eafn \u1edf b\u00ean ngo\u00e0i \u0111\u1ec3 thu \u00e2m thanh v\u00e0 h\u00ecnh \u1ea3nh. S\u1ea3n ph\u1ea9m camera chu\u00f4ng h\u00ecnh DAHUA DHI-VTO2101E-P-S1 hi\u1ec7n \u0111ang \u0111\u01b0\u1ee3c tin d\u00f9ng nhi\u1ec1u nh\u1ea5t.\" \/>\n<meta property=\"og:url\" content=\"https:\/\/pluginviet.com\/mau38\/san-pham\/nut-chuong-dahua-dhi-vto2101e-p-s1\/\" \/>\n<meta property=\"og:site_name\" content=\"M\u1eabu 2\" \/>\n<meta property=\"article:modified_time\" content=\"2022-11-10T07:33:00+00:00\" \/>\n<meta property=\"og:image\" content=\"https:\/\/pluginviet.com\/mau38\/wp-content\/uploads\/2021\/12\/56536_nut_chuong_dahua_dhi_vto2101e_p_s1_1.jpg\" \/>\n\t<meta property=\"og:image:width\" content=\"850\" \/>\n\t<meta property=\"og:image:height\" content=\"850\" \/>\n\t<meta property=\"og:image:type\" content=\"image\/jpeg\" \/>\n<meta name=\"twitter:card\" content=\"summary_large_image\" \/>\n<script type=\"application\/ld+json\" class=\"yoast-schema-graph\">{\"@context\":\"https:\/\/schema.org\",\"@graph\":[{\"@type\":\"WebPage\",\"@id\":\"https:\/\/pluginviet.com\/mau38\/san-pham\/nut-chuong-dahua-dhi-vto2101e-p-s1\/\",\"url\":\"https:\/\/pluginviet.com\/mau38\/san-pham\/nut-chuong-dahua-dhi-vto2101e-p-s1\/\",\"name\":\"N\u00fat chu\u00f4ng Dahua DHI-VTO2101E-P-S1 - M\u1eabu 2\",\"isPartOf\":{\"@id\":\"https:\/\/pluginviet.com\/mau38\/#website\"},\"datePublished\":\"2021-12-25T06:11:29+00:00\",\"dateModified\":\"2022-11-10T07:33:00+00:00\",\"description\":\"Chu\u00f4ng c\u1eeda c\u00f3 h\u00ecnh l\u00e0 h\u1ec7 th\u1ed1ng chu\u00f4ng c\u1eeda s\u1eed d\u1ee5ng camera quan s\u00e1t \u0111\u01b0\u1ee3c ng\u01b0\u1eddi \u1edf b\u00ean ngo\u00e0i. \u0110\u00e2y l\u00e0 thi\u1ebft b\u1ecb c\u00f3 t\u00ednh b\u1ea3o m\u1eadt c\u1ef1c cao v\u00e0 t\u00ednh n\u0103ng ti\u1ec7n d\u1ee5ng \u0111\u1ed1i v\u1edbi ng\u01b0\u1eddi s\u1eed d\u1ee5ng. Camera chu\u00f4ng c\u1eeda \u0111\u01b0\u1ee3c g\u1eafn \u1edf b\u00ean ngo\u00e0i \u0111\u1ec3 thu \u00e2m thanh v\u00e0 h\u00ecnh \u1ea3nh. S\u1ea3n ph\u1ea9m camera chu\u00f4ng h\u00ecnh DAHUA DHI-VTO2101E-P-S1 hi\u1ec7n \u0111ang \u0111\u01b0\u1ee3c tin d\u00f9ng nhi\u1ec1u nh\u1ea5t.\",\"breadcrumb\":{\"@id\":\"https:\/\/pluginviet.com\/mau38\/san-pham\/nut-chuong-dahua-dhi-vto2101e-p-s1\/#breadcrumb\"},\"inLanguage\":\"vi\",\"potentialAction\":[{\"@type\":\"ReadAction\",\"target\":[\"https:\/\/pluginviet.com\/mau38\/san-pham\/nut-chuong-dahua-dhi-vto2101e-p-s1\/\"]}]},{\"@type\":\"BreadcrumbList\",\"@id\":\"https:\/\/pluginviet.com\/mau38\/san-pham\/nut-chuong-dahua-dhi-vto2101e-p-s1\/#breadcrumb\",\"itemListElement\":[{\"@type\":\"ListItem\",\"position\":1,\"name\":\"Trang ch\u1ee7\",\"item\":\"https:\/\/pluginviet.com\/mau38\/\"},{\"@type\":\"ListItem\",\"position\":2,\"name\":\"Shop\",\"item\":\"https:\/\/pluginviet.com\/mau38\/shop\/\"},{\"@type\":\"ListItem\",\"position\":3,\"name\":\"N\u00fat chu\u00f4ng Dahua DHI-VTO2101E-P-S1\"}]},{\"@type\":\"WebSite\",\"@id\":\"https:\/\/pluginviet.com\/mau38\/#website\",\"url\":\"https:\/\/pluginviet.com\/mau38\/\",\"name\":\"M\u1eabu 2\",\"description\":\"\",\"potentialAction\":[{\"@type\":\"SearchAction\",\"target\":{\"@type\":\"EntryPoint\",\"urlTemplate\":\"https:\/\/pluginviet.com\/mau38\/?s={search_term_string}\"},\"query-input\":\"required name=search_term_string\"}],\"inLanguage\":\"vi\"}]}<\/script>\n<!-- \/ Yoast SEO plugin. -->","yoast_head_json":{"title":"N\u00fat chu\u00f4ng Dahua DHI-VTO2101E-P-S1 - M\u1eabu 2","description":"Chu\u00f4ng c\u1eeda c\u00f3 h\u00ecnh l\u00e0 h\u1ec7 th\u1ed1ng chu\u00f4ng c\u1eeda s\u1eed d\u1ee5ng camera quan s\u00e1t \u0111\u01b0\u1ee3c ng\u01b0\u1eddi \u1edf b\u00ean ngo\u00e0i. \u0110\u00e2y l\u00e0 thi\u1ebft b\u1ecb c\u00f3 t\u00ednh b\u1ea3o m\u1eadt c\u1ef1c cao v\u00e0 t\u00ednh n\u0103ng ti\u1ec7n d\u1ee5ng \u0111\u1ed1i v\u1edbi ng\u01b0\u1eddi s\u1eed d\u1ee5ng. Camera chu\u00f4ng c\u1eeda \u0111\u01b0\u1ee3c g\u1eafn \u1edf b\u00ean ngo\u00e0i \u0111\u1ec3 thu \u00e2m thanh v\u00e0 h\u00ecnh \u1ea3nh. S\u1ea3n ph\u1ea9m camera chu\u00f4ng h\u00ecnh DAHUA DHI-VTO2101E-P-S1 hi\u1ec7n \u0111ang \u0111\u01b0\u1ee3c tin d\u00f9ng nhi\u1ec1u nh\u1ea5t.","robots":{"index":"index","follow":"follow","max-snippet":"max-snippet:-1","max-image-preview":"max-image-preview:large","max-video-preview":"max-video-preview:-1"},"canonical":"https:\/\/pluginviet.com\/mau38\/san-pham\/nut-chuong-dahua-dhi-vto2101e-p-s1\/","og_locale":"vi_VN","og_type":"article","og_title":"N\u00fat chu\u00f4ng Dahua DHI-VTO2101E-P-S1 - M\u1eabu 2","og_description":"Chu\u00f4ng c\u1eeda c\u00f3 h\u00ecnh l\u00e0 h\u1ec7 th\u1ed1ng chu\u00f4ng c\u1eeda s\u1eed d\u1ee5ng camera quan s\u00e1t \u0111\u01b0\u1ee3c ng\u01b0\u1eddi \u1edf b\u00ean ngo\u00e0i. \u0110\u00e2y l\u00e0 thi\u1ebft b\u1ecb c\u00f3 t\u00ednh b\u1ea3o m\u1eadt c\u1ef1c cao v\u00e0 t\u00ednh n\u0103ng ti\u1ec7n d\u1ee5ng \u0111\u1ed1i v\u1edbi ng\u01b0\u1eddi s\u1eed d\u1ee5ng. Camera chu\u00f4ng c\u1eeda \u0111\u01b0\u1ee3c g\u1eafn \u1edf b\u00ean ngo\u00e0i \u0111\u1ec3 thu \u00e2m thanh v\u00e0 h\u00ecnh \u1ea3nh. S\u1ea3n ph\u1ea9m camera chu\u00f4ng h\u00ecnh DAHUA DHI-VTO2101E-P-S1 hi\u1ec7n \u0111ang \u0111\u01b0\u1ee3c tin d\u00f9ng nhi\u1ec1u nh\u1ea5t.","og_url":"https:\/\/pluginviet.com\/mau38\/san-pham\/nut-chuong-dahua-dhi-vto2101e-p-s1\/","og_site_name":"M\u1eabu 2","article_modified_time":"2022-11-10T07:33:00+00:00","og_image":[{"width":850,"height":850,"url":"https:\/\/pluginviet.com\/mau38\/wp-content\/uploads\/2021\/12\/56536_nut_chuong_dahua_dhi_vto2101e_p_s1_1.jpg","type":"image\/jpeg"}],"twitter_card":"summary_large_image","schema":{"@context":"https:\/\/schema.org","@graph":[{"@type":"WebPage","@id":"https:\/\/pluginviet.com\/mau38\/san-pham\/nut-chuong-dahua-dhi-vto2101e-p-s1\/","url":"https:\/\/pluginviet.com\/mau38\/san-pham\/nut-chuong-dahua-dhi-vto2101e-p-s1\/","name":"N\u00fat chu\u00f4ng Dahua DHI-VTO2101E-P-S1 - M\u1eabu 2","isPartOf":{"@id":"https:\/\/pluginviet.com\/mau38\/#website"},"datePublished":"2021-12-25T06:11:29+00:00","dateModified":"2022-11-10T07:33:00+00:00","description":"Chu\u00f4ng c\u1eeda c\u00f3 h\u00ecnh l\u00e0 h\u1ec7 th\u1ed1ng chu\u00f4ng c\u1eeda s\u1eed d\u1ee5ng camera quan s\u00e1t \u0111\u01b0\u1ee3c ng\u01b0\u1eddi \u1edf b\u00ean ngo\u00e0i. \u0110\u00e2y l\u00e0 thi\u1ebft b\u1ecb c\u00f3 t\u00ednh b\u1ea3o m\u1eadt c\u1ef1c cao v\u00e0 t\u00ednh n\u0103ng ti\u1ec7n d\u1ee5ng \u0111\u1ed1i v\u1edbi ng\u01b0\u1eddi s\u1eed d\u1ee5ng. Camera chu\u00f4ng c\u1eeda \u0111\u01b0\u1ee3c g\u1eafn \u1edf b\u00ean ngo\u00e0i \u0111\u1ec3 thu \u00e2m thanh v\u00e0 h\u00ecnh \u1ea3nh. S\u1ea3n ph\u1ea9m camera chu\u00f4ng h\u00ecnh DAHUA DHI-VTO2101E-P-S1 hi\u1ec7n \u0111ang \u0111\u01b0\u1ee3c tin d\u00f9ng nhi\u1ec1u nh\u1ea5t.","breadcrumb":{"@id":"https:\/\/pluginviet.com\/mau38\/san-pham\/nut-chuong-dahua-dhi-vto2101e-p-s1\/#breadcrumb"},"inLanguage":"vi","potentialAction":[{"@type":"ReadAction","target":["https:\/\/pluginviet.com\/mau38\/san-pham\/nut-chuong-dahua-dhi-vto2101e-p-s1\/"]}]},{"@type":"BreadcrumbList","@id":"https:\/\/pluginviet.com\/mau38\/san-pham\/nut-chuong-dahua-dhi-vto2101e-p-s1\/#breadcrumb","itemListElement":[{"@type":"ListItem","position":1,"name":"Trang ch\u1ee7","item":"https:\/\/pluginviet.com\/mau38\/"},{"@type":"ListItem","position":2,"name":"Shop","item":"https:\/\/pluginviet.com\/mau38\/shop\/"},{"@type":"ListItem","position":3,"name":"N\u00fat chu\u00f4ng Dahua DHI-VTO2101E-P-S1"}]},{"@type":"WebSite","@id":"https:\/\/pluginviet.com\/mau38\/#website","url":"https:\/\/pluginviet.com\/mau38\/","name":"M\u1eabu 2","description":"","potentialAction":[{"@type":"SearchAction","target":{"@type":"EntryPoint","urlTemplate":"https:\/\/pluginviet.com\/mau38\/?s={search_term_string}"},"query-input":"required name=search_term_string"}],"inLanguage":"vi"}]}},"_links":{"self":[{"href":"https:\/\/pluginviet.com\/mau38\/wp-json\/wp\/v2\/product\/2317"}],"collection":[{"href":"https:\/\/pluginviet.com\/mau38\/wp-json\/wp\/v2\/product"}],"about":[{"href":"https:\/\/pluginviet.com\/mau38\/wp-json\/wp\/v2\/types\/product"}],"replies":[{"embeddable":true,"href":"https:\/\/pluginviet.com\/mau38\/wp-json\/wp\/v2\/comments?post=2317"}],"wp:featuredmedia":[{"embeddable":true,"href":"https:\/\/pluginviet.com\/mau38\/wp-json\/wp\/v2\/media\/2318"}],"wp:attachment":[{"href":"https:\/\/pluginviet.com\/mau38\/wp-json\/wp\/v2\/media?parent=2317"}],"wp:term":[{"taxonomy":"product_cat","embeddable":true,"href":"https:\/\/pluginviet.com\/mau38\/wp-json\/wp\/v2\/product_cat?post=2317"},{"taxonomy":"product_tag","embeddable":true,"href":"https:\/\/pluginviet.com\/mau38\/wp-json\/wp\/v2\/product_tag?post=2317"}],"curies":[{"name":"wp","href":"https:\/\/api.w.org\/{rel}","templated":true}]}}