{"id":2205,"date":"2021-12-21T01:35:53","date_gmt":"2021-12-21T01:35:53","guid":{"rendered":"http:\/\/khachhang.webrt.vn\/phong\/huytuantelecom\/?post_type=product&#038;p=2205"},"modified":"2022-11-10T07:33:21","modified_gmt":"2022-11-10T07:33:21","slug":"may-in-laser-canon-lbp161dn","status":"publish","type":"product","link":"https:\/\/pluginviet.com\/mau38\/san-pham\/may-in-laser-canon-lbp161dn\/","title":{"rendered":"M\u00e1y in Laser Canon LBP161DN"},"content":{"rendered":"","protected":false},"excerpt":{"rendered":"<p>Ph\u00f9 h\u1ee3p v\u1edbi m\u1ecdi m\u00f4i tr\u01b0\u1eddng l\u00e0m vi\u1ec7c, m\u00e1y in LBP161dn l\u00e0 m\u00e1y in \u0111en tr\u1eafng \u0111em l\u1ea1i nh\u1eefng b\u1ea3n in t\u1ed1c \u0111\u1ed9 nhanh v\u00e0 ch\u1ea5t l\u01b0\u1ee3ng cao.<\/p>\n<ul class=\"list-normal\">\n<li>T\u1ed1c \u0111\u1ed9 in (A4): L\u00ean t\u1edbi 28 trang\/ph\u00fat<\/li>\n<li>Th\u1eddi gian in b\u1ea3n \u0111\u1ea7u ti\u00ean (A4): X\u1ea5p x\u1ec9 5.2 gi\u00e2y<\/li>\n<li>\u0110\u1ed9 ph\u00e2n gi\u1ea3i khi in: 600 x 600dpi (t\u01b0\u01a1ng \u0111\u01b0\u01a1ng)<\/li>\n<li>K\u1ebft n\u1ed1i Ethernet<\/li>\n<li>C\u00f4ng su\u1ea5t khuy\u1ebfn ngh\u1ecb in\/th\u00e1ng: 250 &#8211; 2,500 trang<\/li>\n<\/ul>\n","protected":false},"featured_media":2206,"comment_status":"open","ping_status":"closed","template":"","meta":[],"product_cat":[157],"product_tag":[187,186],"yoast_head":"<!-- This site is optimized with the Yoast SEO plugin v21.5 - https:\/\/yoast.com\/wordpress\/plugins\/seo\/ -->\n<title>M\u00e1y in Laser Canon LBP161DN - M\u1eabu 2<\/title>\n<meta name=\"description\" content=\"H\u00e3ng s\u1ea3n xu\u1ea5tCanonCh\u1ee7ng lo\u1ea1iIn laser \u0111en tr\u1eafngLo\u1ea1i m\u00e1yLBP 161DN+ (161dn plus)B\u1ed9 nh\u1edb256MBT\u1ed1c \u0111\u1ed9 inA4: 28 trang\/ph\u00fatLetter: 30 trang\/ph\u00fat\u0110\u1ed9 ph\u00e2n gi\u1ea3i600 x 600dpiCh\u1ea5t l\u01b0\u1ee3ng in v\u1edbi C\u00f4ng ngh\u1ec7 L\u00e0m m\u1ecbn H\u00ecnh \u1ea3nh1.200 x 1.200 dpi (t\u01b0\u01a1ng \u0111\u01b0\u01a1ng)2.400 (t\u01b0\u01a1ng \u0111\u01b0\u01a1ng) x 600 dpiKh\u1ed5 gi\u1ea5yA4Khay gi\u1ea5yKhay Cassette ti\u00eau chu\u1ea9n: 250 t\u1eddKhay \u0110a m\u1ee5c \u0111\u00edch: 1 t\u1eddC\u1ed5ng k\u1ebft n\u1ed1iHigh-Speed USB 2.0, 10Base-T \/ 100Base-TXH\u1ed9p m\u1ef1cCartridge 051H: 4.100 trang (theo m\u00e1y 4.100 trang)Tr\u1ecdng L\u01b0\u1ee3ng7kgT\u01b0\u01a1ng th\u00edch h\u1ec7 \u0111i\u1ec1u h\u00e0nhMicrosoft\u00ae Windows\u00ae 10 (32, 64-bit), Windows\u00ae 8.1 (32, 64-bit), Windows\u00ae 8 (32, 64-bit), Windows\u00ae Server 2016 (64-bit), Windows\u00ae Server 2012 R2 (64-bit), Windows\u00ae Server 2012 (64-bit), Windows\u00ae Server 2008 R2 (64-bit), Windows\u00ae Server 2008 (32, 64-bit), Mac OS X10.7.5 &amp; h\u01a1n, Linux\" \/>\n<meta name=\"robots\" content=\"index, follow, max-snippet:-1, max-image-preview:large, max-video-preview:-1\" \/>\n<link rel=\"canonical\" href=\"https:\/\/pluginviet.com\/mau38\/san-pham\/may-in-laser-canon-lbp161dn\/\" \/>\n<meta property=\"og:locale\" content=\"vi_VN\" \/>\n<meta property=\"og:type\" content=\"article\" \/>\n<meta property=\"og:title\" content=\"M\u00e1y in Laser Canon LBP161DN - M\u1eabu 2\" \/>\n<meta property=\"og:description\" content=\"H\u00e3ng s\u1ea3n xu\u1ea5tCanonCh\u1ee7ng lo\u1ea1iIn laser \u0111en tr\u1eafngLo\u1ea1i m\u00e1yLBP 161DN+ (161dn plus)B\u1ed9 nh\u1edb256MBT\u1ed1c \u0111\u1ed9 inA4: 28 trang\/ph\u00fatLetter: 30 trang\/ph\u00fat\u0110\u1ed9 ph\u00e2n gi\u1ea3i600 x 600dpiCh\u1ea5t l\u01b0\u1ee3ng in v\u1edbi C\u00f4ng ngh\u1ec7 L\u00e0m m\u1ecbn H\u00ecnh \u1ea3nh1.200 x 1.200 dpi (t\u01b0\u01a1ng \u0111\u01b0\u01a1ng)2.400 (t\u01b0\u01a1ng \u0111\u01b0\u01a1ng) x 600 dpiKh\u1ed5 gi\u1ea5yA4Khay gi\u1ea5yKhay Cassette ti\u00eau chu\u1ea9n: 250 t\u1eddKhay \u0110a m\u1ee5c \u0111\u00edch: 1 t\u1eddC\u1ed5ng k\u1ebft n\u1ed1iHigh-Speed USB 2.0, 10Base-T \/ 100Base-TXH\u1ed9p m\u1ef1cCartridge 051H: 4.100 trang (theo m\u00e1y 4.100 trang)Tr\u1ecdng L\u01b0\u1ee3ng7kgT\u01b0\u01a1ng th\u00edch h\u1ec7 \u0111i\u1ec1u h\u00e0nhMicrosoft\u00ae Windows\u00ae 10 (32, 64-bit), Windows\u00ae 8.1 (32, 64-bit), Windows\u00ae 8 (32, 64-bit), Windows\u00ae Server 2016 (64-bit), Windows\u00ae Server 2012 R2 (64-bit), Windows\u00ae Server 2012 (64-bit), Windows\u00ae Server 2008 R2 (64-bit), Windows\u00ae Server 2008 (32, 64-bit), Mac OS X10.7.5 &amp; h\u01a1n, Linux\" \/>\n<meta property=\"og:url\" content=\"https:\/\/pluginviet.com\/mau38\/san-pham\/may-in-laser-canon-lbp161dn\/\" \/>\n<meta property=\"og:site_name\" content=\"M\u1eabu 2\" \/>\n<meta property=\"article:modified_time\" content=\"2022-11-10T07:33:21+00:00\" \/>\n<meta property=\"og:image\" content=\"https:\/\/pluginviet.com\/mau38\/wp-content\/uploads\/2021\/12\/1__82664_zoom.png\" \/>\n\t<meta property=\"og:image:width\" content=\"362\" \/>\n\t<meta property=\"og:image:height\" content=\"320\" \/>\n\t<meta property=\"og:image:type\" content=\"image\/png\" \/>\n<meta name=\"twitter:card\" content=\"summary_large_image\" \/>\n<script type=\"application\/ld+json\" class=\"yoast-schema-graph\">{\"@context\":\"https:\/\/schema.org\",\"@graph\":[{\"@type\":\"WebPage\",\"@id\":\"https:\/\/pluginviet.com\/mau38\/san-pham\/may-in-laser-canon-lbp161dn\/\",\"url\":\"https:\/\/pluginviet.com\/mau38\/san-pham\/may-in-laser-canon-lbp161dn\/\",\"name\":\"M\u00e1y in Laser Canon LBP161DN - M\u1eabu 2\",\"isPartOf\":{\"@id\":\"https:\/\/pluginviet.com\/mau38\/#website\"},\"datePublished\":\"2021-12-21T01:35:53+00:00\",\"dateModified\":\"2022-11-10T07:33:21+00:00\",\"description\":\"H\u00e3ng s\u1ea3n xu\u1ea5tCanonCh\u1ee7ng lo\u1ea1iIn laser \u0111en tr\u1eafngLo\u1ea1i m\u00e1yLBP 161DN+ (161dn plus)B\u1ed9 nh\u1edb256MBT\u1ed1c \u0111\u1ed9 inA4: 28 trang\/ph\u00fatLetter: 30 trang\/ph\u00fat\u0110\u1ed9 ph\u00e2n gi\u1ea3i600 x 600dpiCh\u1ea5t l\u01b0\u1ee3ng in v\u1edbi C\u00f4ng ngh\u1ec7 L\u00e0m m\u1ecbn H\u00ecnh \u1ea3nh1.200 x 1.200 dpi (t\u01b0\u01a1ng \u0111\u01b0\u01a1ng)2.400 (t\u01b0\u01a1ng \u0111\u01b0\u01a1ng) x 600 dpiKh\u1ed5 gi\u1ea5yA4Khay gi\u1ea5yKhay Cassette ti\u00eau chu\u1ea9n: 250 t\u1eddKhay \u0110a m\u1ee5c \u0111\u00edch: 1 t\u1eddC\u1ed5ng k\u1ebft n\u1ed1iHigh-Speed USB 2.0, 10Base-T \/ 100Base-TXH\u1ed9p m\u1ef1cCartridge 051H: 4.100 trang (theo m\u00e1y 4.100 trang)Tr\u1ecdng L\u01b0\u1ee3ng7kgT\u01b0\u01a1ng th\u00edch h\u1ec7 \u0111i\u1ec1u h\u00e0nhMicrosoft\u00ae Windows\u00ae 10 (32, 64-bit), Windows\u00ae 8.1 (32, 64-bit), Windows\u00ae 8 (32, 64-bit), Windows\u00ae Server 2016 (64-bit), Windows\u00ae Server 2012 R2 (64-bit), Windows\u00ae Server 2012 (64-bit), Windows\u00ae Server 2008 R2 (64-bit), Windows\u00ae Server 2008 (32, 64-bit), Mac OS X10.7.5 & h\u01a1n, Linux\",\"breadcrumb\":{\"@id\":\"https:\/\/pluginviet.com\/mau38\/san-pham\/may-in-laser-canon-lbp161dn\/#breadcrumb\"},\"inLanguage\":\"vi\",\"potentialAction\":[{\"@type\":\"ReadAction\",\"target\":[\"https:\/\/pluginviet.com\/mau38\/san-pham\/may-in-laser-canon-lbp161dn\/\"]}]},{\"@type\":\"BreadcrumbList\",\"@id\":\"https:\/\/pluginviet.com\/mau38\/san-pham\/may-in-laser-canon-lbp161dn\/#breadcrumb\",\"itemListElement\":[{\"@type\":\"ListItem\",\"position\":1,\"name\":\"Trang ch\u1ee7\",\"item\":\"https:\/\/pluginviet.com\/mau38\/\"},{\"@type\":\"ListItem\",\"position\":2,\"name\":\"Shop\",\"item\":\"https:\/\/pluginviet.com\/mau38\/shop\/\"},{\"@type\":\"ListItem\",\"position\":3,\"name\":\"M\u00e1y in Laser Canon LBP161DN\"}]},{\"@type\":\"WebSite\",\"@id\":\"https:\/\/pluginviet.com\/mau38\/#website\",\"url\":\"https:\/\/pluginviet.com\/mau38\/\",\"name\":\"M\u1eabu 2\",\"description\":\"\",\"potentialAction\":[{\"@type\":\"SearchAction\",\"target\":{\"@type\":\"EntryPoint\",\"urlTemplate\":\"https:\/\/pluginviet.com\/mau38\/?s={search_term_string}\"},\"query-input\":\"required name=search_term_string\"}],\"inLanguage\":\"vi\"}]}<\/script>\n<!-- \/ Yoast SEO plugin. -->","yoast_head_json":{"title":"M\u00e1y in Laser Canon LBP161DN - M\u1eabu 2","description":"H\u00e3ng s\u1ea3n xu\u1ea5tCanonCh\u1ee7ng lo\u1ea1iIn laser \u0111en tr\u1eafngLo\u1ea1i m\u00e1yLBP 161DN+ (161dn plus)B\u1ed9 nh\u1edb256MBT\u1ed1c \u0111\u1ed9 inA4: 28 trang\/ph\u00fatLetter: 30 trang\/ph\u00fat\u0110\u1ed9 ph\u00e2n gi\u1ea3i600 x 600dpiCh\u1ea5t l\u01b0\u1ee3ng in v\u1edbi C\u00f4ng ngh\u1ec7 L\u00e0m m\u1ecbn H\u00ecnh \u1ea3nh1.200 x 1.200 dpi (t\u01b0\u01a1ng \u0111\u01b0\u01a1ng)2.400 (t\u01b0\u01a1ng \u0111\u01b0\u01a1ng) x 600 dpiKh\u1ed5 gi\u1ea5yA4Khay gi\u1ea5yKhay Cassette ti\u00eau chu\u1ea9n: 250 t\u1eddKhay \u0110a m\u1ee5c \u0111\u00edch: 1 t\u1eddC\u1ed5ng k\u1ebft n\u1ed1iHigh-Speed USB 2.0, 10Base-T \/ 100Base-TXH\u1ed9p m\u1ef1cCartridge 051H: 4.100 trang (theo m\u00e1y 4.100 trang)Tr\u1ecdng L\u01b0\u1ee3ng7kgT\u01b0\u01a1ng th\u00edch h\u1ec7 \u0111i\u1ec1u h\u00e0nhMicrosoft\u00ae Windows\u00ae 10 (32, 64-bit), Windows\u00ae 8.1 (32, 64-bit), Windows\u00ae 8 (32, 64-bit), Windows\u00ae Server 2016 (64-bit), Windows\u00ae Server 2012 R2 (64-bit), Windows\u00ae Server 2012 (64-bit), Windows\u00ae Server 2008 R2 (64-bit), Windows\u00ae Server 2008 (32, 64-bit), Mac OS X10.7.5 & h\u01a1n, Linux","robots":{"index":"index","follow":"follow","max-snippet":"max-snippet:-1","max-image-preview":"max-image-preview:large","max-video-preview":"max-video-preview:-1"},"canonical":"https:\/\/pluginviet.com\/mau38\/san-pham\/may-in-laser-canon-lbp161dn\/","og_locale":"vi_VN","og_type":"article","og_title":"M\u00e1y in Laser Canon LBP161DN - M\u1eabu 2","og_description":"H\u00e3ng s\u1ea3n xu\u1ea5tCanonCh\u1ee7ng lo\u1ea1iIn laser \u0111en tr\u1eafngLo\u1ea1i m\u00e1yLBP 161DN+ (161dn plus)B\u1ed9 nh\u1edb256MBT\u1ed1c \u0111\u1ed9 inA4: 28 trang\/ph\u00fatLetter: 30 trang\/ph\u00fat\u0110\u1ed9 ph\u00e2n gi\u1ea3i600 x 600dpiCh\u1ea5t l\u01b0\u1ee3ng in v\u1edbi C\u00f4ng ngh\u1ec7 L\u00e0m m\u1ecbn H\u00ecnh \u1ea3nh1.200 x 1.200 dpi (t\u01b0\u01a1ng \u0111\u01b0\u01a1ng)2.400 (t\u01b0\u01a1ng \u0111\u01b0\u01a1ng) x 600 dpiKh\u1ed5 gi\u1ea5yA4Khay gi\u1ea5yKhay Cassette ti\u00eau chu\u1ea9n: 250 t\u1eddKhay \u0110a m\u1ee5c \u0111\u00edch: 1 t\u1eddC\u1ed5ng k\u1ebft n\u1ed1iHigh-Speed USB 2.0, 10Base-T \/ 100Base-TXH\u1ed9p m\u1ef1cCartridge 051H: 4.100 trang (theo m\u00e1y 4.100 trang)Tr\u1ecdng L\u01b0\u1ee3ng7kgT\u01b0\u01a1ng th\u00edch h\u1ec7 \u0111i\u1ec1u h\u00e0nhMicrosoft\u00ae Windows\u00ae 10 (32, 64-bit), Windows\u00ae 8.1 (32, 64-bit), Windows\u00ae 8 (32, 64-bit), Windows\u00ae Server 2016 (64-bit), Windows\u00ae Server 2012 R2 (64-bit), Windows\u00ae Server 2012 (64-bit), Windows\u00ae Server 2008 R2 (64-bit), Windows\u00ae Server 2008 (32, 64-bit), Mac OS X10.7.5 & h\u01a1n, Linux","og_url":"https:\/\/pluginviet.com\/mau38\/san-pham\/may-in-laser-canon-lbp161dn\/","og_site_name":"M\u1eabu 2","article_modified_time":"2022-11-10T07:33:21+00:00","og_image":[{"width":362,"height":320,"url":"https:\/\/pluginviet.com\/mau38\/wp-content\/uploads\/2021\/12\/1__82664_zoom.png","type":"image\/png"}],"twitter_card":"summary_large_image","schema":{"@context":"https:\/\/schema.org","@graph":[{"@type":"WebPage","@id":"https:\/\/pluginviet.com\/mau38\/san-pham\/may-in-laser-canon-lbp161dn\/","url":"https:\/\/pluginviet.com\/mau38\/san-pham\/may-in-laser-canon-lbp161dn\/","name":"M\u00e1y in Laser Canon LBP161DN - M\u1eabu 2","isPartOf":{"@id":"https:\/\/pluginviet.com\/mau38\/#website"},"datePublished":"2021-12-21T01:35:53+00:00","dateModified":"2022-11-10T07:33:21+00:00","description":"H\u00e3ng s\u1ea3n xu\u1ea5tCanonCh\u1ee7ng lo\u1ea1iIn laser \u0111en tr\u1eafngLo\u1ea1i m\u00e1yLBP 161DN+ (161dn plus)B\u1ed9 nh\u1edb256MBT\u1ed1c \u0111\u1ed9 inA4: 28 trang\/ph\u00fatLetter: 30 trang\/ph\u00fat\u0110\u1ed9 ph\u00e2n gi\u1ea3i600 x 600dpiCh\u1ea5t l\u01b0\u1ee3ng in v\u1edbi C\u00f4ng ngh\u1ec7 L\u00e0m m\u1ecbn H\u00ecnh \u1ea3nh1.200 x 1.200 dpi (t\u01b0\u01a1ng \u0111\u01b0\u01a1ng)2.400 (t\u01b0\u01a1ng \u0111\u01b0\u01a1ng) x 600 dpiKh\u1ed5 gi\u1ea5yA4Khay gi\u1ea5yKhay Cassette ti\u00eau chu\u1ea9n: 250 t\u1eddKhay \u0110a m\u1ee5c \u0111\u00edch: 1 t\u1eddC\u1ed5ng k\u1ebft n\u1ed1iHigh-Speed USB 2.0, 10Base-T \/ 100Base-TXH\u1ed9p m\u1ef1cCartridge 051H: 4.100 trang (theo m\u00e1y 4.100 trang)Tr\u1ecdng L\u01b0\u1ee3ng7kgT\u01b0\u01a1ng th\u00edch h\u1ec7 \u0111i\u1ec1u h\u00e0nhMicrosoft\u00ae Windows\u00ae 10 (32, 64-bit), Windows\u00ae 8.1 (32, 64-bit), Windows\u00ae 8 (32, 64-bit), Windows\u00ae Server 2016 (64-bit), Windows\u00ae Server 2012 R2 (64-bit), Windows\u00ae Server 2012 (64-bit), Windows\u00ae Server 2008 R2 (64-bit), Windows\u00ae Server 2008 (32, 64-bit), Mac OS X10.7.5 & h\u01a1n, Linux","breadcrumb":{"@id":"https:\/\/pluginviet.com\/mau38\/san-pham\/may-in-laser-canon-lbp161dn\/#breadcrumb"},"inLanguage":"vi","potentialAction":[{"@type":"ReadAction","target":["https:\/\/pluginviet.com\/mau38\/san-pham\/may-in-laser-canon-lbp161dn\/"]}]},{"@type":"BreadcrumbList","@id":"https:\/\/pluginviet.com\/mau38\/san-pham\/may-in-laser-canon-lbp161dn\/#breadcrumb","itemListElement":[{"@type":"ListItem","position":1,"name":"Trang ch\u1ee7","item":"https:\/\/pluginviet.com\/mau38\/"},{"@type":"ListItem","position":2,"name":"Shop","item":"https:\/\/pluginviet.com\/mau38\/shop\/"},{"@type":"ListItem","position":3,"name":"M\u00e1y in Laser Canon LBP161DN"}]},{"@type":"WebSite","@id":"https:\/\/pluginviet.com\/mau38\/#website","url":"https:\/\/pluginviet.com\/mau38\/","name":"M\u1eabu 2","description":"","potentialAction":[{"@type":"SearchAction","target":{"@type":"EntryPoint","urlTemplate":"https:\/\/pluginviet.com\/mau38\/?s={search_term_string}"},"query-input":"required name=search_term_string"}],"inLanguage":"vi"}]}},"_links":{"self":[{"href":"https:\/\/pluginviet.com\/mau38\/wp-json\/wp\/v2\/product\/2205"}],"collection":[{"href":"https:\/\/pluginviet.com\/mau38\/wp-json\/wp\/v2\/product"}],"about":[{"href":"https:\/\/pluginviet.com\/mau38\/wp-json\/wp\/v2\/types\/product"}],"replies":[{"embeddable":true,"href":"https:\/\/pluginviet.com\/mau38\/wp-json\/wp\/v2\/comments?post=2205"}],"wp:featuredmedia":[{"embeddable":true,"href":"https:\/\/pluginviet.com\/mau38\/wp-json\/wp\/v2\/media\/2206"}],"wp:attachment":[{"href":"https:\/\/pluginviet.com\/mau38\/wp-json\/wp\/v2\/media?parent=2205"}],"wp:term":[{"taxonomy":"product_cat","embeddable":true,"href":"https:\/\/pluginviet.com\/mau38\/wp-json\/wp\/v2\/product_cat?post=2205"},{"taxonomy":"product_tag","embeddable":true,"href":"https:\/\/pluginviet.com\/mau38\/wp-json\/wp\/v2\/product_tag?post=2205"}],"curies":[{"name":"wp","href":"https:\/\/api.w.org\/{rel}","templated":true}]}}