{"id":2200,"date":"2021-12-21T01:28:37","date_gmt":"2021-12-21T01:28:37","guid":{"rendered":"http:\/\/khachhang.webrt.vn\/phong\/huytuantelecom\/?post_type=product&#038;p=2200"},"modified":"2022-11-10T07:33:28","modified_gmt":"2022-11-10T07:33:28","slug":"may-in-phun-6-mau-epson-l805","status":"publish","type":"product","link":"https:\/\/pluginviet.com\/mau38\/san-pham\/may-in-phun-6-mau-epson-l805\/","title":{"rendered":"M\u00e1y in phun 6 m\u00e0u Epson L805"},"content":{"rendered":"","protected":false},"excerpt":{"rendered":"<p>In phun 6 m\u00e0u, kh\u1ed5 A4<br \/>\n&#8211; \u0110\u1ed9 ph\u00e2n gi\u1ea3i 5.760&#215;1.440 dpi<br \/>\n&#8211; T\u1ed1c \u0111\u1ed9 in 37 trang \u0111en A4\/ph\u00fat\u00a0&#8211; 38 trang m\u00e0u A4\/ph\u00fat<br \/>\n&#8211; K\u1ebft n\u1ed1i USB 2.0<br \/>\n&#8211; Wifi 802.11b\/g\/n<br \/>\n&#8211; 6 b\u00ecnh m\u1ef1c l\u1edbn r\u1eddi 70ml<br \/>\n&#8211; T\u01b0\u01a1ng th\u00edch Win 7, Win 8.1, Win 10 (32, 64 bit), Mac OS X<\/p>\n","protected":false},"featured_media":2202,"comment_status":"open","ping_status":"closed","template":"","meta":[],"product_cat":[157],"product_tag":[185],"yoast_head":"<!-- This site is optimized with the Yoast SEO plugin v21.5 - https:\/\/yoast.com\/wordpress\/plugins\/seo\/ -->\n<title>M\u00e1y in phun 6 m\u00e0u Epson L805 - M\u1eabu 2<\/title>\n<meta name=\"robots\" content=\"index, follow, max-snippet:-1, max-image-preview:large, max-video-preview:-1\" \/>\n<link rel=\"canonical\" href=\"https:\/\/pluginviet.com\/mau38\/san-pham\/may-in-phun-6-mau-epson-l805\/\" \/>\n<meta property=\"og:locale\" content=\"vi_VN\" \/>\n<meta property=\"og:type\" content=\"article\" \/>\n<meta property=\"og:title\" content=\"M\u00e1y in phun 6 m\u00e0u Epson L805 - M\u1eabu 2\" \/>\n<meta property=\"og:description\" content=\"In phun 6 m\u00e0u, kh\u1ed5 A4 - \u0110\u1ed9 ph\u00e2n gi\u1ea3i 5.760x1.440 dpi - T\u1ed1c \u0111\u1ed9 in 37 trang \u0111en A4\/ph\u00fat\u00a0- 38 trang m\u00e0u A4\/ph\u00fat - K\u1ebft n\u1ed1i USB 2.0 - Wifi 802.11b\/g\/n - 6 b\u00ecnh m\u1ef1c l\u1edbn r\u1eddi 70ml - T\u01b0\u01a1ng th\u00edch Win 7, Win 8.1, Win 10 (32, 64 bit), Mac OS X\" \/>\n<meta property=\"og:url\" content=\"https:\/\/pluginviet.com\/mau38\/san-pham\/may-in-phun-6-mau-epson-l805\/\" \/>\n<meta property=\"og:site_name\" content=\"M\u1eabu 2\" \/>\n<meta property=\"article:modified_time\" content=\"2022-11-10T07:33:28+00:00\" \/>\n<meta property=\"og:image\" content=\"https:\/\/pluginviet.com\/mau38\/wp-content\/uploads\/2021\/12\/30438_MayinphunmauEpsonL805-1__27292_zoom.png\" \/>\n\t<meta property=\"og:image:width\" content=\"618\" \/>\n\t<meta property=\"og:image:height\" content=\"422\" \/>\n\t<meta property=\"og:image:type\" content=\"image\/png\" \/>\n<meta name=\"twitter:card\" content=\"summary_large_image\" \/>\n<script type=\"application\/ld+json\" class=\"yoast-schema-graph\">{\"@context\":\"https:\/\/schema.org\",\"@graph\":[{\"@type\":\"WebPage\",\"@id\":\"https:\/\/pluginviet.com\/mau38\/san-pham\/may-in-phun-6-mau-epson-l805\/\",\"url\":\"https:\/\/pluginviet.com\/mau38\/san-pham\/may-in-phun-6-mau-epson-l805\/\",\"name\":\"M\u00e1y in phun 6 m\u00e0u Epson L805 - M\u1eabu 2\",\"isPartOf\":{\"@id\":\"https:\/\/pluginviet.com\/mau38\/#website\"},\"datePublished\":\"2021-12-21T01:28:37+00:00\",\"dateModified\":\"2022-11-10T07:33:28+00:00\",\"breadcrumb\":{\"@id\":\"https:\/\/pluginviet.com\/mau38\/san-pham\/may-in-phun-6-mau-epson-l805\/#breadcrumb\"},\"inLanguage\":\"vi\",\"potentialAction\":[{\"@type\":\"ReadAction\",\"target\":[\"https:\/\/pluginviet.com\/mau38\/san-pham\/may-in-phun-6-mau-epson-l805\/\"]}]},{\"@type\":\"BreadcrumbList\",\"@id\":\"https:\/\/pluginviet.com\/mau38\/san-pham\/may-in-phun-6-mau-epson-l805\/#breadcrumb\",\"itemListElement\":[{\"@type\":\"ListItem\",\"position\":1,\"name\":\"Trang ch\u1ee7\",\"item\":\"https:\/\/pluginviet.com\/mau38\/\"},{\"@type\":\"ListItem\",\"position\":2,\"name\":\"Shop\",\"item\":\"https:\/\/pluginviet.com\/mau38\/shop\/\"},{\"@type\":\"ListItem\",\"position\":3,\"name\":\"M\u00e1y in phun 6 m\u00e0u Epson L805\"}]},{\"@type\":\"WebSite\",\"@id\":\"https:\/\/pluginviet.com\/mau38\/#website\",\"url\":\"https:\/\/pluginviet.com\/mau38\/\",\"name\":\"M\u1eabu 2\",\"description\":\"\",\"potentialAction\":[{\"@type\":\"SearchAction\",\"target\":{\"@type\":\"EntryPoint\",\"urlTemplate\":\"https:\/\/pluginviet.com\/mau38\/?s={search_term_string}\"},\"query-input\":\"required name=search_term_string\"}],\"inLanguage\":\"vi\"}]}<\/script>\n<!-- \/ Yoast SEO plugin. -->","yoast_head_json":{"title":"M\u00e1y in phun 6 m\u00e0u Epson L805 - M\u1eabu 2","robots":{"index":"index","follow":"follow","max-snippet":"max-snippet:-1","max-image-preview":"max-image-preview:large","max-video-preview":"max-video-preview:-1"},"canonical":"https:\/\/pluginviet.com\/mau38\/san-pham\/may-in-phun-6-mau-epson-l805\/","og_locale":"vi_VN","og_type":"article","og_title":"M\u00e1y in phun 6 m\u00e0u Epson L805 - M\u1eabu 2","og_description":"In phun 6 m\u00e0u, kh\u1ed5 A4 - \u0110\u1ed9 ph\u00e2n gi\u1ea3i 5.760x1.440 dpi - T\u1ed1c \u0111\u1ed9 in 37 trang \u0111en A4\/ph\u00fat\u00a0- 38 trang m\u00e0u A4\/ph\u00fat - K\u1ebft n\u1ed1i USB 2.0 - Wifi 802.11b\/g\/n - 6 b\u00ecnh m\u1ef1c l\u1edbn r\u1eddi 70ml - T\u01b0\u01a1ng th\u00edch Win 7, Win 8.1, Win 10 (32, 64 bit), Mac OS X","og_url":"https:\/\/pluginviet.com\/mau38\/san-pham\/may-in-phun-6-mau-epson-l805\/","og_site_name":"M\u1eabu 2","article_modified_time":"2022-11-10T07:33:28+00:00","og_image":[{"width":618,"height":422,"url":"https:\/\/pluginviet.com\/mau38\/wp-content\/uploads\/2021\/12\/30438_MayinphunmauEpsonL805-1__27292_zoom.png","type":"image\/png"}],"twitter_card":"summary_large_image","schema":{"@context":"https:\/\/schema.org","@graph":[{"@type":"WebPage","@id":"https:\/\/pluginviet.com\/mau38\/san-pham\/may-in-phun-6-mau-epson-l805\/","url":"https:\/\/pluginviet.com\/mau38\/san-pham\/may-in-phun-6-mau-epson-l805\/","name":"M\u00e1y in phun 6 m\u00e0u Epson L805 - M\u1eabu 2","isPartOf":{"@id":"https:\/\/pluginviet.com\/mau38\/#website"},"datePublished":"2021-12-21T01:28:37+00:00","dateModified":"2022-11-10T07:33:28+00:00","breadcrumb":{"@id":"https:\/\/pluginviet.com\/mau38\/san-pham\/may-in-phun-6-mau-epson-l805\/#breadcrumb"},"inLanguage":"vi","potentialAction":[{"@type":"ReadAction","target":["https:\/\/pluginviet.com\/mau38\/san-pham\/may-in-phun-6-mau-epson-l805\/"]}]},{"@type":"BreadcrumbList","@id":"https:\/\/pluginviet.com\/mau38\/san-pham\/may-in-phun-6-mau-epson-l805\/#breadcrumb","itemListElement":[{"@type":"ListItem","position":1,"name":"Trang ch\u1ee7","item":"https:\/\/pluginviet.com\/mau38\/"},{"@type":"ListItem","position":2,"name":"Shop","item":"https:\/\/pluginviet.com\/mau38\/shop\/"},{"@type":"ListItem","position":3,"name":"M\u00e1y in phun 6 m\u00e0u Epson L805"}]},{"@type":"WebSite","@id":"https:\/\/pluginviet.com\/mau38\/#website","url":"https:\/\/pluginviet.com\/mau38\/","name":"M\u1eabu 2","description":"","potentialAction":[{"@type":"SearchAction","target":{"@type":"EntryPoint","urlTemplate":"https:\/\/pluginviet.com\/mau38\/?s={search_term_string}"},"query-input":"required name=search_term_string"}],"inLanguage":"vi"}]}},"_links":{"self":[{"href":"https:\/\/pluginviet.com\/mau38\/wp-json\/wp\/v2\/product\/2200"}],"collection":[{"href":"https:\/\/pluginviet.com\/mau38\/wp-json\/wp\/v2\/product"}],"about":[{"href":"https:\/\/pluginviet.com\/mau38\/wp-json\/wp\/v2\/types\/product"}],"replies":[{"embeddable":true,"href":"https:\/\/pluginviet.com\/mau38\/wp-json\/wp\/v2\/comments?post=2200"}],"wp:featuredmedia":[{"embeddable":true,"href":"https:\/\/pluginviet.com\/mau38\/wp-json\/wp\/v2\/media\/2202"}],"wp:attachment":[{"href":"https:\/\/pluginviet.com\/mau38\/wp-json\/wp\/v2\/media?parent=2200"}],"wp:term":[{"taxonomy":"product_cat","embeddable":true,"href":"https:\/\/pluginviet.com\/mau38\/wp-json\/wp\/v2\/product_cat?post=2200"},{"taxonomy":"product_tag","embeddable":true,"href":"https:\/\/pluginviet.com\/mau38\/wp-json\/wp\/v2\/product_tag?post=2200"}],"curies":[{"name":"wp","href":"https:\/\/api.w.org\/{rel}","templated":true}]}}