{"id":1885,"date":"2021-12-16T06:10:32","date_gmt":"2021-12-16T06:10:32","guid":{"rendered":"http:\/\/khachhang.webrt.vn\/phong\/huytuantelecom\/?post_type=product&#038;p=1885"},"modified":"2022-11-10T07:33:56","modified_gmt":"2022-11-10T07:33:56","slug":"bo-dam-cao-cap-nghe-goi-tot-nhat-hypersia-singapore-h1","status":"publish","type":"product","link":"https:\/\/pluginviet.com\/mau38\/san-pham\/bo-dam-cao-cap-nghe-goi-tot-nhat-hypersia-singapore-h1\/","title":{"rendered":"B\u1ed9 \u0110\u00e0m Cao C\u1ea5p Nghe G\u1ecdi T\u1ed1t Nh\u1ea5t Hypersia Singapore H1"},"content":{"rendered":"<p><span style=\"color: #000000;\"><strong>Gi\u00e1 B\u1ed9 \u0110\u00e0m Cao C\u1ea5p Hypersia H1<\/strong><\/span><br \/>\n<span style=\"color: #000000;\">B\u1ed9 \u0110\u00e0m H1 l\u00e0 d\u00f2ng s\u1ea3n ph\u1ea9m b\u1ed9 \u0111\u00e0m cao c\u1ea5p c\u1ee7a h\u00e3ng b\u1ed9 \u0111\u00e0m Hypersia Singapore. L\u00e0 d\u00f2ng s\u1ea3n ph\u1ea9m c\u00f3 thi\u1ebft k\u1ebf nh\u1ecf g\u1ecdn tinh t\u1ebf. Kh\u1ea3 n\u0103ng \u0111\u00e0m tho\u1ea1i r\u1ea5t t\u1ed1t l\u00e0 d\u00f2ng s\u1ea3n ph\u1ea9m b\u00e1n ch\u1ea1y nh\u1ea5t ph\u00e2n kh\u00fac.<\/span><\/p>\n<ul>\n<li><span style=\"color: #000000;\">\u01afu \u0111i\u1ec3m: S\u1ea3n ph\u1ea9m b\u00e1n ch\u1ea1y nh\u1ea5t th\u1ecb tr\u01b0\u1eddng, \u0111\u00e0m tho\u1ea1i \u00e2m thanh t\u1ed1t.\u0110\u1ed9 b\u1ec1n cao. \u0110\u1ea7y \u0111\u1ee7 gi\u1ea5y t\u1edd CO,CQ, \u0110\u0103ng k\u00fd t\u1ea7n s\u1ed1. B\u1ea3o h\u00e0nh \u0111\u1ed5i m\u1edbi to\u00e0n qu\u1ed1c<\/span><\/li>\n<li><span style=\"color: #000000;\">Nh\u01b0\u1ee3c \u0111i\u1ec3m: Gi\u00e1 qu\u00e1 r\u1ebb so v\u1edbi ch\u1ea5t l\u01b0\u1ee3ng.<\/span><\/li>\n<\/ul>\n","protected":false},"excerpt":{"rendered":"<p>Gi\u00e1 B\u1ed9 \u0110\u00e0m Cao C\u1ea5p Hypersia H1 B\u1ed9 \u0110\u00e0m H1 l\u00e0 d\u00f2ng s\u1ea3n ph\u1ea9m b\u1ed9 \u0111\u00e0m cao c\u1ea5p c\u1ee7a h\u00e3ng b\u1ed9 \u0111\u00e0m Hypersia Singapore. L\u00e0 d\u00f2ng s\u1ea3n ph\u1ea9m c\u00f3 thi\u1ebft k\u1ebf nh\u1ecf g\u1ecdn tinh t\u1ebf. Kh\u1ea3 n\u0103ng \u0111\u00e0m tho\u1ea1i r\u1ea5t t\u1ed1t l\u00e0 d\u00f2ng s\u1ea3n ph\u1ea9m b\u00e1n ch\u1ea1y nh\u1ea5t ph\u00e2n kh\u00fac. \u01afu \u0111i\u1ec3m: S\u1ea3n ph\u1ea9m b\u00e1n [&#8230;]\n","protected":false},"featured_media":1889,"comment_status":"open","ping_status":"closed","template":"","meta":[],"product_cat":[148],"product_tag":[],"yoast_head":"<!-- This site is optimized with the Yoast SEO plugin v21.5 - https:\/\/yoast.com\/wordpress\/plugins\/seo\/ -->\n<title>B\u1ed9 \u0110\u00e0m Cao C\u1ea5p Nghe G\u1ecdi T\u1ed1t Nh\u1ea5t Hypersia Singapore H1 - M\u1eabu 2<\/title>\n<meta name=\"robots\" content=\"index, follow, max-snippet:-1, max-image-preview:large, max-video-preview:-1\" \/>\n<link rel=\"canonical\" href=\"https:\/\/pluginviet.com\/mau38\/san-pham\/bo-dam-cao-cap-nghe-goi-tot-nhat-hypersia-singapore-h1\/\" \/>\n<meta property=\"og:locale\" content=\"vi_VN\" \/>\n<meta property=\"og:type\" content=\"article\" \/>\n<meta property=\"og:title\" content=\"B\u1ed9 \u0110\u00e0m Cao C\u1ea5p Nghe G\u1ecdi T\u1ed1t Nh\u1ea5t Hypersia Singapore H1 - M\u1eabu 2\" \/>\n<meta property=\"og:description\" content=\"Gi\u00e1 B\u1ed9 \u0110\u00e0m Cao C\u1ea5p Hypersia H1 B\u1ed9 \u0110\u00e0m H1 l\u00e0 d\u00f2ng s\u1ea3n ph\u1ea9m b\u1ed9 \u0111\u00e0m cao c\u1ea5p c\u1ee7a h\u00e3ng b\u1ed9 \u0111\u00e0m Hypersia Singapore. L\u00e0 d\u00f2ng s\u1ea3n ph\u1ea9m c\u00f3 thi\u1ebft k\u1ebf nh\u1ecf g\u1ecdn tinh t\u1ebf. Kh\u1ea3 n\u0103ng \u0111\u00e0m tho\u1ea1i r\u1ea5t t\u1ed1t l\u00e0 d\u00f2ng s\u1ea3n ph\u1ea9m b\u00e1n ch\u1ea1y nh\u1ea5t ph\u00e2n kh\u00fac. \u01afu \u0111i\u1ec3m: S\u1ea3n ph\u1ea9m b\u00e1n [...]\" \/>\n<meta property=\"og:url\" content=\"https:\/\/pluginviet.com\/mau38\/san-pham\/bo-dam-cao-cap-nghe-goi-tot-nhat-hypersia-singapore-h1\/\" \/>\n<meta property=\"og:site_name\" content=\"M\u1eabu 2\" \/>\n<meta property=\"article:modified_time\" content=\"2022-11-10T07:33:56+00:00\" \/>\n<meta property=\"og:image\" content=\"https:\/\/pluginviet.com\/mau38\/wp-content\/uploads\/2021\/12\/h1-600x600-1.jpg\" \/>\n\t<meta property=\"og:image:width\" content=\"600\" \/>\n\t<meta property=\"og:image:height\" content=\"600\" \/>\n\t<meta property=\"og:image:type\" content=\"image\/jpeg\" \/>\n<meta name=\"twitter:card\" content=\"summary_large_image\" \/>\n<meta name=\"twitter:label1\" content=\"\u01af\u1edbc t\u00ednh th\u1eddi gian \u0111\u1ecdc\" \/>\n\t<meta name=\"twitter:data1\" content=\"1 ph\u00fat\" \/>\n<script type=\"application\/ld+json\" class=\"yoast-schema-graph\">{\"@context\":\"https:\/\/schema.org\",\"@graph\":[{\"@type\":\"WebPage\",\"@id\":\"https:\/\/pluginviet.com\/mau38\/san-pham\/bo-dam-cao-cap-nghe-goi-tot-nhat-hypersia-singapore-h1\/\",\"url\":\"https:\/\/pluginviet.com\/mau38\/san-pham\/bo-dam-cao-cap-nghe-goi-tot-nhat-hypersia-singapore-h1\/\",\"name\":\"B\u1ed9 \u0110\u00e0m Cao C\u1ea5p Nghe G\u1ecdi T\u1ed1t Nh\u1ea5t Hypersia Singapore H1 - M\u1eabu 2\",\"isPartOf\":{\"@id\":\"https:\/\/pluginviet.com\/mau38\/#website\"},\"datePublished\":\"2021-12-16T06:10:32+00:00\",\"dateModified\":\"2022-11-10T07:33:56+00:00\",\"breadcrumb\":{\"@id\":\"https:\/\/pluginviet.com\/mau38\/san-pham\/bo-dam-cao-cap-nghe-goi-tot-nhat-hypersia-singapore-h1\/#breadcrumb\"},\"inLanguage\":\"vi\",\"potentialAction\":[{\"@type\":\"ReadAction\",\"target\":[\"https:\/\/pluginviet.com\/mau38\/san-pham\/bo-dam-cao-cap-nghe-goi-tot-nhat-hypersia-singapore-h1\/\"]}]},{\"@type\":\"BreadcrumbList\",\"@id\":\"https:\/\/pluginviet.com\/mau38\/san-pham\/bo-dam-cao-cap-nghe-goi-tot-nhat-hypersia-singapore-h1\/#breadcrumb\",\"itemListElement\":[{\"@type\":\"ListItem\",\"position\":1,\"name\":\"Trang ch\u1ee7\",\"item\":\"https:\/\/pluginviet.com\/mau38\/\"},{\"@type\":\"ListItem\",\"position\":2,\"name\":\"Shop\",\"item\":\"https:\/\/pluginviet.com\/mau38\/shop\/\"},{\"@type\":\"ListItem\",\"position\":3,\"name\":\"B\u1ed9 \u0110\u00e0m Cao C\u1ea5p Nghe G\u1ecdi T\u1ed1t Nh\u1ea5t Hypersia Singapore H1\"}]},{\"@type\":\"WebSite\",\"@id\":\"https:\/\/pluginviet.com\/mau38\/#website\",\"url\":\"https:\/\/pluginviet.com\/mau38\/\",\"name\":\"M\u1eabu 2\",\"description\":\"\",\"potentialAction\":[{\"@type\":\"SearchAction\",\"target\":{\"@type\":\"EntryPoint\",\"urlTemplate\":\"https:\/\/pluginviet.com\/mau38\/?s={search_term_string}\"},\"query-input\":\"required name=search_term_string\"}],\"inLanguage\":\"vi\"}]}<\/script>\n<!-- \/ Yoast SEO plugin. -->","yoast_head_json":{"title":"B\u1ed9 \u0110\u00e0m Cao C\u1ea5p Nghe G\u1ecdi T\u1ed1t Nh\u1ea5t Hypersia Singapore H1 - M\u1eabu 2","robots":{"index":"index","follow":"follow","max-snippet":"max-snippet:-1","max-image-preview":"max-image-preview:large","max-video-preview":"max-video-preview:-1"},"canonical":"https:\/\/pluginviet.com\/mau38\/san-pham\/bo-dam-cao-cap-nghe-goi-tot-nhat-hypersia-singapore-h1\/","og_locale":"vi_VN","og_type":"article","og_title":"B\u1ed9 \u0110\u00e0m Cao C\u1ea5p Nghe G\u1ecdi T\u1ed1t Nh\u1ea5t Hypersia Singapore H1 - M\u1eabu 2","og_description":"Gi\u00e1 B\u1ed9 \u0110\u00e0m Cao C\u1ea5p Hypersia H1 B\u1ed9 \u0110\u00e0m H1 l\u00e0 d\u00f2ng s\u1ea3n ph\u1ea9m b\u1ed9 \u0111\u00e0m cao c\u1ea5p c\u1ee7a h\u00e3ng b\u1ed9 \u0111\u00e0m Hypersia Singapore. L\u00e0 d\u00f2ng s\u1ea3n ph\u1ea9m c\u00f3 thi\u1ebft k\u1ebf nh\u1ecf g\u1ecdn tinh t\u1ebf. Kh\u1ea3 n\u0103ng \u0111\u00e0m tho\u1ea1i r\u1ea5t t\u1ed1t l\u00e0 d\u00f2ng s\u1ea3n ph\u1ea9m b\u00e1n ch\u1ea1y nh\u1ea5t ph\u00e2n kh\u00fac. \u01afu \u0111i\u1ec3m: S\u1ea3n ph\u1ea9m b\u00e1n [...]","og_url":"https:\/\/pluginviet.com\/mau38\/san-pham\/bo-dam-cao-cap-nghe-goi-tot-nhat-hypersia-singapore-h1\/","og_site_name":"M\u1eabu 2","article_modified_time":"2022-11-10T07:33:56+00:00","og_image":[{"width":600,"height":600,"url":"https:\/\/pluginviet.com\/mau38\/wp-content\/uploads\/2021\/12\/h1-600x600-1.jpg","type":"image\/jpeg"}],"twitter_card":"summary_large_image","twitter_misc":{"\u01af\u1edbc t\u00ednh th\u1eddi gian \u0111\u1ecdc":"1 ph\u00fat"},"schema":{"@context":"https:\/\/schema.org","@graph":[{"@type":"WebPage","@id":"https:\/\/pluginviet.com\/mau38\/san-pham\/bo-dam-cao-cap-nghe-goi-tot-nhat-hypersia-singapore-h1\/","url":"https:\/\/pluginviet.com\/mau38\/san-pham\/bo-dam-cao-cap-nghe-goi-tot-nhat-hypersia-singapore-h1\/","name":"B\u1ed9 \u0110\u00e0m Cao C\u1ea5p Nghe G\u1ecdi T\u1ed1t Nh\u1ea5t Hypersia Singapore H1 - M\u1eabu 2","isPartOf":{"@id":"https:\/\/pluginviet.com\/mau38\/#website"},"datePublished":"2021-12-16T06:10:32+00:00","dateModified":"2022-11-10T07:33:56+00:00","breadcrumb":{"@id":"https:\/\/pluginviet.com\/mau38\/san-pham\/bo-dam-cao-cap-nghe-goi-tot-nhat-hypersia-singapore-h1\/#breadcrumb"},"inLanguage":"vi","potentialAction":[{"@type":"ReadAction","target":["https:\/\/pluginviet.com\/mau38\/san-pham\/bo-dam-cao-cap-nghe-goi-tot-nhat-hypersia-singapore-h1\/"]}]},{"@type":"BreadcrumbList","@id":"https:\/\/pluginviet.com\/mau38\/san-pham\/bo-dam-cao-cap-nghe-goi-tot-nhat-hypersia-singapore-h1\/#breadcrumb","itemListElement":[{"@type":"ListItem","position":1,"name":"Trang ch\u1ee7","item":"https:\/\/pluginviet.com\/mau38\/"},{"@type":"ListItem","position":2,"name":"Shop","item":"https:\/\/pluginviet.com\/mau38\/shop\/"},{"@type":"ListItem","position":3,"name":"B\u1ed9 \u0110\u00e0m Cao C\u1ea5p Nghe G\u1ecdi T\u1ed1t Nh\u1ea5t Hypersia Singapore H1"}]},{"@type":"WebSite","@id":"https:\/\/pluginviet.com\/mau38\/#website","url":"https:\/\/pluginviet.com\/mau38\/","name":"M\u1eabu 2","description":"","potentialAction":[{"@type":"SearchAction","target":{"@type":"EntryPoint","urlTemplate":"https:\/\/pluginviet.com\/mau38\/?s={search_term_string}"},"query-input":"required name=search_term_string"}],"inLanguage":"vi"}]}},"_links":{"self":[{"href":"https:\/\/pluginviet.com\/mau38\/wp-json\/wp\/v2\/product\/1885"}],"collection":[{"href":"https:\/\/pluginviet.com\/mau38\/wp-json\/wp\/v2\/product"}],"about":[{"href":"https:\/\/pluginviet.com\/mau38\/wp-json\/wp\/v2\/types\/product"}],"replies":[{"embeddable":true,"href":"https:\/\/pluginviet.com\/mau38\/wp-json\/wp\/v2\/comments?post=1885"}],"wp:featuredmedia":[{"embeddable":true,"href":"https:\/\/pluginviet.com\/mau38\/wp-json\/wp\/v2\/media\/1889"}],"wp:attachment":[{"href":"https:\/\/pluginviet.com\/mau38\/wp-json\/wp\/v2\/media?parent=1885"}],"wp:term":[{"taxonomy":"product_cat","embeddable":true,"href":"https:\/\/pluginviet.com\/mau38\/wp-json\/wp\/v2\/product_cat?post=1885"},{"taxonomy":"product_tag","embeddable":true,"href":"https:\/\/pluginviet.com\/mau38\/wp-json\/wp\/v2\/product_tag?post=1885"}],"curies":[{"name":"wp","href":"https:\/\/api.w.org\/{rel}","templated":true}]}}