{"id":3236,"date":"2020-08-05T15:25:20","date_gmt":"2020-08-05T08:25:20","guid":{"rendered":"https:\/\/khomaudep.com\/likefit\/?page_id=3236"},"modified":"2020-08-05T15:25:20","modified_gmt":"2020-08-05T08:25:20","slug":"chinh-sach-chat-luong","status":"publish","type":"page","link":"https:\/\/pluginviet.com\/mau37\/chinh-sach-chat-luong\/","title":{"rendered":"Ch\u00ednh s\u00e1ch ch\u1ea5t l\u01b0\u1ee3ng"},"content":{"rendered":"<p>V\u1edbi ti\u00eau ch\u00ed h\u00e0ng \u0111\u1ea7u l\u00e0 mang l\u1ea1i s\u1ef1 h\u00e0i l\u00f2ng cho kh\u00e1ch h\u00e0ng, <strong>Www.khomaudep.com\/likefit <\/strong>xin cam k\u1ebft ch\u00ednh s\u00e1ch b\u00e1n h\u00e0ng v\u00e0 ch\u00ednh s\u00e1ch ch\u1ea5t l\u01b0\u1ee3ng v\u1edbi s\u1ea3n ph\u1ea9m \u0111\u01b0\u1ee3c cung c\u1ea5p nh\u01b0 sau:<\/p>\n<p>1. Cam k\u1ebft tuy\u1ec7t \u0111\u1ed1i s\u1ea3n ph\u1ea9m \u0111\u00fang v\u1edbi h\u00ecnh \u1ea3nh \u0111\u0103ng t\u1ea3i tr\u00ean website khomaudep.com\/likefit<\/p>\n<p>2. Ho\u00e0n 100% ti\u1ec1n h\u00e0ng n\u1ebfu s\u1ea3n ph\u1ea9m kh\u00f4ng \u0111\u00fang v\u1edbi h\u00ecnh \u1ea3nh ch\u00fang t\u00f4i cung c\u1ea5p<\/p>\n<p>3. Ch\u1ea5t l\u01b0\u1ee3ng s\u1ea3n ph\u1ea9m \u0111\u00e3 \u0111\u01b0\u1ee3c ki\u1ec3m duy\u1ec7t tr\u01b0\u1edbc v\u00e0 ho\u00e0n to\u00e0n ph\u00f9 h\u1ee3p v\u1edbi c\u00e1c bu\u1ed5i t\u1eadp gym<\/p>\n<p>4. Gi\u00e1 th\u00e0nh s\u1ea3n ph\u1ea9m \u0111\u1ea3m b\u1ea3o ph\u00f9 h\u1ee3p v\u1edbi ch\u1ea5t l\u01b0\u1ee3ng s\u1ea3n ph\u1ea9m kh\u00e1ch h\u00e0ng nh\u1eadn \u0111\u01b0\u1ee3c<\/p>\n<p>5. Th\u00e1i \u0111\u1ed9 ph\u1ee5c v\u1ee5: T\u1eadn t\u00ecnh, th\u00e2n thi\u1ec7n v\u00e0 chu \u0111\u00e1o v\u1edbi s\u1ef1 tr\u00e2n tr\u1ecdng nh\u1ea5t \u0111\u1ed1i v\u1edbi kh\u00e1ch h\u00e0ng<\/p>\n<p>6. \u0110\u1ec3 \u0111\u1ea3m b\u1ea3o \u0111\u1ee7 quy\u1ec1n l\u1ee3i mua h\u00e0ng xin qu\u00fd kh\u00e1ch vui l\u00f2ng cung c\u1ea5p \u0111\u1ea7y \u0111\u1ee7 th\u00f4ng tin c\u00e1 nh\u00e2n v\u00e0 \u0111\u1ecba ch\u1ec9 li\u00ean h\u1ec7. Ch\u00fang t\u00f4i kh\u00f4ng ch\u1ecbu tr\u00e1ch nhi\u1ec7m n\u1ebfu th\u00f4ng tin b\u1ecb thi\u1ebfu d\u1eabn \u0111\u1ebfn vi\u1ec7c giao h\u00e0ng th\u1ea5t b\u1ea1i, th\u1ea5t l\u1ea1c ho\u1eb7c ch\u1eadm h\u01a1n so v\u1edbi th\u1eddi gian quy \u0111\u1ecbnh.<\/p>\n<p>7. Kh\u00f4ng ti\u1ebft l\u1ed9 ho\u1eb7c s\u1eed d\u1ee5ng th\u00f4ng tin c\u00e1 nh\u00e2n c\u1ee7a kh\u00e1ch h\u00e0ng sai m\u1ee5c \u0111\u00edch. Tu\u00e2n th\u1ee7 ph\u00e1p lu\u1eadt Vi\u1ec7t Nam v\u1ec1 b\u00e1n h\u00e0ng v\u00e0 b\u1ea3o v\u1ec7 quy\u1ec1n l\u1ee3i ng\u01b0\u1eddi ti\u00eau d\u00f9ng.<\/p>\n<p>8. Kh\u00e1ch h\u00e0ng th\u01b0\u1eddng xuy\u00ean \u0111\u01b0\u1ee3c h\u01b0\u1edfng l\u1ee3i \u00edch t\u1eeb c\u00e1c ch\u01b0\u01a1ng tr\u00ecnh gi\u1ea3m gi\u00e1, khuy\u1ebfn m\u00e3i theo \u0111\u00fang nh\u01b0 th\u00f4ng tin \u0111\u0103ng t\u1ea1i tr\u00ean <strong>www.khomaudep.com\/likefit<\/strong><\/p>\n<p>Ch\u00fang t\u00f4i lu\u00f4n n\u1ed7 l\u1ef1c c\u1ed1 g\u1eafng mang l\u1ea1i s\u1ef1 h\u00e0i l\u00f2ng cho kh\u00e1ch h\u00e0ng b\u1eb1ng c\u00e1c s\u1ea3n ph\u1ea9m ch\u1ea5t l\u01b0\u1ee3ng v\u00e0 d\u1ecbch v\u1ee5 t\u1ed1t nh\u1ea5t. V\u00ec v\u1eady, ch\u00fang t\u00f4i tr\u00e2n tr\u1ecdng nh\u1eefng \u00fd ki\u1ebfn \u0111\u00f3ng g\u00f3p c\u1ee7a kh\u00e1ch h\u00e0ng, \u0111\u00e2y l\u00e0 c\u01a1 s\u1edf \u0111\u1ec3 <strong>khomaudep.com\/likefit <\/strong>ng\u00e0y c\u00e0ng ho\u00e0n thi\u1ec7n h\u01a1n.<\/p>\n","protected":false},"excerpt":{"rendered":"<p>V\u1edbi ti\u00eau ch\u00ed h\u00e0ng \u0111\u1ea7u l\u00e0 mang l\u1ea1i s\u1ef1 h\u00e0i l\u00f2ng cho kh\u00e1ch h\u00e0ng, Www.khomaudep.com\/likefit xin cam k\u1ebft ch\u00ednh s\u00e1ch b\u00e1n h\u00e0ng v\u00e0 ch\u00ednh s\u00e1ch ch\u1ea5t l\u01b0\u1ee3ng v\u1edbi s\u1ea3n ph\u1ea9m \u0111\u01b0\u1ee3c cung c\u1ea5p nh\u01b0 sau: 1. Cam k\u1ebft tuy\u1ec7t \u0111\u1ed1i s\u1ea3n ph\u1ea9m \u0111\u00fang v\u1edbi h\u00ecnh \u1ea3nh \u0111\u0103ng t\u1ea3i tr\u00ean website khomaudep.com\/likefit 2. Ho\u00e0n 100% ti\u1ec1n [&#8230;]\n","protected":false},"author":4,"featured_media":0,"parent":0,"menu_order":5,"comment_status":"closed","ping_status":"closed","template":"","meta":{"footnotes":""},"yoast_head":"<!-- This site is optimized with the Yoast SEO plugin v21.5 - https:\/\/yoast.com\/wordpress\/plugins\/seo\/ -->\n<title>Ch\u00ednh s\u00e1ch ch\u1ea5t l\u01b0\u1ee3ng - Likefit<\/title>\n<meta name=\"robots\" content=\"index, follow, max-snippet:-1, max-image-preview:large, max-video-preview:-1\" \/>\n<link rel=\"canonical\" href=\"https:\/\/pluginviet.com\/mau37\/chinh-sach-chat-luong\/\" \/>\n<meta property=\"og:locale\" content=\"vi_VN\" \/>\n<meta property=\"og:type\" content=\"article\" \/>\n<meta property=\"og:title\" content=\"Ch\u00ednh s\u00e1ch ch\u1ea5t l\u01b0\u1ee3ng - Likefit\" \/>\n<meta property=\"og:description\" content=\"V\u1edbi ti\u00eau ch\u00ed h\u00e0ng \u0111\u1ea7u l\u00e0 mang l\u1ea1i s\u1ef1 h\u00e0i l\u00f2ng cho kh\u00e1ch h\u00e0ng, Www.khomaudep.com\/likefit xin cam k\u1ebft ch\u00ednh s\u00e1ch b\u00e1n h\u00e0ng v\u00e0 ch\u00ednh s\u00e1ch ch\u1ea5t l\u01b0\u1ee3ng v\u1edbi s\u1ea3n ph\u1ea9m \u0111\u01b0\u1ee3c cung c\u1ea5p nh\u01b0 sau: 1. Cam k\u1ebft tuy\u1ec7t \u0111\u1ed1i s\u1ea3n ph\u1ea9m \u0111\u00fang v\u1edbi h\u00ecnh \u1ea3nh \u0111\u0103ng t\u1ea3i tr\u00ean website khomaudep.com\/likefit 2. Ho\u00e0n 100% ti\u1ec1n [...]\" \/>\n<meta property=\"og:url\" content=\"https:\/\/pluginviet.com\/mau37\/chinh-sach-chat-luong\/\" \/>\n<meta property=\"og:site_name\" content=\"Likefit\" \/>\n<meta name=\"twitter:card\" content=\"summary_large_image\" \/>\n<meta name=\"twitter:label1\" content=\"\u01af\u1edbc t\u00ednh th\u1eddi gian \u0111\u1ecdc\" \/>\n\t<meta name=\"twitter:data1\" content=\"2 ph\u00fat\" \/>\n<script type=\"application\/ld+json\" class=\"yoast-schema-graph\">{\"@context\":\"https:\/\/schema.org\",\"@graph\":[{\"@type\":\"WebPage\",\"@id\":\"https:\/\/pluginviet.com\/mau37\/chinh-sach-chat-luong\/\",\"url\":\"https:\/\/pluginviet.com\/mau37\/chinh-sach-chat-luong\/\",\"name\":\"Ch\u00ednh s\u00e1ch ch\u1ea5t l\u01b0\u1ee3ng - Likefit\",\"isPartOf\":{\"@id\":\"https:\/\/pluginviet.com\/mau37\/#website\"},\"datePublished\":\"2020-08-05T08:25:20+00:00\",\"dateModified\":\"2020-08-05T08:25:20+00:00\",\"breadcrumb\":{\"@id\":\"https:\/\/pluginviet.com\/mau37\/chinh-sach-chat-luong\/#breadcrumb\"},\"inLanguage\":\"vi\",\"potentialAction\":[{\"@type\":\"ReadAction\",\"target\":[\"https:\/\/pluginviet.com\/mau37\/chinh-sach-chat-luong\/\"]}]},{\"@type\":\"BreadcrumbList\",\"@id\":\"https:\/\/pluginviet.com\/mau37\/chinh-sach-chat-luong\/#breadcrumb\",\"itemListElement\":[{\"@type\":\"ListItem\",\"position\":1,\"name\":\"Trang ch\u1ee7\",\"item\":\"https:\/\/pluginviet.com\/mau37\/\"},{\"@type\":\"ListItem\",\"position\":2,\"name\":\"Ch\u00ednh s\u00e1ch ch\u1ea5t l\u01b0\u1ee3ng\"}]},{\"@type\":\"WebSite\",\"@id\":\"https:\/\/pluginviet.com\/mau37\/#website\",\"url\":\"https:\/\/pluginviet.com\/mau37\/\",\"name\":\"Likefit\",\"description\":\"\",\"potentialAction\":[{\"@type\":\"SearchAction\",\"target\":{\"@type\":\"EntryPoint\",\"urlTemplate\":\"https:\/\/pluginviet.com\/mau37\/?s={search_term_string}\"},\"query-input\":\"required name=search_term_string\"}],\"inLanguage\":\"vi\"}]}<\/script>\n<!-- \/ Yoast SEO plugin. -->","yoast_head_json":{"title":"Ch\u00ednh s\u00e1ch ch\u1ea5t l\u01b0\u1ee3ng - Likefit","robots":{"index":"index","follow":"follow","max-snippet":"max-snippet:-1","max-image-preview":"max-image-preview:large","max-video-preview":"max-video-preview:-1"},"canonical":"https:\/\/pluginviet.com\/mau37\/chinh-sach-chat-luong\/","og_locale":"vi_VN","og_type":"article","og_title":"Ch\u00ednh s\u00e1ch ch\u1ea5t l\u01b0\u1ee3ng - Likefit","og_description":"V\u1edbi ti\u00eau ch\u00ed h\u00e0ng \u0111\u1ea7u l\u00e0 mang l\u1ea1i s\u1ef1 h\u00e0i l\u00f2ng cho kh\u00e1ch h\u00e0ng, Www.khomaudep.com\/likefit xin cam k\u1ebft ch\u00ednh s\u00e1ch b\u00e1n h\u00e0ng v\u00e0 ch\u00ednh s\u00e1ch ch\u1ea5t l\u01b0\u1ee3ng v\u1edbi s\u1ea3n ph\u1ea9m \u0111\u01b0\u1ee3c cung c\u1ea5p nh\u01b0 sau: 1. Cam k\u1ebft tuy\u1ec7t \u0111\u1ed1i s\u1ea3n ph\u1ea9m \u0111\u00fang v\u1edbi h\u00ecnh \u1ea3nh \u0111\u0103ng t\u1ea3i tr\u00ean website khomaudep.com\/likefit 2. Ho\u00e0n 100% ti\u1ec1n [...]","og_url":"https:\/\/pluginviet.com\/mau37\/chinh-sach-chat-luong\/","og_site_name":"Likefit","twitter_card":"summary_large_image","twitter_misc":{"\u01af\u1edbc t\u00ednh th\u1eddi gian \u0111\u1ecdc":"2 ph\u00fat"},"schema":{"@context":"https:\/\/schema.org","@graph":[{"@type":"WebPage","@id":"https:\/\/pluginviet.com\/mau37\/chinh-sach-chat-luong\/","url":"https:\/\/pluginviet.com\/mau37\/chinh-sach-chat-luong\/","name":"Ch\u00ednh s\u00e1ch ch\u1ea5t l\u01b0\u1ee3ng - Likefit","isPartOf":{"@id":"https:\/\/pluginviet.com\/mau37\/#website"},"datePublished":"2020-08-05T08:25:20+00:00","dateModified":"2020-08-05T08:25:20+00:00","breadcrumb":{"@id":"https:\/\/pluginviet.com\/mau37\/chinh-sach-chat-luong\/#breadcrumb"},"inLanguage":"vi","potentialAction":[{"@type":"ReadAction","target":["https:\/\/pluginviet.com\/mau37\/chinh-sach-chat-luong\/"]}]},{"@type":"BreadcrumbList","@id":"https:\/\/pluginviet.com\/mau37\/chinh-sach-chat-luong\/#breadcrumb","itemListElement":[{"@type":"ListItem","position":1,"name":"Trang ch\u1ee7","item":"https:\/\/pluginviet.com\/mau37\/"},{"@type":"ListItem","position":2,"name":"Ch\u00ednh s\u00e1ch ch\u1ea5t l\u01b0\u1ee3ng"}]},{"@type":"WebSite","@id":"https:\/\/pluginviet.com\/mau37\/#website","url":"https:\/\/pluginviet.com\/mau37\/","name":"Likefit","description":"","potentialAction":[{"@type":"SearchAction","target":{"@type":"EntryPoint","urlTemplate":"https:\/\/pluginviet.com\/mau37\/?s={search_term_string}"},"query-input":"required name=search_term_string"}],"inLanguage":"vi"}]}},"_links":{"self":[{"href":"https:\/\/pluginviet.com\/mau37\/wp-json\/wp\/v2\/pages\/3236"}],"collection":[{"href":"https:\/\/pluginviet.com\/mau37\/wp-json\/wp\/v2\/pages"}],"about":[{"href":"https:\/\/pluginviet.com\/mau37\/wp-json\/wp\/v2\/types\/page"}],"author":[{"embeddable":true,"href":"https:\/\/pluginviet.com\/mau37\/wp-json\/wp\/v2\/users\/4"}],"replies":[{"embeddable":true,"href":"https:\/\/pluginviet.com\/mau37\/wp-json\/wp\/v2\/comments?post=3236"}],"version-history":[{"count":1,"href":"https:\/\/pluginviet.com\/mau37\/wp-json\/wp\/v2\/pages\/3236\/revisions"}],"predecessor-version":[{"id":3237,"href":"https:\/\/pluginviet.com\/mau37\/wp-json\/wp\/v2\/pages\/3236\/revisions\/3237"}],"wp:attachment":[{"href":"https:\/\/pluginviet.com\/mau37\/wp-json\/wp\/v2\/media?parent=3236"}],"curies":[{"name":"wp","href":"https:\/\/api.w.org\/{rel}","templated":true}]}}