{"id":1384,"date":"2022-06-19T10:16:22","date_gmt":"2022-06-19T10:16:22","guid":{"rendered":"https:\/\/khomaudep.com\/kimnature\/?page_id=1384"},"modified":"2022-06-19T11:00:35","modified_gmt":"2022-06-19T11:00:35","slug":"chuyen-gia-tu-van","status":"publish","type":"page","link":"https:\/\/pluginviet.com\/mau36\/chuyen-gia-tu-van\/","title":{"rendered":"Chuy\u00ean gia t\u01b0 v\u1ea5n"},"content":{"rendered":"<div class=\"slider-wrapper relative\" id=\"slider-966133828\" >\n    <div class=\"slider slider-nav-circle slider-nav-large slider-nav-light slider-style-normal\"\n        data-flickity-options='{\n            \"cellAlign\": \"center\",\n            \"imagesLoaded\": true,\n            \"lazyLoad\": 1,\n            \"freeScroll\": false,\n            \"wrapAround\": true,\n            \"autoPlay\": 6000,\n            \"pauseAutoPlayOnHover\" : true,\n            \"prevNextButtons\": true,\n            \"contain\" : true,\n            \"adaptiveHeight\" : true,\n            \"dragThreshold\" : 10,\n            \"percentPosition\": true,\n            \"pageDots\": true,\n            \"rightToLeft\": false,\n            \"draggable\": true,\n            \"selectedAttraction\": 0.1,\n            \"parallax\" : 0,\n            \"friction\": 0.6        }'\n        >\n        \n\t<div class=\"img has-hover x md-x lg-x y md-y lg-y\" id=\"image_1746620890\">\n\t\t\t\t\t\t\t\t<div class=\"img-inner dark\" >\n\t\t\t<img loading=\"lazy\" decoding=\"async\" width=\"2880\" height=\"800\" src=\"https:\/\/pluginviet.com\/mau36\/wp-content\/uploads\/2022\/06\/question.png\" class=\"attachment-original size-original\" alt=\"\" srcset=\"https:\/\/pluginviet.com\/mau36\/wp-content\/uploads\/2022\/06\/question.png 2880w, https:\/\/pluginviet.com\/mau36\/wp-content\/uploads\/2022\/06\/question-800x222.png 800w, https:\/\/pluginviet.com\/mau36\/wp-content\/uploads\/2022\/06\/question-1400x389.png 1400w, https:\/\/pluginviet.com\/mau36\/wp-content\/uploads\/2022\/06\/question-768x213.png 768w, https:\/\/pluginviet.com\/mau36\/wp-content\/uploads\/2022\/06\/question-1536x427.png 1536w, https:\/\/pluginviet.com\/mau36\/wp-content\/uploads\/2022\/06\/question-2048x569.png 2048w, https:\/\/pluginviet.com\/mau36\/wp-content\/uploads\/2022\/06\/question-600x167.png 600w\" sizes=\"(max-width: 2880px) 100vw, 2880px\" \/>\t\t\t\t\t\t\n\t\t\t\t\t<\/div>\n\t\t\t\t\t\t\t\t\n<style>\n#image_1746620890 {\n  width: 100%;\n}\n<\/style>\n\t<\/div>\n\t\n     <\/div>\n\n     <div class=\"loading-spin dark large centered\"><\/div>\n\n     \t<\/div>\n\n\n\t<section class=\"section cgtv\" id=\"section_1539259209\">\n\t\t<div class=\"bg section-bg fill bg-fill  bg-loaded\" >\n\n\t\t\t\n\t\t\t\n\t\t\t\n\n\t\t<\/div>\n\n\t\t<div class=\"section-content relative\">\n\t\t\t\n<div class=\"row\"  id=\"row-865577665\">\n\n\t<div id=\"col-896314949\" class=\"col small-12 large-12\"  >\n\t\t\t\t<div class=\"col-inner\"  >\n\t\t\t\n\t\t\t\n<div class=\"container section-title-container\" ><h2 class=\"section-title section-title-normal\"><b><\/b><span class=\"section-title-main\" >Chuy\u00ean gia t\u01b0 v\u1ea5n<\/span><b><\/b><\/h2><\/div>\n\n\t\t<div class=\"tabbed-content\">\n\t\t\t\n\t\t\t<ul class=\"nav nav-simple nav-uppercase nav-size-normal nav-left\"><li class=\"tab active has-icon\"><a href=\"#tab_h\u1ecfi-v\u1ec1-ph\u1ee5-n\u1eef\"><span>H\u1ecfi v\u1ec1 ph\u1ee5 n\u1eef<\/span><\/a><\/li>\n<li class=\"tab has-icon\"><a href=\"#tab_h\u1ecfi-v\u1ec1-\u0111\u00e0n-\u00f4ng\"><span>H\u1ecfi v\u1ec1 \u0111\u00e0n \u00f4ng<\/span><\/a><\/li><\/ul><div class=\"tab-panels\"><div class=\"panel active entry-content\" id=\"tab_h\u1ecfi-v\u1ec1-ph\u1ee5-n\u1eef\">\n<div class=\"accordion\" rel=\"\">\n<div class=\"accordion-item\"><a href=\"#\" class=\"accordion-title plain\"><button class=\"toggle\"><i class=\"icon-angle-down\"><\/i><\/button><span>ki\u1ebfn th\u1ee9c-s\u1ee9c kh\u1ecfe<\/span><\/a><div class=\"accordion-inner\">\n<p>Ch\u0103m s\u00f3c v\u00e0 b\u1ea3o v\u1ec7 s\u1ee9c kh\u1ecfe k\u1ecbp th\u1eddi \u0111\u00fang c\u00e1ch \u0111\u1ec3 n\u00e2ng cao ch\u1ea5t l\u01b0\u1ee3ng cu\u1ed9c s\u1ed1ng, mang h\u1ea1nh ph\u00fat \u0111\u1ebfn gia \u0111\u00ecnh v\u00e0 x\u00e3 h\u1ed9i<\/p>\n<\/div><\/div>\n<div class=\"accordion-item\"><a href=\"#\" class=\"accordion-title plain\"><button class=\"toggle\"><i class=\"icon-angle-down\"><\/i><\/button><span>ki\u1ebfn th\u1ee9c-s\u1ee9c kh\u1ecfe<\/span><\/a><div class=\"accordion-inner\">\n<p>Ch\u0103m s\u00f3c v\u00e0 b\u1ea3o v\u1ec7 s\u1ee9c kh\u1ecfe k\u1ecbp th\u1eddi \u0111\u00fang c\u00e1ch \u0111\u1ec3 n\u00e2ng cao ch\u1ea5t l\u01b0\u1ee3ng cu\u1ed9c s\u1ed1ng, mang h\u1ea1nh ph\u00fat \u0111\u1ebfn gia \u0111\u00ecnh v\u00e0 x\u00e3 h\u1ed9i<\/p>\n<\/div><\/div>\n<div class=\"accordion-item\"><a href=\"#\" class=\"accordion-title plain\"><button class=\"toggle\"><i class=\"icon-angle-down\"><\/i><\/button><span>ki\u1ebfn th\u1ee9c-s\u1ee9c kh\u1ecfe<\/span><\/a><div class=\"accordion-inner\">\n<p>Ch\u0103m s\u00f3c v\u00e0 b\u1ea3o v\u1ec7 s\u1ee9c kh\u1ecfe k\u1ecbp th\u1eddi \u0111\u00fang c\u00e1ch \u0111\u1ec3 n\u00e2ng cao ch\u1ea5t l\u01b0\u1ee3ng cu\u1ed9c s\u1ed1ng, mang h\u1ea1nh ph\u00fat \u0111\u1ebfn gia \u0111\u00ecnh v\u00e0 x\u00e3 h\u1ed9i<\/p>\n<\/div><\/div>\n<\/div>\n<\/div>\n<div class=\"panel entry-content\" id=\"tab_h\u1ecfi-v\u1ec1-\u0111\u00e0n-\u00f4ng\">\n<div class=\"accordion\" rel=\"\">\n<div class=\"accordion-item\"><a href=\"#\" class=\"accordion-title plain\"><button class=\"toggle\"><i class=\"icon-angle-down\"><\/i><\/button><span>ki\u1ebfn th\u1ee9c-s\u1ee9c kh\u1ecfe<\/span><\/a><div class=\"accordion-inner\">\n<p>Ch\u0103m s\u00f3c v\u00e0 b\u1ea3o v\u1ec7 s\u1ee9c kh\u1ecfe k\u1ecbp th\u1eddi \u0111\u00fang c\u00e1ch \u0111\u1ec3 n\u00e2ng cao ch\u1ea5t l\u01b0\u1ee3ng cu\u1ed9c s\u1ed1ng, mang h\u1ea1nh ph\u00fat \u0111\u1ebfn gia \u0111\u00ecnh v\u00e0 x\u00e3 h\u1ed9i<\/p>\n<\/div><\/div>\n<div class=\"accordion-item\"><a href=\"#\" class=\"accordion-title plain\"><button class=\"toggle\"><i class=\"icon-angle-down\"><\/i><\/button><span>ki\u1ebfn th\u1ee9c-s\u1ee9c kh\u1ecfe<\/span><\/a><div class=\"accordion-inner\">\n<p>Ch\u0103m s\u00f3c v\u00e0 b\u1ea3o v\u1ec7 s\u1ee9c kh\u1ecfe k\u1ecbp th\u1eddi \u0111\u00fang c\u00e1ch \u0111\u1ec3 n\u00e2ng cao ch\u1ea5t l\u01b0\u1ee3ng cu\u1ed9c s\u1ed1ng, mang h\u1ea1nh ph\u00fat \u0111\u1ebfn gia \u0111\u00ecnh v\u00e0 x\u00e3 h\u1ed9i<\/p>\n<\/div><\/div>\n<\/div>\n<\/div><\/div><\/div>\n\t\t<\/div>\n\t\t\t\t\t<\/div>\n\n\t\n<\/div>\n<div class=\"row align-middle cauhoicuaban\"  id=\"row-1156150458\">\n\n\t<div id=\"col-1244724059\" class=\"col medium-6 small-12 large-6\"  >\n\t\t\t\t<div class=\"col-inner\"  >\n\t\t\t\n\t\t\t\n\n<div class=\"wpcf7 no-js\" id=\"wpcf7-f1402-o1\" lang=\"vi\" dir=\"ltr\">\n<div class=\"screen-reader-response\"><p role=\"status\" aria-live=\"polite\" aria-atomic=\"true\"><\/p> <ul><\/ul><\/div>\n<form action=\"\/mau36\/wp-json\/wp\/v2\/pages\/1384#wpcf7-f1402-o1\" method=\"post\" class=\"wpcf7-form init\" aria-label=\"Form li\u00ean h\u1ec7\" novalidate=\"novalidate\" data-status=\"init\">\n<div style=\"display: none;\">\n<input type=\"hidden\" name=\"_wpcf7\" value=\"1402\" \/>\n<input type=\"hidden\" name=\"_wpcf7_version\" value=\"5.8.6\" \/>\n<input type=\"hidden\" name=\"_wpcf7_locale\" value=\"vi\" \/>\n<input type=\"hidden\" name=\"_wpcf7_unit_tag\" value=\"wpcf7-f1402-o1\" \/>\n<input type=\"hidden\" name=\"_wpcf7_container_post\" value=\"0\" \/>\n<input type=\"hidden\" name=\"_wpcf7_posted_data_hash\" value=\"\" \/>\n<\/div>\n<div class=\"gchcb\">\n\t<h2>G\u1eedi c\u00e2u h\u1ecfi c\u1ee7a b\u1ea1n\n\t<\/h2>\n\t<p><label><span>*<\/span> T\u00ean c\u1ee7a kh\u00e1ch h\u00e0ng<\/label><br \/>\n<span class=\"wpcf7-form-control-wrap\" data-name=\"text-95\"><input size=\"40\" class=\"wpcf7-form-control wpcf7-text wpcf7-validates-as-required\" aria-required=\"true\" aria-invalid=\"false\" value=\"\" type=\"text\" name=\"text-95\" \/><\/span><br \/>\n<label><span>*<\/span> S\u1ed1 \u0111i\u1ec7n tho\u1ea1i<\/label><br \/>\n<span class=\"wpcf7-form-control-wrap\" data-name=\"tel-946\"><input size=\"40\" class=\"wpcf7-form-control wpcf7-tel wpcf7-validates-as-required wpcf7-text wpcf7-validates-as-tel\" aria-required=\"true\" aria-invalid=\"false\" value=\"\" type=\"tel\" name=\"tel-946\" \/><\/span><br \/>\n<label><span>*<\/span> Email<\/label><br \/>\n<span class=\"wpcf7-form-control-wrap\" data-name=\"email-668\"><input size=\"40\" class=\"wpcf7-form-control wpcf7-email wpcf7-validates-as-required wpcf7-text wpcf7-validates-as-email\" aria-required=\"true\" aria-invalid=\"false\" value=\"\" type=\"email\" name=\"email-668\" \/><\/span><br \/>\n<label><span>*<\/span> C\u00e2u h\u1ecfi c\u1ee7a b\u1ea1n<\/label><br \/>\n<span class=\"wpcf7-form-control-wrap\" data-name=\"textarea-798\"><textarea cols=\"40\" rows=\"10\" class=\"wpcf7-form-control wpcf7-textarea wpcf7-validates-as-required\" aria-required=\"true\" aria-invalid=\"false\" name=\"textarea-798\"><\/textarea><\/span><br \/>\n<input class=\"wpcf7-form-control wpcf7-submit has-spinner\" type=\"submit\" value=\"G\u1eedi\" \/>\n\t<\/p>\n<\/div><div class=\"wpcf7-response-output\" aria-hidden=\"true\"><\/div>\n<\/form>\n<\/div>\n\n\t\t<\/div>\n\t\t\t\t\t<\/div>\n\n\t\n\n\t<div id=\"col-1871387648\" class=\"col medium-6 small-12 large-6\"  >\n\t\t\t\t<div class=\"col-inner\"  >\n\t\t\t\n\t\t\t\n\t<div class=\"img has-hover x md-x lg-x y md-y lg-y\" id=\"image_1581005204\">\n\t\t\t\t\t\t\t\t<div class=\"img-inner dark\" >\n\t\t\t<img loading=\"lazy\" decoding=\"async\" width=\"592\" height=\"700\" src=\"https:\/\/pluginviet.com\/mau36\/wp-content\/uploads\/2022\/06\/consultants.png\" class=\"attachment-original size-original\" alt=\"\" srcset=\"https:\/\/pluginviet.com\/mau36\/wp-content\/uploads\/2022\/06\/consultants.png 592w, https:\/\/pluginviet.com\/mau36\/wp-content\/uploads\/2022\/06\/consultants-338x400.png 338w\" sizes=\"(max-width: 592px) 100vw, 592px\" \/>\t\t\t\t\t\t\n\t\t\t\t\t<\/div>\n\t\t\t\t\t\t\t\t\n<style>\n#image_1581005204 {\n  width: 100%;\n}\n<\/style>\n\t<\/div>\n\t\n\t\t<\/div>\n\t\t\t\t\t<\/div>\n\n\t\n<\/div>\n\t\t<\/div>\n\n\t\t\n<style>\n#section_1539259209 {\n  padding-top: 30px;\n  padding-bottom: 30px;\n}\n<\/style>\n\t<\/section>\n\t\n","protected":false},"excerpt":{"rendered":"","protected":false},"author":2,"featured_media":0,"parent":0,"menu_order":0,"comment_status":"closed","ping_status":"closed","template":"page-blank.php","meta":{"footnotes":""},"yoast_head":"<!-- This site is optimized with the Yoast SEO plugin v21.9 - https:\/\/yoast.com\/wordpress\/plugins\/seo\/ -->\n<title>kimnature<\/title>\n<meta name=\"robots\" content=\"index, follow, max-snippet:-1, max-image-preview:large, max-video-preview:-1\" \/>\n<link rel=\"canonical\" href=\"https:\/\/pluginviet.com\/mau36\/chuyen-gia-tu-van\/\" \/>\n<meta property=\"og:locale\" content=\"vi_VN\" \/>\n<meta property=\"og:type\" content=\"article\" \/>\n<meta property=\"og:title\" content=\"kimnature\" \/>\n<meta property=\"og:url\" content=\"https:\/\/pluginviet.com\/mau36\/chuyen-gia-tu-van\/\" \/>\n<meta property=\"og:site_name\" content=\"kimnature\" \/>\n<meta property=\"article:modified_time\" content=\"2022-06-19T11:00:35+00:00\" \/>\n<meta name=\"twitter:card\" content=\"summary_large_image\" \/>\n<meta name=\"twitter:label1\" content=\"\u01af\u1edbc t\u00ednh th\u1eddi gian \u0111\u1ecdc\" \/>\n\t<meta name=\"twitter:data1\" content=\"2 ph\u00fat\" \/>\n<script type=\"application\/ld+json\" class=\"yoast-schema-graph\">{\"@context\":\"https:\/\/schema.org\",\"@graph\":[{\"@type\":\"WebPage\",\"@id\":\"https:\/\/pluginviet.com\/mau36\/chuyen-gia-tu-van\/\",\"url\":\"https:\/\/pluginviet.com\/mau36\/chuyen-gia-tu-van\/\",\"name\":\"kimnature\",\"isPartOf\":{\"@id\":\"https:\/\/pluginviet.com\/mau36\/#website\"},\"datePublished\":\"2022-06-19T10:16:22+00:00\",\"dateModified\":\"2022-06-19T11:00:35+00:00\",\"breadcrumb\":{\"@id\":\"https:\/\/pluginviet.com\/mau36\/chuyen-gia-tu-van\/#breadcrumb\"},\"inLanguage\":\"vi\",\"potentialAction\":[{\"@type\":\"ReadAction\",\"target\":[\"https:\/\/pluginviet.com\/mau36\/chuyen-gia-tu-van\/\"]}]},{\"@type\":\"BreadcrumbList\",\"@id\":\"https:\/\/pluginviet.com\/mau36\/chuyen-gia-tu-van\/#breadcrumb\",\"itemListElement\":[{\"@type\":\"ListItem\",\"position\":1,\"name\":\"Trang ch\u1ee7\",\"item\":\"https:\/\/pluginviet.com\/mau36\/\"},{\"@type\":\"ListItem\",\"position\":2,\"name\":\"Chuy\u00ean gia t\u01b0 v\u1ea5n\"}]},{\"@type\":\"WebSite\",\"@id\":\"https:\/\/pluginviet.com\/mau36\/#website\",\"url\":\"https:\/\/pluginviet.com\/mau36\/\",\"name\":\"kimnature\",\"description\":\"\",\"potentialAction\":[{\"@type\":\"SearchAction\",\"target\":{\"@type\":\"EntryPoint\",\"urlTemplate\":\"https:\/\/pluginviet.com\/mau36\/?s={search_term_string}\"},\"query-input\":\"required name=search_term_string\"}],\"inLanguage\":\"vi\"}]}<\/script>\n<!-- \/ Yoast SEO plugin. -->","yoast_head_json":{"title":"kimnature","robots":{"index":"index","follow":"follow","max-snippet":"max-snippet:-1","max-image-preview":"max-image-preview:large","max-video-preview":"max-video-preview:-1"},"canonical":"https:\/\/pluginviet.com\/mau36\/chuyen-gia-tu-van\/","og_locale":"vi_VN","og_type":"article","og_title":"kimnature","og_url":"https:\/\/pluginviet.com\/mau36\/chuyen-gia-tu-van\/","og_site_name":"kimnature","article_modified_time":"2022-06-19T11:00:35+00:00","twitter_card":"summary_large_image","twitter_misc":{"\u01af\u1edbc t\u00ednh th\u1eddi gian \u0111\u1ecdc":"2 ph\u00fat"},"schema":{"@context":"https:\/\/schema.org","@graph":[{"@type":"WebPage","@id":"https:\/\/pluginviet.com\/mau36\/chuyen-gia-tu-van\/","url":"https:\/\/pluginviet.com\/mau36\/chuyen-gia-tu-van\/","name":"kimnature","isPartOf":{"@id":"https:\/\/pluginviet.com\/mau36\/#website"},"datePublished":"2022-06-19T10:16:22+00:00","dateModified":"2022-06-19T11:00:35+00:00","breadcrumb":{"@id":"https:\/\/pluginviet.com\/mau36\/chuyen-gia-tu-van\/#breadcrumb"},"inLanguage":"vi","potentialAction":[{"@type":"ReadAction","target":["https:\/\/pluginviet.com\/mau36\/chuyen-gia-tu-van\/"]}]},{"@type":"BreadcrumbList","@id":"https:\/\/pluginviet.com\/mau36\/chuyen-gia-tu-van\/#breadcrumb","itemListElement":[{"@type":"ListItem","position":1,"name":"Trang ch\u1ee7","item":"https:\/\/pluginviet.com\/mau36\/"},{"@type":"ListItem","position":2,"name":"Chuy\u00ean gia t\u01b0 v\u1ea5n"}]},{"@type":"WebSite","@id":"https:\/\/pluginviet.com\/mau36\/#website","url":"https:\/\/pluginviet.com\/mau36\/","name":"kimnature","description":"","potentialAction":[{"@type":"SearchAction","target":{"@type":"EntryPoint","urlTemplate":"https:\/\/pluginviet.com\/mau36\/?s={search_term_string}"},"query-input":"required name=search_term_string"}],"inLanguage":"vi"}]}},"_links":{"self":[{"href":"https:\/\/pluginviet.com\/mau36\/wp-json\/wp\/v2\/pages\/1384"}],"collection":[{"href":"https:\/\/pluginviet.com\/mau36\/wp-json\/wp\/v2\/pages"}],"about":[{"href":"https:\/\/pluginviet.com\/mau36\/wp-json\/wp\/v2\/types\/page"}],"author":[{"embeddable":true,"href":"https:\/\/pluginviet.com\/mau36\/wp-json\/wp\/v2\/users\/2"}],"replies":[{"embeddable":true,"href":"https:\/\/pluginviet.com\/mau36\/wp-json\/wp\/v2\/comments?post=1384"}],"version-history":[{"count":19,"href":"https:\/\/pluginviet.com\/mau36\/wp-json\/wp\/v2\/pages\/1384\/revisions"}],"predecessor-version":[{"id":1408,"href":"https:\/\/pluginviet.com\/mau36\/wp-json\/wp\/v2\/pages\/1384\/revisions\/1408"}],"wp:attachment":[{"href":"https:\/\/pluginviet.com\/mau36\/wp-json\/wp\/v2\/media?parent=1384"}],"curies":[{"name":"wp","href":"https:\/\/api.w.org\/{rel}","templated":true}]}}