{"id":1176,"date":"2023-07-22T08:16:12","date_gmt":"2023-07-22T08:16:12","guid":{"rendered":"https:\/\/luunguyenmoc.com.vn\/?post_type=product&#038;p=1176"},"modified":"2023-07-22T08:16:13","modified_gmt":"2023-07-22T08:16:13","slug":"noi-that-phong-tho-cao-cap-go-oc-cho","status":"publish","type":"product","link":"https:\/\/pluginviet.com\/mau29\/san-pham\/noi-that-phong-tho-cao-cap-go-oc-cho\/","title":{"rendered":"N\u1ed8I TH\u1ea4T PH\u00d2NG TH\u1edc CAO C\u1ea4P G\u1ed6 \u00d3C CH\u00d3"},"content":{"rendered":"","protected":false},"excerpt":{"rendered":"<p>G\u1ed7 \u00f3c ch\u00f3 l\u00e0 m\u1ed9t lo\u1ea1i g\u1ed7 qu\u00fd c\u00f3 m\u00e0u s\u1eafc \u0111\u1eb9p, v\u00e2n g\u1ed7 t\u1ef1 nhi\u00ean v\u00e0 \u0111\u1ed9 b\u1ec1n cao. N\u00f3 \u0111\u01b0\u1ee3c \u0111\u00e1nh gi\u00e1 cao v\u1ec1 ch\u1ea5t l\u01b0\u1ee3ng v\u00e0 gi\u00e1 tr\u1ecb th\u1ea9m m\u1ef9. N\u1ed9i th\u1ea5t ph\u00f2ng th\u1edd g\u1ed7 \u00f3c ch\u00f3 mang \u0111\u1ebfn m\u1ed9t kh\u00f4ng gian th\u1edd c\u00fang sang tr\u1ecdng, \u1ea5m c\u00fang v\u00e0 trang nghi\u00eam.<\/p>\n<p>B\u00e0n th\u1edd g\u1ed7 \u00f3c ch\u00f3 l\u00e0 m\u1ed9t trong nh\u1eefng m\u00f3n \u0111\u1ed3 n\u1ed9i th\u1ea5t quan tr\u1ecdng nh\u1ea5t trong ph\u00f2ng th\u1edd. B\u00e0n th\u1edd th\u01b0\u1eddng \u0111\u01b0\u1ee3c l\u00e0m b\u1eb1ng g\u1ed7 \u00f3c ch\u00f3 nguy\u00ean kh\u1ed1i, c\u00f3 k\u00edch th\u01b0\u1edbc l\u1edbn v\u00e0 \u0111\u01b0\u1ee3c ch\u1ea1m kh\u1eafc tinh x\u1ea3o. B\u00e0n th\u1edd g\u1ed7 \u00f3c ch\u00f3 mang \u0111\u1ebfn m\u1ed9t kh\u00f4ng gian th\u1edd c\u00fang trang nghi\u00eam v\u00e0 \u1ea5m c\u00fang.<\/p>\n<p>Ngo\u00e0i b\u00e0n th\u1edd, ph\u00f2ng th\u1edd g\u1ed7 \u00f3c ch\u00f3 c\u00f2n c\u00f3 c\u00e1c m\u00f3n \u0111\u1ed3 n\u1ed9i th\u1ea5t kh\u00e1c nh\u01b0 t\u1ee7 th\u1edd, s\u1eadp th\u1edd, h\u01b0\u01a1ng \u00e1n, b\u00e1t h\u01b0\u01a1ng, \u0111\u00e8n th\u1edd,&#8230; C\u00e1c m\u00f3n \u0111\u1ed3 n\u1ed9i th\u1ea5t n\u00e0y \u0111\u1ec1u \u0111\u01b0\u1ee3c l\u00e0m b\u1eb1ng g\u1ed7 \u00f3c ch\u00f3 nguy\u00ean kh\u1ed1i, c\u00f3 m\u00e0u s\u1eafc \u0111\u1eb9p v\u00e0 \u0111\u1ed9 b\u1ec1n cao. Ch\u00fang mang \u0111\u1ebfn m\u1ed9t kh\u00f4ng gian th\u1edd c\u00fang sang tr\u1ecdng, \u1ea5m c\u00fang v\u00e0 trang nghi\u00eam.<\/p>\n","protected":false},"featured_media":1180,"comment_status":"closed","ping_status":"closed","template":"","meta":[],"product_cat":[29,16],"product_tag":[],"yoast_head":"<!-- This site is optimized with the Yoast SEO plugin v20.13 - https:\/\/yoast.com\/wordpress\/plugins\/seo\/ -->\n<title>N\u1ed8I TH\u1ea4T PH\u00d2NG TH\u1edc CAO C\u1ea4P G\u1ed6 \u00d3C CH\u00d3 - N\u1ed9i th\u1ea5t L\u01b0u Nguy\u1ec5n M\u1ed9c<\/title>\n<meta name=\"robots\" content=\"index, follow, max-snippet:-1, max-image-preview:large, max-video-preview:-1\" \/>\n<link rel=\"canonical\" href=\"https:\/\/pluginviet.com\/mau29\/san-pham\/noi-that-phong-tho-cao-cap-go-oc-cho\/\" \/>\n<meta property=\"og:locale\" content=\"vi_VN\" \/>\n<meta property=\"og:type\" content=\"article\" \/>\n<meta property=\"og:title\" content=\"N\u1ed8I TH\u1ea4T PH\u00d2NG TH\u1edc CAO C\u1ea4P G\u1ed6 \u00d3C CH\u00d3 - N\u1ed9i th\u1ea5t L\u01b0u Nguy\u1ec5n M\u1ed9c\" \/>\n<meta property=\"og:description\" content=\"G\u1ed7 \u00f3c ch\u00f3 l\u00e0 m\u1ed9t lo\u1ea1i g\u1ed7 qu\u00fd c\u00f3 m\u00e0u s\u1eafc \u0111\u1eb9p, v\u00e2n g\u1ed7 t\u1ef1 nhi\u00ean v\u00e0 \u0111\u1ed9 b\u1ec1n cao. N\u00f3 \u0111\u01b0\u1ee3c \u0111\u00e1nh gi\u00e1 cao v\u1ec1 ch\u1ea5t l\u01b0\u1ee3ng v\u00e0 gi\u00e1 tr\u1ecb th\u1ea9m m\u1ef9. N\u1ed9i th\u1ea5t ph\u00f2ng th\u1edd g\u1ed7 \u00f3c ch\u00f3 mang \u0111\u1ebfn m\u1ed9t kh\u00f4ng gian th\u1edd c\u00fang sang tr\u1ecdng, \u1ea5m c\u00fang v\u00e0 trang nghi\u00eam.  B\u00e0n th\u1edd g\u1ed7 \u00f3c ch\u00f3 l\u00e0 m\u1ed9t trong nh\u1eefng m\u00f3n \u0111\u1ed3 n\u1ed9i th\u1ea5t quan tr\u1ecdng nh\u1ea5t trong ph\u00f2ng th\u1edd. B\u00e0n th\u1edd th\u01b0\u1eddng \u0111\u01b0\u1ee3c l\u00e0m b\u1eb1ng g\u1ed7 \u00f3c ch\u00f3 nguy\u00ean kh\u1ed1i, c\u00f3 k\u00edch th\u01b0\u1edbc l\u1edbn v\u00e0 \u0111\u01b0\u1ee3c ch\u1ea1m kh\u1eafc tinh x\u1ea3o. B\u00e0n th\u1edd g\u1ed7 \u00f3c ch\u00f3 mang \u0111\u1ebfn m\u1ed9t kh\u00f4ng gian th\u1edd c\u00fang trang nghi\u00eam v\u00e0 \u1ea5m c\u00fang.  Ngo\u00e0i b\u00e0n th\u1edd, ph\u00f2ng th\u1edd g\u1ed7 \u00f3c ch\u00f3 c\u00f2n c\u00f3 c\u00e1c m\u00f3n \u0111\u1ed3 n\u1ed9i th\u1ea5t kh\u00e1c nh\u01b0 t\u1ee7 th\u1edd, s\u1eadp th\u1edd, h\u01b0\u01a1ng \u00e1n, b\u00e1t h\u01b0\u01a1ng, \u0111\u00e8n th\u1edd,... C\u00e1c m\u00f3n \u0111\u1ed3 n\u1ed9i th\u1ea5t n\u00e0y \u0111\u1ec1u \u0111\u01b0\u1ee3c l\u00e0m b\u1eb1ng g\u1ed7 \u00f3c ch\u00f3 nguy\u00ean kh\u1ed1i, c\u00f3 m\u00e0u s\u1eafc \u0111\u1eb9p v\u00e0 \u0111\u1ed9 b\u1ec1n cao. Ch\u00fang mang \u0111\u1ebfn m\u1ed9t kh\u00f4ng gian th\u1edd c\u00fang sang tr\u1ecdng, \u1ea5m c\u00fang v\u00e0 trang nghi\u00eam.\" \/>\n<meta property=\"og:url\" content=\"https:\/\/pluginviet.com\/mau29\/san-pham\/noi-that-phong-tho-cao-cap-go-oc-cho\/\" \/>\n<meta property=\"og:site_name\" content=\"N\u1ed9i th\u1ea5t L\u01b0u Nguy\u1ec5n M\u1ed9c\" \/>\n<meta property=\"article:publisher\" content=\"https:\/\/www.facebook.com\/LuuNguyenMoc\" \/>\n<meta property=\"article:modified_time\" content=\"2023-07-22T08:16:13+00:00\" \/>\n<meta property=\"og:image\" content=\"https:\/\/pluginviet.com\/mau29\/wp-content\/uploads\/2023\/07\/noi-that-phong-tho.jpg\" \/>\n\t<meta property=\"og:image:width\" content=\"1920\" \/>\n\t<meta property=\"og:image:height\" content=\"1280\" \/>\n\t<meta property=\"og:image:type\" content=\"image\/jpeg\" \/>\n<meta name=\"twitter:card\" content=\"summary_large_image\" \/>\n<script type=\"application\/ld+json\" class=\"yoast-schema-graph\">{\"@context\":\"https:\/\/schema.org\",\"@graph\":[{\"@type\":\"WebPage\",\"@id\":\"https:\/\/pluginviet.com\/mau29\/san-pham\/noi-that-phong-tho-cao-cap-go-oc-cho\/\",\"url\":\"https:\/\/pluginviet.com\/mau29\/san-pham\/noi-that-phong-tho-cao-cap-go-oc-cho\/\",\"name\":\"N\u1ed8I TH\u1ea4T PH\u00d2NG TH\u1edc CAO C\u1ea4P G\u1ed6 \u00d3C CH\u00d3 - N\u1ed9i th\u1ea5t L\u01b0u Nguy\u1ec5n M\u1ed9c\",\"isPartOf\":{\"@id\":\"https:\/\/pluginviet.com\/mau29\/#website\"},\"datePublished\":\"2023-07-22T08:16:12+00:00\",\"dateModified\":\"2023-07-22T08:16:13+00:00\",\"breadcrumb\":{\"@id\":\"https:\/\/pluginviet.com\/mau29\/san-pham\/noi-that-phong-tho-cao-cap-go-oc-cho\/#breadcrumb\"},\"inLanguage\":\"vi\",\"potentialAction\":[{\"@type\":\"ReadAction\",\"target\":[\"https:\/\/pluginviet.com\/mau29\/san-pham\/noi-that-phong-tho-cao-cap-go-oc-cho\/\"]}]},{\"@type\":\"BreadcrumbList\",\"@id\":\"https:\/\/pluginviet.com\/mau29\/san-pham\/noi-that-phong-tho-cao-cap-go-oc-cho\/#breadcrumb\",\"itemListElement\":[{\"@type\":\"ListItem\",\"position\":1,\"name\":\"Trang ch\u1ee7\",\"item\":\"https:\/\/pluginviet.com\/mau29\/\"},{\"@type\":\"ListItem\",\"position\":2,\"name\":\"S\u1ea3n ph\u1ea9m\",\"item\":\"https:\/\/pluginviet.com\/mau29\/shop\/\"},{\"@type\":\"ListItem\",\"position\":3,\"name\":\"N\u1ed8I TH\u1ea4T PH\u00d2NG TH\u1edc CAO C\u1ea4P G\u1ed6 \u00d3C CH\u00d3\"}]},{\"@type\":\"WebSite\",\"@id\":\"https:\/\/pluginviet.com\/mau29\/#website\",\"url\":\"https:\/\/pluginviet.com\/mau29\/\",\"name\":\"N\u1ed9i th\u1ea5t L\u01b0u Nguy\u1ec5n M\u1ed9c\",\"description\":\"Chuy\u00ean t\u01b0 v\u1ea5n, thi\u1ebft k\u1ebf, thi c\u00f4ng n\u1ed9i th\u1ea5t g\u1ed7\",\"publisher\":{\"@id\":\"https:\/\/pluginviet.com\/mau29\/#organization\"},\"potentialAction\":[{\"@type\":\"SearchAction\",\"target\":{\"@type\":\"EntryPoint\",\"urlTemplate\":\"https:\/\/pluginviet.com\/mau29\/?s={search_term_string}\"},\"query-input\":\"required name=search_term_string\"}],\"inLanguage\":\"vi\"},{\"@type\":\"Organization\",\"@id\":\"https:\/\/pluginviet.com\/mau29\/#organization\",\"name\":\"L\u01b0u Nguy\u1ec5n M\u1ed9c\",\"url\":\"https:\/\/pluginviet.com\/mau29\/\",\"logo\":{\"@type\":\"ImageObject\",\"inLanguage\":\"vi\",\"@id\":\"https:\/\/pluginviet.com\/mau29\/#\/schema\/logo\/image\/\",\"url\":\"https:\/\/luunguyenmoc.com.vn\/wp-content\/uploads\/2023\/07\/LNM_Logo_FA_1208-01-removebg-preview.png\",\"contentUrl\":\"https:\/\/luunguyenmoc.com.vn\/wp-content\/uploads\/2023\/07\/LNM_Logo_FA_1208-01-removebg-preview.png\",\"width\":1920,\"height\":1924,\"caption\":\"L\u01b0u Nguy\u1ec5n M\u1ed9c\"},\"image\":{\"@id\":\"https:\/\/pluginviet.com\/mau29\/#\/schema\/logo\/image\/\"},\"sameAs\":[\"https:\/\/www.facebook.com\/LuuNguyenMoc\"]}]}<\/script>\n<!-- \/ Yoast SEO plugin. -->","yoast_head_json":{"title":"N\u1ed8I TH\u1ea4T PH\u00d2NG TH\u1edc CAO C\u1ea4P G\u1ed6 \u00d3C CH\u00d3 - N\u1ed9i th\u1ea5t L\u01b0u Nguy\u1ec5n M\u1ed9c","robots":{"index":"index","follow":"follow","max-snippet":"max-snippet:-1","max-image-preview":"max-image-preview:large","max-video-preview":"max-video-preview:-1"},"canonical":"https:\/\/pluginviet.com\/mau29\/san-pham\/noi-that-phong-tho-cao-cap-go-oc-cho\/","og_locale":"vi_VN","og_type":"article","og_title":"N\u1ed8I TH\u1ea4T PH\u00d2NG TH\u1edc CAO C\u1ea4P G\u1ed6 \u00d3C CH\u00d3 - N\u1ed9i th\u1ea5t L\u01b0u Nguy\u1ec5n M\u1ed9c","og_description":"G\u1ed7 \u00f3c ch\u00f3 l\u00e0 m\u1ed9t lo\u1ea1i g\u1ed7 qu\u00fd c\u00f3 m\u00e0u s\u1eafc \u0111\u1eb9p, v\u00e2n g\u1ed7 t\u1ef1 nhi\u00ean v\u00e0 \u0111\u1ed9 b\u1ec1n cao. N\u00f3 \u0111\u01b0\u1ee3c \u0111\u00e1nh gi\u00e1 cao v\u1ec1 ch\u1ea5t l\u01b0\u1ee3ng v\u00e0 gi\u00e1 tr\u1ecb th\u1ea9m m\u1ef9. N\u1ed9i th\u1ea5t ph\u00f2ng th\u1edd g\u1ed7 \u00f3c ch\u00f3 mang \u0111\u1ebfn m\u1ed9t kh\u00f4ng gian th\u1edd c\u00fang sang tr\u1ecdng, \u1ea5m c\u00fang v\u00e0 trang nghi\u00eam.  B\u00e0n th\u1edd g\u1ed7 \u00f3c ch\u00f3 l\u00e0 m\u1ed9t trong nh\u1eefng m\u00f3n \u0111\u1ed3 n\u1ed9i th\u1ea5t quan tr\u1ecdng nh\u1ea5t trong ph\u00f2ng th\u1edd. B\u00e0n th\u1edd th\u01b0\u1eddng \u0111\u01b0\u1ee3c l\u00e0m b\u1eb1ng g\u1ed7 \u00f3c ch\u00f3 nguy\u00ean kh\u1ed1i, c\u00f3 k\u00edch th\u01b0\u1edbc l\u1edbn v\u00e0 \u0111\u01b0\u1ee3c ch\u1ea1m kh\u1eafc tinh x\u1ea3o. B\u00e0n th\u1edd g\u1ed7 \u00f3c ch\u00f3 mang \u0111\u1ebfn m\u1ed9t kh\u00f4ng gian th\u1edd c\u00fang trang nghi\u00eam v\u00e0 \u1ea5m c\u00fang.  Ngo\u00e0i b\u00e0n th\u1edd, ph\u00f2ng th\u1edd g\u1ed7 \u00f3c ch\u00f3 c\u00f2n c\u00f3 c\u00e1c m\u00f3n \u0111\u1ed3 n\u1ed9i th\u1ea5t kh\u00e1c nh\u01b0 t\u1ee7 th\u1edd, s\u1eadp th\u1edd, h\u01b0\u01a1ng \u00e1n, b\u00e1t h\u01b0\u01a1ng, \u0111\u00e8n th\u1edd,... C\u00e1c m\u00f3n \u0111\u1ed3 n\u1ed9i th\u1ea5t n\u00e0y \u0111\u1ec1u \u0111\u01b0\u1ee3c l\u00e0m b\u1eb1ng g\u1ed7 \u00f3c ch\u00f3 nguy\u00ean kh\u1ed1i, c\u00f3 m\u00e0u s\u1eafc \u0111\u1eb9p v\u00e0 \u0111\u1ed9 b\u1ec1n cao. Ch\u00fang mang \u0111\u1ebfn m\u1ed9t kh\u00f4ng gian th\u1edd c\u00fang sang tr\u1ecdng, \u1ea5m c\u00fang v\u00e0 trang nghi\u00eam.","og_url":"https:\/\/pluginviet.com\/mau29\/san-pham\/noi-that-phong-tho-cao-cap-go-oc-cho\/","og_site_name":"N\u1ed9i th\u1ea5t L\u01b0u Nguy\u1ec5n M\u1ed9c","article_publisher":"https:\/\/www.facebook.com\/LuuNguyenMoc","article_modified_time":"2023-07-22T08:16:13+00:00","og_image":[{"width":1920,"height":1280,"url":"https:\/\/pluginviet.com\/mau29\/wp-content\/uploads\/2023\/07\/noi-that-phong-tho.jpg","type":"image\/jpeg"}],"twitter_card":"summary_large_image","schema":{"@context":"https:\/\/schema.org","@graph":[{"@type":"WebPage","@id":"https:\/\/pluginviet.com\/mau29\/san-pham\/noi-that-phong-tho-cao-cap-go-oc-cho\/","url":"https:\/\/pluginviet.com\/mau29\/san-pham\/noi-that-phong-tho-cao-cap-go-oc-cho\/","name":"N\u1ed8I TH\u1ea4T PH\u00d2NG TH\u1edc CAO C\u1ea4P G\u1ed6 \u00d3C CH\u00d3 - N\u1ed9i th\u1ea5t L\u01b0u Nguy\u1ec5n M\u1ed9c","isPartOf":{"@id":"https:\/\/pluginviet.com\/mau29\/#website"},"datePublished":"2023-07-22T08:16:12+00:00","dateModified":"2023-07-22T08:16:13+00:00","breadcrumb":{"@id":"https:\/\/pluginviet.com\/mau29\/san-pham\/noi-that-phong-tho-cao-cap-go-oc-cho\/#breadcrumb"},"inLanguage":"vi","potentialAction":[{"@type":"ReadAction","target":["https:\/\/pluginviet.com\/mau29\/san-pham\/noi-that-phong-tho-cao-cap-go-oc-cho\/"]}]},{"@type":"BreadcrumbList","@id":"https:\/\/pluginviet.com\/mau29\/san-pham\/noi-that-phong-tho-cao-cap-go-oc-cho\/#breadcrumb","itemListElement":[{"@type":"ListItem","position":1,"name":"Trang ch\u1ee7","item":"https:\/\/pluginviet.com\/mau29\/"},{"@type":"ListItem","position":2,"name":"S\u1ea3n ph\u1ea9m","item":"https:\/\/pluginviet.com\/mau29\/shop\/"},{"@type":"ListItem","position":3,"name":"N\u1ed8I TH\u1ea4T PH\u00d2NG TH\u1edc CAO C\u1ea4P G\u1ed6 \u00d3C CH\u00d3"}]},{"@type":"WebSite","@id":"https:\/\/pluginviet.com\/mau29\/#website","url":"https:\/\/pluginviet.com\/mau29\/","name":"N\u1ed9i th\u1ea5t L\u01b0u Nguy\u1ec5n M\u1ed9c","description":"Chuy\u00ean t\u01b0 v\u1ea5n, thi\u1ebft k\u1ebf, thi c\u00f4ng n\u1ed9i th\u1ea5t g\u1ed7","publisher":{"@id":"https:\/\/pluginviet.com\/mau29\/#organization"},"potentialAction":[{"@type":"SearchAction","target":{"@type":"EntryPoint","urlTemplate":"https:\/\/pluginviet.com\/mau29\/?s={search_term_string}"},"query-input":"required name=search_term_string"}],"inLanguage":"vi"},{"@type":"Organization","@id":"https:\/\/pluginviet.com\/mau29\/#organization","name":"L\u01b0u Nguy\u1ec5n M\u1ed9c","url":"https:\/\/pluginviet.com\/mau29\/","logo":{"@type":"ImageObject","inLanguage":"vi","@id":"https:\/\/pluginviet.com\/mau29\/#\/schema\/logo\/image\/","url":"https:\/\/luunguyenmoc.com.vn\/wp-content\/uploads\/2023\/07\/LNM_Logo_FA_1208-01-removebg-preview.png","contentUrl":"https:\/\/luunguyenmoc.com.vn\/wp-content\/uploads\/2023\/07\/LNM_Logo_FA_1208-01-removebg-preview.png","width":1920,"height":1924,"caption":"L\u01b0u Nguy\u1ec5n M\u1ed9c"},"image":{"@id":"https:\/\/pluginviet.com\/mau29\/#\/schema\/logo\/image\/"},"sameAs":["https:\/\/www.facebook.com\/LuuNguyenMoc"]}]}},"_links":{"self":[{"href":"https:\/\/pluginviet.com\/mau29\/wp-json\/wp\/v2\/product\/1176"}],"collection":[{"href":"https:\/\/pluginviet.com\/mau29\/wp-json\/wp\/v2\/product"}],"about":[{"href":"https:\/\/pluginviet.com\/mau29\/wp-json\/wp\/v2\/types\/product"}],"replies":[{"embeddable":true,"href":"https:\/\/pluginviet.com\/mau29\/wp-json\/wp\/v2\/comments?post=1176"}],"wp:featuredmedia":[{"embeddable":true,"href":"https:\/\/pluginviet.com\/mau29\/wp-json\/wp\/v2\/media\/1180"}],"wp:attachment":[{"href":"https:\/\/pluginviet.com\/mau29\/wp-json\/wp\/v2\/media?parent=1176"}],"wp:term":[{"taxonomy":"product_cat","embeddable":true,"href":"https:\/\/pluginviet.com\/mau29\/wp-json\/wp\/v2\/product_cat?post=1176"},{"taxonomy":"product_tag","embeddable":true,"href":"https:\/\/pluginviet.com\/mau29\/wp-json\/wp\/v2\/product_tag?post=1176"}],"curies":[{"name":"wp","href":"https:\/\/api.w.org\/{rel}","templated":true}]}}