{"id":508,"date":"2019-03-06T08:02:34","date_gmt":"2019-03-06T08:02:34","guid":{"rendered":"http:\/\/\/son.webrt.net\/hdecor\/?page_id=508"},"modified":"2023-06-05T06:52:25","modified_gmt":"2023-06-05T06:52:25","slug":"gioi-thieu","status":"publish","type":"page","link":"https:\/\/pluginviet.com\/mau25\/gioi-thieu\/","title":{"rendered":"Gi\u1edbi thi\u1ec7u"},"content":{"rendered":"<p>LISA &#8211; H\u1ec6 TH\u1ed0NG NAILS &amp; SPA l\u00e0 m\u1ed9t trong nh\u1eefng h\u1ec7 th\u1ed1ng Nails &amp; Spa h\u00e0ng \u0111\u1ea7u v\u1edbi \u0111\u1ed9i ng\u0169 chuy\u00ean vi\u00ean \u0111\u01b0\u1ee3c \u0111\u00e0o t\u1ea1o b\u00e0i b\u1ea3n, c\u01a1 s\u1edf v\u1eadt ch\u1ea5t hi\u1ec7n \u0111\u1ea1i \u0111\u1ea1t ti\u00eau chu\u1ea9n 5 sao. V\u1edbi m\u1ee5c ti\u00eau v\u00e0 s\u1ee9 m\u1ec7nh v\u01b0\u1ee3t tr\u1ed9i, kh\u00f4ng ng\u1eebng \u0111\u1ed5i m\u1edbi gi\u00fap ph\u1ee5 n\u1eef t\u1ef1 tin h\u01a1n \u0111\u1ed3ng th\u1eddi l\u00e0 n\u01a1i th\u01b0 gi\u00e3n gi\u1ea3m stress cho gia \u0111\u00ecnh. Lisa Nail &amp; Spa x\u1ee9ng \u0111\u00e1ng l\u00e0 l\u1ef1a ch\u1ecdn s\u1ed1 1 c\u1ee7a b\u1ea1n.<\/p>\n<figure id=\"attachment_1843\" aria-describedby=\"caption-attachment-1843\" style=\"width: 600px\" class=\"wp-caption aligncenter\"><img decoding=\"async\" loading=\"lazy\" class=\"wp-image-1843 size-large\" src=\"https:\/\/depthoitrang.com\/lisanail\/wp-content\/uploads\/2023\/06\/lisanailspa-600x800.jpg\" alt=\"\" width=\"600\" height=\"800\" srcset=\"https:\/\/pluginviet.com\/mau25\/wp-content\/uploads\/2023\/06\/lisanailspa-600x800.jpg 600w, https:\/\/pluginviet.com\/mau25\/wp-content\/uploads\/2023\/06\/lisanailspa-300x400.jpg 300w, https:\/\/pluginviet.com\/mau25\/wp-content\/uploads\/2023\/06\/lisanailspa-768x1024.jpg 768w, https:\/\/pluginviet.com\/mau25\/wp-content\/uploads\/2023\/06\/lisanailspa-1152x1536.jpg 1152w, https:\/\/pluginviet.com\/mau25\/wp-content\/uploads\/2023\/06\/lisanailspa.jpg 1536w\" sizes=\"(max-width: 600px) 100vw, 600px\" \/><figcaption id=\"caption-attachment-1843\" class=\"wp-caption-text\">Lisa Nail &amp; Spa<\/figcaption><\/figure>\n<p><strong>T\u1ea6M NH\u00ccN V\u00c0 S\u1ee8 M\u1ec6NH C\u1ee6A LISA NAIL &amp; SPA<\/strong><\/p>\n<p><strong>T\u1ea6M NH\u00ccN:<\/strong><\/p>\n<p>Lisa l\u00e0 chu\u1ed7i h\u1ec7 th\u1ed1ng t\u00edch h\u1ee3p gi\u1eefa Nail &amp; Spa kh\u00f4ng nh\u1eefng mang \u0111\u1ebfn v\u1ebb ngo\u00e0i xinh \u0111\u1eb9p v\u00e0 t\u1ef1 tin cho ph\u00e1i \u0111\u1eb9p, ch\u00fang t\u00f4i c\u00f2n l\u00e0 n\u01a1i th\u01b0 gi\u00e3n tuy\u1ec7t v\u1eddi cho c\u1ea3 gia \u0111\u00ecnh b\u1ea1n.<\/p>\n<p><strong>S\u1ee8 M\u1ec6NH:<\/strong><\/p>\n<p>\u0110em \u0111\u1ebfn s\u1ef1 t\u1ef1 tin, v\u1ebb \u0111\u1eb9p t\u1ecfa s\u00e1ng cho ph\u00e1i \u0111\u1eb9p &#8211; V\u00ec ph\u1ee5 n\u1eef sinh ra l\u00e0 \u0111\u1ec3 y\u00eau th\u01b0\u01a1ng v\u00e0 xinh \u0111\u1eb9p. L\u00e0 l\u1ef1a ch\u1ecdn ho\u00e0n h\u1ea3o c\u1ee7a gia \u0111\u00ecnh v\u1edbi c\u00e1c d\u1ecbch v\u1ee5 th\u01b0 gi\u00e3n ch\u1ea5t l\u01b0\u1ee3ng h\u00e0ng \u0111\u1ea7u.<\/p>\n<p><strong>GI\u00c1 TR\u1eca C\u1ed0T L\u00d5I<\/strong><\/p>\n<p><strong>TR\u00c1CH NHI\u1ec6M:<\/strong>\u00a0\u0111em \u0111\u1ebfn cho kh\u00e1ch h\u00e0ng s\u1ef1 h\u00e0i l\u00f2ng t\u1eeb l\u1ea7n \u0111\u1ea7u s\u1eed d\u1ee5ng d\u1ecbch v\u1ee5, th\u1ebf m\u1ea1nh c\u1ee7a LISA l\u00e0 c\u00e1c d\u1ecbch v\u1ee5 NAIL t\u1eeb c\u01a1 b\u1ea3n \u0111\u1ebfn n\u00e2ng cao &#8211; Cam k\u1ebft \u0111em \u0111\u1ebfn cho b\u1ea1n v\u1ebb \u0111\u1eb9p nh\u01b0 mong \u0111\u1ee3i.<\/p>\n<p>L\u00e0m cho c\u1ea5u tr\u00fac m\u00f3ng tay, m\u00f3ng ch\u00e2n ch\u1eafc kh\u1ecfe t\u1ef1 nhi\u00ean v\u1edbi nh\u1eefng s\u1ea3n ph\u1ea9m d\u01b0\u1ee1ng ch\u1ea5t l\u01b0\u1ee3ng.<\/p>\n<p>D\u1ec5 d\u00e0ng che \u0111i nh\u1eefng khuy\u1ebft \u0111i\u1ec3m xu\u1ea5t hi\u1ec7n m\u00f3ng tay, m\u00f3ng ch\u00e2n.<\/p>\n<p>\u0110em \u0111\u1ebfn c\u1ea3m gi\u00e1c t\u1ef1 tin, phong c\u00e1ch ri\u00eang v\u1edbi b\u1ed9 nail \u0111\u01b0\u1ee3c th\u1ef1c hi\u1ec7n \u00a0t\u00e2m huy\u1ebft b\u1edfi \u0111\u1ed9i ng\u0169 k\u1ef9 thu\u1eadt vi\u00ean gi\u00e0u kinh nghi\u1ec7m.<\/p>\n<p><strong>CHUY\u00caN NGHI\u1ec6P:\u00a0<\/strong>T\u00e1c phong c\u00f4ng vi\u1ec7c lu\u00f4n ch\u1ec9nh chu, l\u1ea5y kh\u00e1ch h\u00e0ng l\u00e0m trung t\u00e2m trong m\u1ecdi ho\u1ea1t \u0111\u1ed9ng.<\/p>\n<p>T\u1eacN T M: T\u1eadn t\u00e2m ch\u0103m s\u00f3c t\u1eebng kh\u00e1ch h\u00e0ng, kh\u00f4ng ph\u00e2n bi\u1ec7t \u0111\u1ed1i x\u1eed. T\u1eadn t\u00e2m trong c\u00f4ng vi\u1ec7c, lu\u00f4n lu\u00f4n l\u1eafng nghe v\u00e0 th\u1ea5u hi\u1ec3u kh\u00e1ch h\u00e0ng, \u0111em \u0111\u1ebfn cho kh\u00e1ch h\u00e0ng gi\u00e1 tr\u1ecb tinh th\u1ea7n v\u00e0 v\u1ebb \u0111\u1eb9p nh\u01b0 \u00fd.<\/p>\n<p><strong>D\u1ecaCH V\u1ee4 C\u1ee6A LISA NAIL &amp; SPA<\/strong><\/p>\n<p>V\u1edbi t\u1ea7m nh\u00ecn v\u00e0 s\u1ee9 m\u1ec7nh l\u00e0 gi\u00fap ng\u01b0\u1eddi ph\u1ee5 n\u1eef t\u1ef1 tin h\u01a1n \u0111\u1ed3ng th\u1eddi cung c\u1ea5p nhi\u1ec1u d\u1ecbch v\u1ee5 th\u01b0 gi\u00e3n, gi\u1ea3m stress cho gia \u0111\u00ecnh, LISA NAIL &amp; SPA kh\u00f4ng ng\u1eebng n\u00e2ng c\u1ea5p v\u00e0 m\u1edf r\u1ed9ng c\u00e1c d\u1ecbch v\u1ee5 \u0111\u1ea1t chu\u1ea9n 5 sao nh\u1eb1m \u0111em \u0111\u1ebfn cho kh\u00e1ch h\u00e0ng nh\u1eefng tr\u1ea3i nghi\u1ec7m tr\u00ean c\u1ea3 \u0111\u1eb3ng c\u1ea5p. V\u1edbi h\u00e0ng tr\u0103m d\u1ecbch v\u1ee5 l\u00e0m \u0111\u1eb9p v\u00e0 th\u01b0 gi\u00e3n t\u1eeb Nails \u00a0\u2013 Spa &#8211; LISA x\u1ee9ng \u0111\u00e1ng l\u00e0 ng\u01b0\u1eddi b\u1ea1n \u0111\u1ed3ng h\u00e0nh \u0111\u00e1ng tin c\u1eady c\u1ee7a m\u1ecdi nh\u00e0.<\/p>\n<p><strong>D\u1ecaCH V\u1ee4 NAILS:<\/strong>\u00a0h\u1ec7 th\u1ed1ng Nails c\u1ee7a LISA \u0111\u01b0\u1ee3c trang b\u1ecb c\u00e1c d\u1ee5ng c\u1ee5 hi\u1ec7n \u0111\u1ea1i mang \u0111\u1ebfn c\u1ea3m gi\u00e1c th\u01b0 gi\u00e3n v\u00e0 sang ch\u1ea3nh trong su\u1ed1t qu\u00e1 tr\u00ecnh th\u1ef1c hi\u1ec7n. B\u00ean c\u1ea1nh \u0111\u00f3, c\u00e1c c\u00f4ng c\u1ee5 l\u00e0m nail lu\u00f4n \u0111\u01b0\u1ee3c \u0111\u1ea3m b\u1ea3o an to\u00e0n v\u1edbi quy tr\u00ecnh kh\u1eed khu\u1ea9n chu\u1ea9n m\u1ef1c. Lisa cam k\u1ebft \u0111em \u0111\u1ebfn cho kh\u00e1ch h\u00e0ng d\u1ecbch v\u1ee5 tuy\u1ec7t v\u1eddi: c\u1eaft da tay\/ch\u00e2n, s\u01a1n th\u01b0\u1eddng\/gel, nail art, \u0111\u1eafp b\u1ed9t\/nh\u00fang b\u1ed9t, ch\u00e0 h\u1ed3ng g\u00f3t sen\u2026 \u0111\u01b0\u1ee3c th\u1ef1c hi\u1ec7n b\u1edfi nh\u1eefng k\u1ef9 thu\u1eadt vi\u00ean \u0111\u01b0\u1ee3c \u0111\u00e0o t\u1ea1o b\u00e0i b\u1ea3n v\u00e0 tay ngh\u1ec1 cao.<\/p>\n<p><strong>D\u1ecaCH V\u1ee4 SPA:<\/strong>\u00a0LISA l\u00e0 \u0111i\u1ec3m \u0111\u1ebfn kh\u00f4ng th\u1ec3 b\u1ecf qua n\u1ebfu b\u1ea1n mu\u1ed1n tr\u1ea3i nghi\u1ec7m c\u00e1c d\u1ecbch v\u1ee5 gi\u00fap th\u01b0 gi\u00e3n, gi\u1ea3m stress v\u00e0 l\u1ea5y l\u1ea1i tinh th\u1ea7n nh\u01b0: g\u1ed9i \u0111\u1ea7u d\u01b0\u1ee1ng sinh, massage body \u0111\u00e1 n\u00f3ng, massage c\u00e1c v\u00f9ng chuy\u00ean s\u00e2u v\u00e0 \u0111\u1eafp cao gi\u1ea3i \u0111\u1ed9c\u2026<\/p>\n<p><img decoding=\"async\" loading=\"lazy\" class=\"size-full wp-image-1847 aligncenter\" src=\"https:\/\/depthoitrang.com\/lisanail\/wp-content\/uploads\/2023\/06\/nhuong-quyen-lisa.jpg\" alt=\"\" width=\"900\" height=\"600\" srcset=\"https:\/\/pluginviet.com\/mau25\/wp-content\/uploads\/2023\/06\/nhuong-quyen-lisa.jpg 900w, https:\/\/pluginviet.com\/mau25\/wp-content\/uploads\/2023\/06\/nhuong-quyen-lisa-600x400.jpg 600w, https:\/\/pluginviet.com\/mau25\/wp-content\/uploads\/2023\/06\/nhuong-quyen-lisa-768x512.jpg 768w\" sizes=\"(max-width: 900px) 100vw, 900px\" \/><\/p>\n<p>H\u1ec7 th\u1ed1ng Salon &#8211; Lisa Nail &amp; Spa v\u1edbi 3 chi nh\u00e1nh t\u1ea1i qu\u1eadn 1, qu\u1eadn 3 v\u00e0 qu\u1eadn 5 l\u00e0 m\u1ed9t trong nh\u1eefng \u0111i\u1ec3m \u0111\u1ebfn kh\u00f4ng th\u1ec3 b\u1ecf qua n\u1ebfu b\u1ea1n mu\u1ed1n th\u01b0 gi\u00e3n v\u00e0 s\u1edf h\u1eefu 1 b\u1ed9 nail xu\u1ea5t s\u1eafc. V\u1edbi ph\u01b0\u01a1ng ch\u00e2m \u201c Kh\u00e1ch h\u00e0ng l\u00e0 th\u01b0\u1ee3ng \u0111\u1ebf\u201d, chuy\u00ean vi\u00ean c\u1ee7a Lisa kh\u00f4ng nh\u1eefng s\u1edf h\u1eefu chuy\u00ean m\u00f4n t\u1ed1t m\u00e0 c\u00f2n ch\u00fa tr\u1ecdng \u0111\u1eb7c bi\u1ec7t \u0111\u1ebfn d\u1ecbch v\u1ee5 ch\u0103m s\u00f3c kh\u00e1ch h\u00e0ng.<\/p>\n<p>Lisa Nail &amp; Spa kh\u00f4ng ch\u1ec9 cung c\u1ea5p \u0111a d\u1ea1ng c\u00e1c d\u1ecbch v\u1ee5 m\u00e0 c\u00f2n kh\u00f4ng ng\u1eebng \u0111\u1ea7u t\u01b0 n\u00e2ng c\u1ea5p c\u01a1 s\u1edf v\u1eadt ch\u1ea5t hi\u1ec7n \u0111\u1ea1i nh\u1ea5t. V\u1edbi s\u1ef1 \u0111\u1ea7u t\u01b0 ch\u1ec9n chu v\u00e0 chuy\u00ean nghi\u1ec7p Lisa t\u1ef1 tin \u0111\u00e3 v\u00e0 \u0111ang g\u1eedi trao \u201cv\u1ebb \u0111\u1eb9p v\u00e0 s\u1ef1 t\u1ef1 tin\u201d \u0111\u1ebfn h\u00e0ng tri\u1ec7u ng\u01b0\u1eddi ph\u1ee5 n\u1eef.<\/p>\n<p>Gi\u1eefa nh\u1eefng b\u1ed9n b\u1ec1 v\u00e0 lo toan c\u1ee7a cu\u1ed9c s\u1ed1ng, gi\u1eefa nh\u1eefng \u00e1p l\u1ef1c c\u00f4ng vi\u1ec7c v\u00e0 gia \u0111\u00ecnh\u2026 b\u1ea1n c\u1ea7n nh\u1eefng gi\u00e2y ph\u00fat \u0111\u1ec3 y\u00eau th\u01b0\u01a1ng v\u00e0 b\u00f9 \u0111\u1eafp cho ch\u00ednh b\u1ea3n th\u00e2n m\u00ecnh. Lisa Nail &amp; Spa lu\u00f4n l\u00e0 \u0111i\u1ec3m \u0111\u1ebfn m\u1ed7i khi b\u1ea1n v\u00e0 gia \u0111\u00ecnh c\u1ea7n gi\u1ea3m b\u1edbt nh\u1eefng c\u0103ng th\u1eb3ng m\u1ecfi m\u1ec7t, Lisa kh\u00f4ng ch\u1ec9 l\u1eafng nghe ti\u1ebfng l\u00f2ng c\u1ee7a b\u1ea1n m\u00e0 c\u00f2n \u0111em \u0111\u1ebfn cho b\u1ea1n v\u1ebb \u0111\u1eb9p, s\u1ef1 t\u1ef1 tin v\u00e0 quan tr\u1ecdng h\u01a1n t\u1ea5t c\u1ea3 ch\u00ednh l\u00e0 m\u1ed9t t\u00e2m h\u1ed3n th\u1eadt s\u1ef1 tho\u1ea3i m\u00e1i v\u00e0 th\u01b0 gi\u00e3n.<\/p>\n","protected":false},"excerpt":{"rendered":"<p>LISA &#8211; H\u1ec6 TH\u1ed0NG NAILS &amp; SPA l\u00e0 m\u1ed9t trong nh\u1eefng h\u1ec7 th\u1ed1ng Nails &amp; Spa h\u00e0ng \u0111\u1ea7u v\u1edbi \u0111\u1ed9i ng\u0169 chuy\u00ean vi\u00ean \u0111\u01b0\u1ee3c \u0111\u00e0o t\u1ea1o b\u00e0i b\u1ea3n, c\u01a1 s\u1edf v\u1eadt ch\u1ea5t hi\u1ec7n \u0111\u1ea1i \u0111\u1ea1t ti\u00eau chu\u1ea9n 5 sao. V\u1edbi m\u1ee5c ti\u00eau v\u00e0 s\u1ee9 m\u1ec7nh v\u01b0\u1ee3t tr\u1ed9i, kh\u00f4ng ng\u1eebng \u0111\u1ed5i m\u1edbi gi\u00fap ph\u1ee5 n\u1eef t\u1ef1 [&#8230;]\n","protected":false},"author":1,"featured_media":0,"parent":0,"menu_order":0,"comment_status":"closed","ping_status":"closed","template":"","meta":{"footnotes":""},"yoast_head":"<!-- This site is optimized with the Yoast SEO plugin v20.13 - https:\/\/yoast.com\/wordpress\/plugins\/seo\/ -->\n<title>LISA NAIL &amp; SPA<\/title>\n<meta name=\"robots\" content=\"index, follow, max-snippet:-1, max-image-preview:large, max-video-preview:-1\" \/>\n<link rel=\"canonical\" href=\"https:\/\/pluginviet.com\/mau25\/gioi-thieu\/\" \/>\n<meta property=\"og:locale\" content=\"vi_VN\" \/>\n<meta property=\"og:type\" content=\"article\" \/>\n<meta property=\"og:title\" content=\"LISA NAIL &amp; SPA\" \/>\n<meta property=\"og:description\" content=\"LISA &#8211; H\u1ec6 TH\u1ed0NG NAILS &amp; SPA l\u00e0 m\u1ed9t trong nh\u1eefng h\u1ec7 th\u1ed1ng Nails &amp; Spa h\u00e0ng \u0111\u1ea7u v\u1edbi \u0111\u1ed9i ng\u0169 chuy\u00ean vi\u00ean \u0111\u01b0\u1ee3c \u0111\u00e0o t\u1ea1o b\u00e0i b\u1ea3n, c\u01a1 s\u1edf v\u1eadt ch\u1ea5t hi\u1ec7n \u0111\u1ea1i \u0111\u1ea1t ti\u00eau chu\u1ea9n 5 sao. V\u1edbi m\u1ee5c ti\u00eau v\u00e0 s\u1ee9 m\u1ec7nh v\u01b0\u1ee3t tr\u1ed9i, kh\u00f4ng ng\u1eebng \u0111\u1ed5i m\u1edbi gi\u00fap ph\u1ee5 n\u1eef t\u1ef1 [...]\" \/>\n<meta property=\"og:url\" content=\"https:\/\/pluginviet.com\/mau25\/gioi-thieu\/\" \/>\n<meta property=\"og:site_name\" content=\"LISA NAIL &amp; SPA\" \/>\n<meta property=\"article:modified_time\" content=\"2023-06-05T06:52:25+00:00\" \/>\n<meta property=\"og:image\" content=\"https:\/\/depthoitrang.com\/lisanail\/wp-content\/uploads\/2023\/06\/lisanailspa-600x800.jpg\" \/>\n<meta name=\"twitter:card\" content=\"summary_large_image\" \/>\n<meta name=\"twitter:label1\" content=\"\u01af\u1edbc t\u00ednh th\u1eddi gian \u0111\u1ecdc\" \/>\n\t<meta name=\"twitter:data1\" content=\"5 ph\u00fat\" \/>\n<script type=\"application\/ld+json\" class=\"yoast-schema-graph\">{\"@context\":\"https:\/\/schema.org\",\"@graph\":[{\"@type\":\"WebPage\",\"@id\":\"https:\/\/pluginviet.com\/mau25\/gioi-thieu\/\",\"url\":\"https:\/\/pluginviet.com\/mau25\/gioi-thieu\/\",\"name\":\"LISA NAIL &amp; SPA\",\"isPartOf\":{\"@id\":\"https:\/\/pluginviet.com\/mau25\/#website\"},\"datePublished\":\"2019-03-06T08:02:34+00:00\",\"dateModified\":\"2023-06-05T06:52:25+00:00\",\"breadcrumb\":{\"@id\":\"https:\/\/pluginviet.com\/mau25\/gioi-thieu\/#breadcrumb\"},\"inLanguage\":\"vi\",\"potentialAction\":[{\"@type\":\"ReadAction\",\"target\":[\"https:\/\/pluginviet.com\/mau25\/gioi-thieu\/\"]}]},{\"@type\":\"BreadcrumbList\",\"@id\":\"https:\/\/pluginviet.com\/mau25\/gioi-thieu\/#breadcrumb\",\"itemListElement\":[{\"@type\":\"ListItem\",\"position\":1,\"name\":\"Trang ch\u1ee7\",\"item\":\"https:\/\/pluginviet.com\/mau25\/\"},{\"@type\":\"ListItem\",\"position\":2,\"name\":\"Gi\u1edbi thi\u1ec7u\"}]},{\"@type\":\"WebSite\",\"@id\":\"https:\/\/pluginviet.com\/mau25\/#website\",\"url\":\"https:\/\/pluginviet.com\/mau25\/\",\"name\":\"LISA NAIL &amp; SPA\",\"description\":\"\",\"potentialAction\":[{\"@type\":\"SearchAction\",\"target\":{\"@type\":\"EntryPoint\",\"urlTemplate\":\"https:\/\/pluginviet.com\/mau25\/?s={search_term_string}\"},\"query-input\":\"required name=search_term_string\"}],\"inLanguage\":\"vi\"}]}<\/script>\n<!-- \/ Yoast SEO plugin. -->","yoast_head_json":{"title":"LISA NAIL &amp; SPA","robots":{"index":"index","follow":"follow","max-snippet":"max-snippet:-1","max-image-preview":"max-image-preview:large","max-video-preview":"max-video-preview:-1"},"canonical":"https:\/\/pluginviet.com\/mau25\/gioi-thieu\/","og_locale":"vi_VN","og_type":"article","og_title":"LISA NAIL &amp; SPA","og_description":"LISA &#8211; H\u1ec6 TH\u1ed0NG NAILS &amp; SPA l\u00e0 m\u1ed9t trong nh\u1eefng h\u1ec7 th\u1ed1ng Nails &amp; Spa h\u00e0ng \u0111\u1ea7u v\u1edbi \u0111\u1ed9i ng\u0169 chuy\u00ean vi\u00ean \u0111\u01b0\u1ee3c \u0111\u00e0o t\u1ea1o b\u00e0i b\u1ea3n, c\u01a1 s\u1edf v\u1eadt ch\u1ea5t hi\u1ec7n \u0111\u1ea1i \u0111\u1ea1t ti\u00eau chu\u1ea9n 5 sao. V\u1edbi m\u1ee5c ti\u00eau v\u00e0 s\u1ee9 m\u1ec7nh v\u01b0\u1ee3t tr\u1ed9i, kh\u00f4ng ng\u1eebng \u0111\u1ed5i m\u1edbi gi\u00fap ph\u1ee5 n\u1eef t\u1ef1 [...]","og_url":"https:\/\/pluginviet.com\/mau25\/gioi-thieu\/","og_site_name":"LISA NAIL &amp; SPA","article_modified_time":"2023-06-05T06:52:25+00:00","og_image":[{"url":"https:\/\/depthoitrang.com\/lisanail\/wp-content\/uploads\/2023\/06\/lisanailspa-600x800.jpg"}],"twitter_card":"summary_large_image","twitter_misc":{"\u01af\u1edbc t\u00ednh th\u1eddi gian \u0111\u1ecdc":"5 ph\u00fat"},"schema":{"@context":"https:\/\/schema.org","@graph":[{"@type":"WebPage","@id":"https:\/\/pluginviet.com\/mau25\/gioi-thieu\/","url":"https:\/\/pluginviet.com\/mau25\/gioi-thieu\/","name":"LISA NAIL &amp; SPA","isPartOf":{"@id":"https:\/\/pluginviet.com\/mau25\/#website"},"datePublished":"2019-03-06T08:02:34+00:00","dateModified":"2023-06-05T06:52:25+00:00","breadcrumb":{"@id":"https:\/\/pluginviet.com\/mau25\/gioi-thieu\/#breadcrumb"},"inLanguage":"vi","potentialAction":[{"@type":"ReadAction","target":["https:\/\/pluginviet.com\/mau25\/gioi-thieu\/"]}]},{"@type":"BreadcrumbList","@id":"https:\/\/pluginviet.com\/mau25\/gioi-thieu\/#breadcrumb","itemListElement":[{"@type":"ListItem","position":1,"name":"Trang ch\u1ee7","item":"https:\/\/pluginviet.com\/mau25\/"},{"@type":"ListItem","position":2,"name":"Gi\u1edbi thi\u1ec7u"}]},{"@type":"WebSite","@id":"https:\/\/pluginviet.com\/mau25\/#website","url":"https:\/\/pluginviet.com\/mau25\/","name":"LISA NAIL &amp; SPA","description":"","potentialAction":[{"@type":"SearchAction","target":{"@type":"EntryPoint","urlTemplate":"https:\/\/pluginviet.com\/mau25\/?s={search_term_string}"},"query-input":"required name=search_term_string"}],"inLanguage":"vi"}]}},"lang":"vi","translations":{"vi":508,"en":2393},"pll_sync_post":[],"_links":{"self":[{"href":"https:\/\/pluginviet.com\/mau25\/wp-json\/wp\/v2\/pages\/508"}],"collection":[{"href":"https:\/\/pluginviet.com\/mau25\/wp-json\/wp\/v2\/pages"}],"about":[{"href":"https:\/\/pluginviet.com\/mau25\/wp-json\/wp\/v2\/types\/page"}],"author":[{"embeddable":true,"href":"https:\/\/pluginviet.com\/mau25\/wp-json\/wp\/v2\/users\/1"}],"replies":[{"embeddable":true,"href":"https:\/\/pluginviet.com\/mau25\/wp-json\/wp\/v2\/comments?post=508"}],"version-history":[{"count":10,"href":"https:\/\/pluginviet.com\/mau25\/wp-json\/wp\/v2\/pages\/508\/revisions"}],"predecessor-version":[{"id":1848,"href":"https:\/\/pluginviet.com\/mau25\/wp-json\/wp\/v2\/pages\/508\/revisions\/1848"}],"wp:attachment":[{"href":"https:\/\/pluginviet.com\/mau25\/wp-json\/wp\/v2\/media?parent=508"}],"curies":[{"name":"wp","href":"https:\/\/api.w.org\/{rel}","templated":true}]}}