{"id":959,"date":"2022-04-09T09:23:33","date_gmt":"2022-04-09T09:23:33","guid":{"rendered":"https:\/\/khomaudep.com\/giadung\/?post_type=product&#038;p=959"},"modified":"2022-04-09T09:25:26","modified_gmt":"2022-04-09T09:25:26","slug":"den-led-am-tran-downlight-rang-dong-d-at04l-155-16w-9","status":"publish","type":"product","link":"https:\/\/pluginviet.com\/mau20\/san-pham\/den-led-am-tran-downlight-rang-dong-d-at04l-155-16w-9\/","title":{"rendered":"\u0110\u00e8n LED \u00e2m tr\u1ea7n downlight R\u1ea1ng \u0110\u00f4ng D AT04L 155\/16W"},"content":{"rendered":"<h2><strong>\u0110\u00c8N LED \u00c2M TR\u1ea6N DOWNLIGHT R\u1ea0NG \u0110\u00d4NG<\/strong><br \/>\n<strong>D AT04L 155\/16W<br \/>\n<\/strong><\/h2>\n<ul class=\"bullets\">\n<li>S\u1eed d\u1ee5ng Chip LED Samsung \u0111\u1ea1t \u0111\u1ed9 tin c\u1eady cao<\/li>\n<li>Ch\u1ea5t l\u01b0\u1ee3ng \u00e1nh s\u00e1ng cao (CRI&gt; 80) t\u0103ng kh\u1ea3 n\u0103ng nh\u1eadn di\u1ec7n m\u00e0u s\u1eafc c\u1ee7a v\u1eadt \u0111\u01b0\u1ee3c chi\u1ebfu s\u00e1ng<\/li>\n<li>T\u01b0\u01a1ng th\u00edch \u0111i\u1ec7n t\u1eeb tr\u01b0\u1eddng kh\u00f4ng g\u00e2y ra hi\u1ec7n t\u01b0\u1ee3ng nhi\u1ec5u cho s\u1ea3n ph\u1ea9m \u0111i\u1ec7n t\u1eed v\u00e0 kh\u00f4ng b\u1ecb \u1ea3nh h\u01b0\u1edfng nhi\u1ec5u c\u1ee7a c\u00e1c thi\u1ebft b\u1ecb \u0111i\u1ec7n t\u1eed kh\u00e1c<\/li>\n<li>V\u1ecf ch\u1ea5t li\u1ec7u nh\u00f4m thu\u1ea7n \u0111\u01b0\u1ee3c ph\u1ee7 l\u1edbp s\u01a1n nano cho m\u00e0u s\u1eafc t\u01b0\u01a1ng \u0111\u1ed3ng v\u1edbi m\u00e0u s\u1eafc h\u1ec7 tr\u1ea7n th\u1ea1ch cao, tr\u1ea7n nh\u00f4m.<\/li>\n<li>Ngu\u1ed3n r\u1eddi, gi\u1ea3m \u0111\u1ed9 d\u00e0y c\u1ee7a \u0111\u00e8n ph\u00f9 h\u1ee3p l\u1eafp tr\u1ea7n th\u1ea1ch cao c\u00f3 kho\u1ea3ng c\u00e1ch gi\u1eefa tr\u1ea7n b\u00ea t\u00f4ng v\u00e0 tr\u1ea7n th\u1ea1ch cao th\u1ea5p<\/li>\n<\/ul>\n<p><img decoding=\"async\" loading=\"lazy\" class=\"size-medium wp-image-957 aligncenter\" src=\"https:\/\/khomaudep.com\/giadung\/wp-content\/uploads\/2022\/04\/D-AT04L-155-16W-4-1-400x400.jpeg\" alt=\"\" width=\"400\" height=\"400\" srcset=\"https:\/\/pluginviet.com\/mau20\/wp-content\/uploads\/2022\/04\/D-AT04L-155-16W-4-1-400x400.jpeg 400w, https:\/\/pluginviet.com\/mau20\/wp-content\/uploads\/2022\/04\/D-AT04L-155-16W-4-1-800x800.jpeg 800w, https:\/\/pluginviet.com\/mau20\/wp-content\/uploads\/2022\/04\/D-AT04L-155-16W-4-1-280x280.jpeg 280w, https:\/\/pluginviet.com\/mau20\/wp-content\/uploads\/2022\/04\/D-AT04L-155-16W-4-1-768x768.jpeg 768w, https:\/\/pluginviet.com\/mau20\/wp-content\/uploads\/2022\/04\/D-AT04L-155-16W-4-1-600x600.jpeg 600w, https:\/\/pluginviet.com\/mau20\/wp-content\/uploads\/2022\/04\/D-AT04L-155-16W-4-1-100x100.jpeg 100w, https:\/\/pluginviet.com\/mau20\/wp-content\/uploads\/2022\/04\/D-AT04L-155-16W-4-1.jpeg 1000w\" sizes=\"(max-width: 400px) 100vw, 400px\" \/><\/p>\n<ul class=\"bullets\">\n<li>S\u1eed d\u1ee5ng Chip LED Samsung \u0111\u1ea1t \u0111\u1ed9 tin c\u1eady cao<\/li>\n<li>Ch\u1ea5t l\u01b0\u1ee3ng \u00e1nh s\u00e1ng cao (CRI&gt; 80) t\u0103ng kh\u1ea3 n\u0103ng nh\u1eadn di\u1ec7n m\u00e0u s\u1eafc c\u1ee7a v\u1eadt \u0111\u01b0\u1ee3c chi\u1ebfu s\u00e1ng<\/li>\n<li>T\u01b0\u01a1ng th\u00edch \u0111i\u1ec7n t\u1eeb tr\u01b0\u1eddng kh\u00f4ng g\u00e2y ra hi\u1ec7n t\u01b0\u1ee3ng nhi\u1ec5u cho s\u1ea3n ph\u1ea9m \u0111i\u1ec7n t\u1eed v\u00e0 kh\u00f4ng b\u1ecb \u1ea3nh h\u01b0\u1edfng nhi\u1ec5u c\u1ee7a c\u00e1c thi\u1ebft b\u1ecb \u0111i\u1ec7n t\u1eed kh\u00e1c<\/li>\n<li>V\u1ecf ch\u1ea5t li\u1ec7u nh\u00f4m thu\u1ea7n \u0111\u01b0\u1ee3c ph\u1ee7 l\u1edbp s\u01a1n nano cho m\u00e0u s\u1eafc t\u01b0\u01a1ng \u0111\u1ed3ng v\u1edbi m\u00e0u s\u1eafc h\u1ec7 tr\u1ea7n th\u1ea1ch cao, tr\u1ea7n nh\u00f4m.<\/li>\n<li>Ngu\u1ed3n r\u1eddi, gi\u1ea3m \u0111\u1ed9 d\u00e0y c\u1ee7a \u0111\u00e8n ph\u00f9 h\u1ee3p l\u1eafp tr\u1ea7n th\u1ea1ch cao c\u00f3 kho\u1ea3ng c\u00e1ch gi\u1eefa tr\u1ea7n b\u00ea t\u00f4ng v\u00e0 tr\u1ea7n th\u1ea1ch cao th\u1ea5p<\/li>\n<\/ul>\n","protected":false},"excerpt":{"rendered":"<table width=\"408\">\n<tbody>\n<tr>\n<td width=\"163\">Th\u01b0\u01a1ng hi\u1ec7u<\/td>\n<td>R\u1ea1ng \u0110\u00f4ng<\/td>\n<\/tr>\n<tr>\n<td width=\"163\">M\u00e3 s\u1ea3n ph\u1ea9m<\/td>\n<td>D AT04L 155\/16W<\/td>\n<\/tr>\n<tr>\n<td width=\"163\">C\u00f4ng su\u1ea5t:<\/td>\n<td>16W<\/td>\n<\/tr>\n<tr>\n<td width=\"163\">\u0110i\u1ec7n \u00e1p:<\/td>\n<td>220V\/50-60Hz<\/td>\n<\/tr>\n<tr>\n<td width=\"163\">Quang th\u00f4ng:<\/td>\n<td>1300lm<\/td>\n<\/tr>\n<tr>\n<td width=\"163\">Nhi\u1ec7t \u0111\u1ed9 m\u00e0u:<\/td>\n<td>6500K\/5000K\/3000K<\/td>\n<\/tr>\n<tr>\n<td width=\"163\">K\u00edch th\u01b0\u1edbc (\u00d8xH):<\/td>\n<td>(180\u00d744)mm<\/td>\n<\/tr>\n<tr>\n<td width=\"163\">\u0110K l\u1ed7 kho\u00e9t tr\u1ea7n:<\/td>\n<td>155mm<\/td>\n<\/tr>\n<\/tbody>\n<\/table>\n","protected":false},"featured_media":955,"comment_status":"open","ping_status":"closed","template":"","meta":[],"product_cat":[15,119,115,114,118,117,116],"product_tag":[],"yoast_head":"<!-- This site is optimized with the Yoast SEO plugin v20.11 - https:\/\/yoast.com\/wordpress\/plugins\/seo\/ -->\n<title>\u0110\u00e8n LED \u00e2m tr\u1ea7n downlight R\u1ea1ng \u0110\u00f4ng D AT04L 155\/16W - giadungmumi<\/title>\n<meta name=\"robots\" content=\"index, follow, max-snippet:-1, max-image-preview:large, max-video-preview:-1\" \/>\n<link rel=\"canonical\" href=\"https:\/\/pluginviet.com\/mau20\/san-pham\/den-led-am-tran-downlight-rang-dong-d-at04l-155-16w-9\/\" \/>\n<meta property=\"og:locale\" content=\"vi_VN\" \/>\n<meta property=\"og:type\" content=\"article\" \/>\n<meta property=\"og:title\" content=\"\u0110\u00e8n LED \u00e2m tr\u1ea7n downlight R\u1ea1ng \u0110\u00f4ng D AT04L 155\/16W - giadungmumi\" \/>\n<meta property=\"og:description\" content=\"Th\u01b0\u01a1ng hi\u1ec7u R\u1ea1ng \u0110\u00f4ng   M\u00e3 s\u1ea3n ph\u1ea9m D AT04L 155\/16W   C\u00f4ng su\u1ea5t: 16W   \u0110i\u1ec7n \u00e1p: 220V\/50-60Hz   Quang th\u00f4ng: 1300lm   Nhi\u1ec7t \u0111\u1ed9 m\u00e0u: 6500K\/5000K\/3000K   K\u00edch th\u01b0\u1edbc (\u00d8xH): (180\u00d744)mm   \u0110K l\u1ed7 kho\u00e9t tr\u1ea7n: 155mm\" \/>\n<meta property=\"og:url\" content=\"https:\/\/pluginviet.com\/mau20\/san-pham\/den-led-am-tran-downlight-rang-dong-d-at04l-155-16w-9\/\" \/>\n<meta property=\"og:site_name\" content=\"giadungmumi\" \/>\n<meta property=\"article:modified_time\" content=\"2022-04-09T09:25:26+00:00\" \/>\n<meta property=\"og:image\" content=\"https:\/\/pluginviet.com\/mau20\/wp-content\/uploads\/2022\/04\/D-AT04L-155-16W-1-1.jpeg\" \/>\n\t<meta property=\"og:image:width\" content=\"1000\" \/>\n\t<meta property=\"og:image:height\" content=\"1000\" \/>\n\t<meta property=\"og:image:type\" content=\"image\/jpeg\" \/>\n<meta name=\"twitter:card\" content=\"summary_large_image\" \/>\n<meta name=\"twitter:label1\" content=\"\u01af\u1edbc t\u00ednh th\u1eddi gian \u0111\u1ecdc\" \/>\n\t<meta name=\"twitter:data1\" content=\"2 ph\u00fat\" \/>\n<script type=\"application\/ld+json\" class=\"yoast-schema-graph\">{\"@context\":\"https:\/\/schema.org\",\"@graph\":[{\"@type\":\"WebPage\",\"@id\":\"https:\/\/pluginviet.com\/mau20\/san-pham\/den-led-am-tran-downlight-rang-dong-d-at04l-155-16w-9\/\",\"url\":\"https:\/\/pluginviet.com\/mau20\/san-pham\/den-led-am-tran-downlight-rang-dong-d-at04l-155-16w-9\/\",\"name\":\"\u0110\u00e8n LED \u00e2m tr\u1ea7n downlight R\u1ea1ng \u0110\u00f4ng D AT04L 155\/16W - giadungmumi\",\"isPartOf\":{\"@id\":\"https:\/\/pluginviet.com\/mau20\/#website\"},\"datePublished\":\"2022-04-09T09:23:33+00:00\",\"dateModified\":\"2022-04-09T09:25:26+00:00\",\"breadcrumb\":{\"@id\":\"https:\/\/pluginviet.com\/mau20\/san-pham\/den-led-am-tran-downlight-rang-dong-d-at04l-155-16w-9\/#breadcrumb\"},\"inLanguage\":\"vi\",\"potentialAction\":[{\"@type\":\"ReadAction\",\"target\":[\"https:\/\/pluginviet.com\/mau20\/san-pham\/den-led-am-tran-downlight-rang-dong-d-at04l-155-16w-9\/\"]}]},{\"@type\":\"BreadcrumbList\",\"@id\":\"https:\/\/pluginviet.com\/mau20\/san-pham\/den-led-am-tran-downlight-rang-dong-d-at04l-155-16w-9\/#breadcrumb\",\"itemListElement\":[{\"@type\":\"ListItem\",\"position\":1,\"name\":\"Trang ch\u1ee7\",\"item\":\"https:\/\/pluginviet.com\/mau20\/\"},{\"@type\":\"ListItem\",\"position\":2,\"name\":\"Shop\",\"item\":\"https:\/\/pluginviet.com\/mau20\/shop\/\"},{\"@type\":\"ListItem\",\"position\":3,\"name\":\"\u0110\u00e8n LED \u00e2m tr\u1ea7n downlight R\u1ea1ng \u0110\u00f4ng D AT04L 155\/16W\"}]},{\"@type\":\"WebSite\",\"@id\":\"https:\/\/pluginviet.com\/mau20\/#website\",\"url\":\"https:\/\/pluginviet.com\/mau20\/\",\"name\":\"giadungmumi\",\"description\":\"\",\"potentialAction\":[{\"@type\":\"SearchAction\",\"target\":{\"@type\":\"EntryPoint\",\"urlTemplate\":\"https:\/\/pluginviet.com\/mau20\/?s={search_term_string}\"},\"query-input\":\"required name=search_term_string\"}],\"inLanguage\":\"vi\"}]}<\/script>\n<!-- \/ Yoast SEO plugin. -->","yoast_head_json":{"title":"\u0110\u00e8n LED \u00e2m tr\u1ea7n downlight R\u1ea1ng \u0110\u00f4ng D AT04L 155\/16W - giadungmumi","robots":{"index":"index","follow":"follow","max-snippet":"max-snippet:-1","max-image-preview":"max-image-preview:large","max-video-preview":"max-video-preview:-1"},"canonical":"https:\/\/pluginviet.com\/mau20\/san-pham\/den-led-am-tran-downlight-rang-dong-d-at04l-155-16w-9\/","og_locale":"vi_VN","og_type":"article","og_title":"\u0110\u00e8n LED \u00e2m tr\u1ea7n downlight R\u1ea1ng \u0110\u00f4ng D AT04L 155\/16W - giadungmumi","og_description":"Th\u01b0\u01a1ng hi\u1ec7u R\u1ea1ng \u0110\u00f4ng   M\u00e3 s\u1ea3n ph\u1ea9m D AT04L 155\/16W   C\u00f4ng su\u1ea5t: 16W   \u0110i\u1ec7n \u00e1p: 220V\/50-60Hz   Quang th\u00f4ng: 1300lm   Nhi\u1ec7t \u0111\u1ed9 m\u00e0u: 6500K\/5000K\/3000K   K\u00edch th\u01b0\u1edbc (\u00d8xH): (180\u00d744)mm   \u0110K l\u1ed7 kho\u00e9t tr\u1ea7n: 155mm","og_url":"https:\/\/pluginviet.com\/mau20\/san-pham\/den-led-am-tran-downlight-rang-dong-d-at04l-155-16w-9\/","og_site_name":"giadungmumi","article_modified_time":"2022-04-09T09:25:26+00:00","og_image":[{"width":1000,"height":1000,"url":"https:\/\/pluginviet.com\/mau20\/wp-content\/uploads\/2022\/04\/D-AT04L-155-16W-1-1.jpeg","type":"image\/jpeg"}],"twitter_card":"summary_large_image","twitter_misc":{"\u01af\u1edbc t\u00ednh th\u1eddi gian \u0111\u1ecdc":"2 ph\u00fat"},"schema":{"@context":"https:\/\/schema.org","@graph":[{"@type":"WebPage","@id":"https:\/\/pluginviet.com\/mau20\/san-pham\/den-led-am-tran-downlight-rang-dong-d-at04l-155-16w-9\/","url":"https:\/\/pluginviet.com\/mau20\/san-pham\/den-led-am-tran-downlight-rang-dong-d-at04l-155-16w-9\/","name":"\u0110\u00e8n LED \u00e2m tr\u1ea7n downlight R\u1ea1ng \u0110\u00f4ng D AT04L 155\/16W - giadungmumi","isPartOf":{"@id":"https:\/\/pluginviet.com\/mau20\/#website"},"datePublished":"2022-04-09T09:23:33+00:00","dateModified":"2022-04-09T09:25:26+00:00","breadcrumb":{"@id":"https:\/\/pluginviet.com\/mau20\/san-pham\/den-led-am-tran-downlight-rang-dong-d-at04l-155-16w-9\/#breadcrumb"},"inLanguage":"vi","potentialAction":[{"@type":"ReadAction","target":["https:\/\/pluginviet.com\/mau20\/san-pham\/den-led-am-tran-downlight-rang-dong-d-at04l-155-16w-9\/"]}]},{"@type":"BreadcrumbList","@id":"https:\/\/pluginviet.com\/mau20\/san-pham\/den-led-am-tran-downlight-rang-dong-d-at04l-155-16w-9\/#breadcrumb","itemListElement":[{"@type":"ListItem","position":1,"name":"Trang ch\u1ee7","item":"https:\/\/pluginviet.com\/mau20\/"},{"@type":"ListItem","position":2,"name":"Shop","item":"https:\/\/pluginviet.com\/mau20\/shop\/"},{"@type":"ListItem","position":3,"name":"\u0110\u00e8n LED \u00e2m tr\u1ea7n downlight R\u1ea1ng \u0110\u00f4ng D AT04L 155\/16W"}]},{"@type":"WebSite","@id":"https:\/\/pluginviet.com\/mau20\/#website","url":"https:\/\/pluginviet.com\/mau20\/","name":"giadungmumi","description":"","potentialAction":[{"@type":"SearchAction","target":{"@type":"EntryPoint","urlTemplate":"https:\/\/pluginviet.com\/mau20\/?s={search_term_string}"},"query-input":"required name=search_term_string"}],"inLanguage":"vi"}]}},"_links":{"self":[{"href":"https:\/\/pluginviet.com\/mau20\/wp-json\/wp\/v2\/product\/959"}],"collection":[{"href":"https:\/\/pluginviet.com\/mau20\/wp-json\/wp\/v2\/product"}],"about":[{"href":"https:\/\/pluginviet.com\/mau20\/wp-json\/wp\/v2\/types\/product"}],"replies":[{"embeddable":true,"href":"https:\/\/pluginviet.com\/mau20\/wp-json\/wp\/v2\/comments?post=959"}],"wp:featuredmedia":[{"embeddable":true,"href":"https:\/\/pluginviet.com\/mau20\/wp-json\/wp\/v2\/media\/955"}],"wp:attachment":[{"href":"https:\/\/pluginviet.com\/mau20\/wp-json\/wp\/v2\/media?parent=959"}],"wp:term":[{"taxonomy":"product_cat","embeddable":true,"href":"https:\/\/pluginviet.com\/mau20\/wp-json\/wp\/v2\/product_cat?post=959"},{"taxonomy":"product_tag","embeddable":true,"href":"https:\/\/pluginviet.com\/mau20\/wp-json\/wp\/v2\/product_tag?post=959"}],"curies":[{"name":"wp","href":"https:\/\/api.w.org\/{rel}","templated":true}]}}