{"id":508,"date":"2019-03-06T08:02:34","date_gmt":"2019-03-06T08:02:34","guid":{"rendered":"http:\/\/khomaudep.com\/thamtu\/?page_id=508"},"modified":"2022-08-07T10:11:27","modified_gmt":"2022-08-07T03:11:27","slug":"gioi-thieu","status":"publish","type":"page","link":"https:\/\/pluginviet.com\/mau14\/gioi-thieu\/","title":{"rendered":"Gi\u1edbi thi\u1ec7u"},"content":{"rendered":"\t<section class=\"section gt01\" id=\"section_32538110\">\n\t\t<div class=\"bg section-bg fill bg-fill bg-loaded bg-loaded\" >\n\n\t\t\t\n\t\t\t\n\t\t\t\n\n\t\t<\/div>\n\n\t\t\n\n\t\t<div class=\"section-content relative\">\n\t\t\t\n\n  <div class=\"banner has-hover\" id=\"banner-794493251\">\n          <div class=\"banner-inner fill\">\n        <div class=\"banner-bg fill\" >\n            <div class=\"bg fill bg-fill bg-loaded\"><\/div>\n                        <div class=\"overlay\"><\/div>            \n                    <\/div>\n\t\t\n        <div class=\"banner-layers container\">\n            <div class=\"fill banner-link\"><\/div>            \n   <div id=\"text-box-1450758297\" class=\"text-box banner-layer x5 md-x5 lg-x5 y50 md-y50 lg-y50 res-text\">\n                     <div data-animate=\"none\">           <div class=\"text-box-content text box-shadow-3\">\n              \n              <div class=\"text-inner text-left\">\n                  \n<h2 class=\"uppercase\"><strong>GI\u1edaI THI\u1ec6U<\/strong><\/h2>\n<h3>Cty DOME TTC<\/h3>\n<p><strong>C\u00f4ng ty TNHH DOME TTC <\/strong> chuy\u00ean cung c\u1ea5p d\u1ecbch v\u1ee5 t\u01b0 v\u1ea5n lu\u1eadt, th\u1ee7 t\u1ee5c \u0111\u1ea7u t\u01b0, ph\u00e1p l\u00fd doanh nghi\u1ec7p, lao \u0111\u1ed9ng\u2026 cho nh\u00e0 \u0111\u1ea7u t\u01b0 trong v\u00e0 ngo\u00e0i n\u01b0\u1edbc t\u1ea1i Vi\u1ec7t Nam.<\/p>\n              <\/div>\n           <\/div>\n       <\/div>                     \n<style>\n#text-box-1450758297 .text-box-content {\n  background-color: rgba(255, 255, 255, 0.75);\n  font-size: 100%;\n}\n#text-box-1450758297 .text-inner {\n  padding: 30px 30px 30px 30px;\n}\n#text-box-1450758297 {\n  width: 90%;\n}\n@media (min-width:550px) {\n  #text-box-1450758297 {\n    width: 52%;\n  }\n}\n<\/style>\n    <\/div>\n \n        <\/div>\n      <\/div>\n\n            \n<style>\n#banner-794493251 {\n  padding-top: 282px;\n}\n#banner-794493251 .bg.bg-loaded {\n  background-image: url(https:\/\/pluginviet.com\/mau14\/wp-content\/uploads\/2022\/08\/unnamed-file-1200x800.jpeg);\n}\n#banner-794493251 .overlay {\n  background-color: rgba(190, 190, 190, 0.2);\n}\n#banner-794493251 .ux-shape-divider--top svg {\n  height: 150px;\n  --divider-top-width: 100%;\n}\n#banner-794493251 .ux-shape-divider--bottom svg {\n  height: 150px;\n  --divider-width: 100%;\n}\n@media (min-width:550px) {\n  #banner-794493251 {\n    padding-top: 500px;\n  }\n}\n<\/style>\n  <\/div>\n\n\n\t\t<\/div>\n\n\t\t\n<style>\n#section_32538110 {\n  padding-top: 0px;\n  padding-bottom: 0px;\n}\n#section_32538110 .ux-shape-divider--top svg {\n  height: 150px;\n  --divider-top-width: 100%;\n}\n#section_32538110 .ux-shape-divider--bottom svg {\n  height: 150px;\n  --divider-width: 100%;\n}\n<\/style>\n\t<\/section>\n\t\n\t<section class=\"section gt02\" id=\"section_31872183\">\n\t\t<div class=\"bg section-bg fill bg-fill bg-loaded bg-loaded\" >\n\n\t\t\t\n\t\t\t\n\t\t\t\n\n\t\t<\/div>\n\n\t\t\n\n\t\t<div class=\"section-content relative\">\n\t\t\t\n<div class=\"row\"  id=\"row-886857360\">\n\n\t<div id=\"col-2126539369\" class=\"col medium-6 small-12 large-6\"  >\n\t\t\t\t<div class=\"col-inner\"  >\n\t\t\t\n\t\t\t\n\t<div class=\"img has-hover x md-x lg-x y md-y lg-y\" id=\"image_201318621\">\n\t\t\t\t\t\t\t\t<div class=\"img-inner dark\" >\n\t\t\t<img width=\"973\" height=\"1250\" src=\"https:\/\/pluginviet.com\/mau14\/wp-content\/uploads\/2022\/08\/nhan-vien-tu-van-img.jpeg\" class=\"attachment-original size-original\" alt=\"\" decoding=\"async\" loading=\"lazy\" srcset=\"https:\/\/pluginviet.com\/mau14\/wp-content\/uploads\/2022\/08\/nhan-vien-tu-van-img.jpeg 973w, https:\/\/pluginviet.com\/mau14\/wp-content\/uploads\/2022\/08\/nhan-vien-tu-van-img-311x400.jpeg 311w, https:\/\/pluginviet.com\/mau14\/wp-content\/uploads\/2022\/08\/nhan-vien-tu-van-img-623x800.jpeg 623w, https:\/\/pluginviet.com\/mau14\/wp-content\/uploads\/2022\/08\/nhan-vien-tu-van-img-768x987.jpeg 768w\" sizes=\"(max-width: 973px) 100vw, 973px\" \/>\t\t\t\t\t\t\n\t\t\t\t\t<\/div>\n\t\t\t\t\t\t\t\t\n<style>\n#image_201318621 {\n  width: 100%;\n}\n<\/style>\n\t<\/div>\n\t\n\t\t<\/div>\n\t\t\t\t\t<\/div>\n\n\t\n\n\t<div id=\"col-698151998\" class=\"col medium-6 small-12 large-6\"  >\n\t\t\t\t<div class=\"col-inner\"  >\n\t\t\t\n\t\t\t\n<h2>\u0110\u00f4i n\u00e9t v\u1ec1 c\u00f4ng ty<\/h2>\n<p><strong>C\u00f4ng ty TNHH DOME TTC<\/strong>\u00a0chuy\u00ean cung c\u1ea5p c\u00e1c d\u1ecbch v\u1ee5 K\u1ebf to\u00e1n, T\u01b0 v\u1ea5n thu\u1ebf, T\u01b0 v\u1ea5n kinh doanh, \u0110\u00e0o t\u1ea1o \u2013 Cho thu\u00ea nh\u00e2n s\u1ef1 k\u1ebf to\u00e1n v\u00e0 x\u00e2y d\u1ef1ng h\u1ec7 th\u1ed1ng qua\u0309n tr\u1ecb doanh nghi\u1ec7p. D\u1ecbch v\u1ee5 do DOME TTC cung c\u1ea5p d\u1ef1a tr\u00ean c\u01a1 s\u1edf tu\u00e2n th\u1ee7 c\u00e1c chu\u1ea9n m\u1ef1c thu\u1ebf c\u00f9ng v\u1edbi nh\u1eefng nguy\u00ean t\u1eafc \u0111\u1ea1o \u0111\u1ee9c ngh\u1ec1 nghi\u1ec7p, ch\u00fang t\u00f4i lu\u00f4n cam k\u1ebft \u0111\u1ea3m b\u1ea3o an to\u00e0n v\u00e0 b\u1ea3o m\u1eadt s\u1ed1 li\u1ec7u cho kh\u00e1ch h\u00e0ng.<\/p>\n<p>V\u1edbi m\u1ed9t \u0111\u1ed9i ng\u0169 chuy\u00ean nghi\u1ec7p, ch\u00fang t\u00f4i mong mu\u1ed1n mang \u0111\u00ea\u0301n kh\u00e1ch h\u00e0ng nh\u1eefng d\u1ecbch v\u1ee5 ch\u1ea5t l\u01b0\u1ee3ng h\u00e0ng \u0111\u1ea7u b\u1eb1ng phong c\u00e1ch ph\u1ee5c v\u1ee5 chuy\u00ean nghi\u1ec7p, hi\u1ec3u bi\u1ebft s\u00e2u s\u1eafc v\u1ec1 th\u1ecb tr\u01b0\u1eddng n\u1ed9i \u0111\u1ecba v\u00e0 qu\u1ed1c t\u1ebf, kinh nghi\u1ec7m l\u00e0m vi\u1ec7c l\u00e2u n\u0103m v\u00e0 \u0111\u1ed9 tin c\u1eady cao.<\/p>\n<blockquote>\n<h3><strong>D\u1ecbch v\u1ee5 t\u1eadn t\u00e2m, gi\u1ea3i ph\u00e1p t\u1ed1i \u01b0u, hi\u1ec7u qu\u1ea3 v\u00e0 g\u1eafn k\u1ebft b\u1ec1n l\u00e2u.<\/strong><\/h3>\n<\/blockquote>\n<h3>S\u1ee9 m\u1ec7nh<\/h3>\n<p>Ch\u00fang t\u00f4i lu\u00f4n mong mu\u1ed1n \u0111\u01b0\u1ee3c \u0111\u1ed3ng h\u00e0nh c\u00f9ng s\u1ef1 ph\u00e1t tri\u1ec3n c\u1ee7a doanh nghi\u1ec7p, h\u1ed7 tr\u1ee3 doanh nghi\u1ec7p gi\u1ea3i quy\u1ebft c\u00e1c v\u1ea5n \u0111\u1ec1 v\u1ec1 ph\u00e1p l\u00fd, k\u1ebf to\u00e1n, thu\u1ebf t\u1eeb \u0111\u00f3 gi\u00fap doanh nghi\u1ec7p an t\u00e2m th\u1ef1c hi\u1ec7n hi\u1ec7u qu\u1ea3 c\u00e1c ho\u1ea1t \u0111\u1ed9ng kinh doanh.<\/p>\n<h3>T\u1ea7m nh\u00ecn \u2013 M\u1ee5c ti\u00eau<\/h3>\n<p>Tr\u1edf th\u00e0nh c\u00f4ng ty cung c\u1ea5p c\u00e1c d\u1ecbch v\u1ee5 ph\u00e1p l\u00fd ch\u1ea5t l\u01b0\u1ee3ng \u2013 uy t\u00edn \u2013 chuy\u00ean nghi\u1ec7p v\u00e0 l\u00e0 l\u1ef1a ch\u1ecdn h\u00e0ng \u0111\u1ea7u c\u1ee7a c\u00e1c doanh nghi\u1ec7p.<\/p>\n\t\t<\/div>\n\t\t\t\t\t<\/div>\n\n\t\n<\/div>\n\t\t<\/div>\n\n\t\t\n<style>\n#section_31872183 {\n  padding-top: 30px;\n  padding-bottom: 30px;\n}\n#section_31872183 .ux-shape-divider--top svg {\n  height: 150px;\n  --divider-top-width: 100%;\n}\n#section_31872183 .ux-shape-divider--bottom svg {\n  height: 150px;\n  --divider-width: 100%;\n}\n<\/style>\n\t<\/section>\n\t\n<div class=\"row\"  id=\"row-1410478674\">\n\n\t<div id=\"col-77056841\" class=\"col small-12 large-12\"  >\n\t\t\t\t<div class=\"col-inner\"  >\n\t\t\t\n\t\t\t\n\t<div id=\"text-243232568\" class=\"text\">\n\t\t\n<h1>L\u00dd DO CH\u1eccN CH\u00daNG T\u00d4I<\/h1>\n\t\t\n<style>\n#text-243232568 {\n  text-align: center;\n}\n<\/style>\n\t<\/div>\n\t\n\t\t<\/div>\n\t\t\t\t\t<\/div>\n\n\t\n\n<style>\n#row-1410478674 > .col > .col-inner {\n  padding: 0px 0px -px 0px;\n}\n<\/style>\n<\/div>\n\t<section class=\"section gt03 has-parallax\" id=\"section_1253363235\">\n\t\t<div class=\"bg section-bg fill bg-fill bg-loaded \" data-parallax-container=\".section\" data-parallax-background data-parallax=\"-5\">\n\n\t\t\t\n\t\t\t\n\t\t\t\n\n\t\t<\/div>\n\n\t\t\n\n\t\t<div class=\"section-content relative\">\n\t\t\t\n<div class=\"row\"  id=\"row-490048918\">\n\n\t<div id=\"col-42838337\" class=\"col medium-6 small-12 large-6\"  >\n\t\t\t\t<div class=\"col-inner\"  >\n\t\t\t\n\t\t\t\n\n\t\t<div class=\"icon-box featured-box icon-box-center text-center\"  >\n\t\t\t\t\t<div class=\"icon-box-img\" style=\"width: 80px\">\n\t\t\t\t<div class=\"icon\">\n\t\t\t\t\t<div class=\"icon-inner\" >\n\t\t\t\t\t\t<img width=\"80\" height=\"80\" src=\"https:\/\/pluginviet.com\/mau14\/wp-content\/uploads\/2022\/08\/icon1.png\" class=\"attachment-medium size-medium\" alt=\"\" decoding=\"async\" loading=\"lazy\" \/>\t\t\t\t\t<\/div>\n\t\t\t\t<\/div>\n\t\t\t<\/div>\n\t\t\t\t<div class=\"icon-box-text last-reset\">\n\t\t\t\t\t\t\t\t\t\n<h3>D\u1ecaCH V\u1ee4 CHUY\u00caN NGHI\u1ec6P<\/h3>\n<p>Ch\u00fang t\u00f4i lu\u00f4n duy tr\u00ec chu\u1ea9n m\u1ef1c \u0111\u1ea1o \u0111\u1ee9c ngh\u1ec1 nghi\u1ec7p \u1edf m\u1ee9c cao nh\u1ea5t trong s\u1ef1 h\u1ee3p t\u00e1c c\u1ee7a ch\u00fang t\u00f4i v\u1edbi kh\u00e1ch h\u00e0ng, \u0111\u1ed3ng nghi\u1ec7p v\u00e0 \u0111\u1ed1i t\u00e1c kinh doanh. Ch\u00fang t\u00f4i mang \u0111\u1ebfn d\u1ecbch v\u1ee5 t\u1ed1t nh\u1ea5t c\u00f3 th\u1ec3, v\u00e0 \u0111\u00e1p \u1ee9ng mong \u0111\u1ee3i c\u1ee7a kh\u00e1ch h\u00e0ng v\u1ec1 th\u1eddi gian, ch\u1ea5t l\u01b0\u1ee3ng v\u1edbi m\u1ed9t m\u1ee9c ph\u00ed c\u1ea1nh tranh trong t\u1eebng d\u1ecbch v\u1ee5.<\/p>\n<blockquote>\n<p><strong>Ch\u00fang t\u00f4i mang l\u1ea1i s\u1ef1 h\u00e0i l\u00f2ng v\u00e0 tin c\u1eady.<\/strong><\/p>\n<\/blockquote>\n\t\t<\/div>\n\t<\/div>\n\t\n\t\n\t\t<\/div>\n\t\t\t\t\t<\/div>\n\n\t\n\n\t<div id=\"col-1336690114\" class=\"col medium-6 small-12 large-6\"  >\n\t\t\t\t<div class=\"col-inner\"  >\n\t\t\t\n\t\t\t\n\n\t\t<div class=\"icon-box featured-box icon-box-center text-center\"  >\n\t\t\t\t\t<div class=\"icon-box-img\" style=\"width: 80px\">\n\t\t\t\t<div class=\"icon\">\n\t\t\t\t\t<div class=\"icon-inner\" >\n\t\t\t\t\t\t<img width=\"80\" height=\"81\" src=\"https:\/\/pluginviet.com\/mau14\/wp-content\/uploads\/2022\/08\/icon2.png\" class=\"attachment-medium size-medium\" alt=\"\" decoding=\"async\" loading=\"lazy\" \/>\t\t\t\t\t<\/div>\n\t\t\t\t<\/div>\n\t\t\t<\/div>\n\t\t\t\t<div class=\"icon-box-text last-reset\">\n\t\t\t\t\t\t\t\t\t\n<h3>H\u01af\u1edaNG \u0110\u1ebeN KH\u00c1CH H\u00c0NG<\/h3>\n<p>Ch\u00fang t\u00f4i h\u1ee3p t\u00e1c ch\u1eb7t ch\u1ebd v\u1edbi kh\u00e1ch h\u00e0ng, x\u00e1c \u0111\u1ecbnh nhu c\u1ea7u c\u1ee7a h\u1ecd v\u00e0 cung c\u1ea5p gi\u1ea3i ph\u00e1p ph\u00f9 h\u1ee3p cho t\u1eebng c\u00f4ng ty, gi\u00fap \u0111\u1ee1 t\u1ed1i \u0111a \u0111\u1ec3 tr\u00e1nh nh\u1eefng r\u1ee7i ro ti\u1ec1m t\u00e0ng. Hi\u1ec3u bi\u1ebft t\u01b0\u1eddng t\u1eadn nhu c\u1ea7u c\u1ee7a kh\u00e1ch h\u00e0ng t\u1ea1o n\u00ean s\u1ef1 ph\u00e1t tri\u1ec3n li\u00ean t\u1ee5c c\u00f3 th\u1ec3 v\u00e0 kh\u00f4ng ng\u1eebng \u0111\u1ed5i m\u1edbi d\u1ecbch v\u1ee5 c\u1ee7a ch\u00fang t\u00f4i.<\/p>\n<blockquote>\n<p><strong>Ch\u00fang t\u00f4i m\u1edf ra c\u01a1 h\u1ed9i, v\u00e0 t\u1eadp trung v\u00e0o s\u1ef1 ph\u00e1t tri\u1ec3n b\u1ec1n v\u1eefng trong t\u01b0\u01a1ng lai.<\/strong><\/p>\n<\/blockquote>\n\t\t<\/div>\n\t<\/div>\n\t\n\t\n\t\t<\/div>\n\t\t\t\t\t<\/div>\n\n\t\n\n\t<div id=\"col-1866118493\" class=\"col medium-6 small-12 large-6\"  >\n\t\t\t\t<div class=\"col-inner\"  >\n\t\t\t\n\t\t\t\n\n\t\t<div class=\"icon-box featured-box icon-box-center text-center\"  >\n\t\t\t\t\t<div class=\"icon-box-img\" style=\"width: 80px\">\n\t\t\t\t<div class=\"icon\">\n\t\t\t\t\t<div class=\"icon-inner\" >\n\t\t\t\t\t\t<img width=\"80\" height=\"80\" src=\"https:\/\/pluginviet.com\/mau14\/wp-content\/uploads\/2022\/08\/icon3.png\" class=\"attachment-medium size-medium\" alt=\"\" decoding=\"async\" loading=\"lazy\" \/>\t\t\t\t\t<\/div>\n\t\t\t\t<\/div>\n\t\t\t<\/div>\n\t\t\t\t<div class=\"icon-box-text last-reset\">\n\t\t\t\t\t\t\t\t\t\n<h3>\u0110\u1ecaNH H\u01af\u1edaNG HO\u1ea0T \u0110\u1ed8NG<\/h3>\n<p>Kh\u00f4ng ch\u1ec9 d\u1eebng l\u1ea1i \u1edf vi\u1ec7c ph\u00e1t tri\u1ec3n d\u1ecbch v\u1ee5, ch\u00fang t\u00f4i c\u00f2n quan t\u00e2m \u0111\u1ebfn t\u00ednh hi\u1ec7u qu\u1ea3 trong t\u1eebng ho\u1ea1t \u0111\u1ed9ng li\u00ean quan \u0111\u1ebfn doanh nghi\u1ec7p. Ch\u00fang t\u00f4i mang l\u1ea1i nh\u1eefng ti\u1ec7n \u00edch cho kh\u00e1ch h\u00e0ng d\u1ef1a tr\u00ean s\u1ef1 ph\u00e1t tri\u1ec3n c\u1ee7a c\u00f4ng ngh\u1ec7 th\u00f4ng tin va\u0300 khoa ho\u0323c qua\u0309n ly\u0301. H\u1ed7 tr\u1ee3 x\u00e2y d\u1ef1ng h\u1ec7 th\u1ed1ng qu\u1ea3n l\u00fd s\u00f4\u0301 li\u00ea\u0323u va\u0300 t\u01b0 v\u00e2\u0301n to\u00e0n di\u1ec7n tr\u1ef1c tuy\u1ebfn 24\/24.<\/p>\n<blockquote>\n<p><strong>Ch\u00fang t\u00f4i mang \u0111\u1ebfn gi\u1ea3i ph\u00e1p ti\u1ec7n l\u1ee3i v\u00e0 ti\u1ebft ki\u1ec7m th\u1eddi gian va\u0300 chi phi\u0301.<\/strong><\/p>\n<\/blockquote>\n\t\t<\/div>\n\t<\/div>\n\t\n\t\n\t\t<\/div>\n\t\t\t\t\t<\/div>\n\n\t\n\n\t<div id=\"col-644592550\" class=\"col medium-6 small-12 large-6\"  >\n\t\t\t\t<div class=\"col-inner\"  >\n\t\t\t\n\t\t\t\n\n\t\t<div class=\"icon-box featured-box icon-box-center text-center\"  >\n\t\t\t\t\t<div class=\"icon-box-img\" style=\"width: 80px\">\n\t\t\t\t<div class=\"icon\">\n\t\t\t\t\t<div class=\"icon-inner\" >\n\t\t\t\t\t\t<img width=\"80\" height=\"85\" src=\"https:\/\/pluginviet.com\/mau14\/wp-content\/uploads\/2022\/08\/icon4.png\" class=\"attachment-medium size-medium\" alt=\"\" decoding=\"async\" loading=\"lazy\" \/>\t\t\t\t\t<\/div>\n\t\t\t\t<\/div>\n\t\t\t<\/div>\n\t\t\t\t<div class=\"icon-box-text last-reset\">\n\t\t\t\t\t\t\t\t\t\n<h3>AN TO\u00c0N V\u00c0 TUY\u1ec6T M\u1eacT TH\u00d4NG TIN<\/h3>\n<p>Tri\u1ebft l\u00fd b\u1ea3o m\u1eadt c\u1ee7a ch\u00fang t\u00f4i l\u00e0 m\u1ed9t nguy\u00ean t\u1eafc mang \u0111\u00ea\u0301n c\u00e1c gi\u00e1 tr\u1ecb c\u1ed1t l\u1ed7i. Ch\u00fang t\u00f4i cam k\u1ebft b\u1ea3o m\u1eadt th\u00f4ng tin m\u1ed9t c\u00e1ch to\u00e0n di\u1ec7n b\u00ean c\u1ea1nh vi\u1ec7c \u1ee9ng d\u1ee5ng c\u00f4ng ngh\u1ec7 \u0111\u1ec3 nh\u1eadn \u0111\u01b0\u1ee3c s\u1ef1 an t\u00e2m tuy\u1ec7t \u0111\u1ed1i t\u1eeb kh\u00e1ch h\u00e0ng.<\/p>\n<blockquote>\n<p><strong>Ch\u00fang t\u00f4i mang \u0111\u1ebfn gi\u1ea3i ph\u00e1p b\u1ea3o m\u1eadt v\u00e0 s\u01b0\u0323 an toa\u0300n cho kha\u0301ch ha\u0300ng.<\/strong><\/p>\n<\/blockquote>\n\t\t<\/div>\n\t<\/div>\n\t\n\t\n\t\t<\/div>\n\t\t\t\t\t<\/div>\n\n\t\n<\/div>\n\t\t<\/div>\n\n\t\t\n<style>\n#section_1253363235 {\n  padding-top: 30px;\n  padding-bottom: 30px;\n}\n#section_1253363235 .section-bg.bg-loaded {\n  background-image: url(https:\/\/pluginviet.com\/mau14\/wp-content\/uploads\/2022\/08\/background-traidat.png);\n}\n#section_1253363235 .ux-shape-divider--top svg {\n  height: 150px;\n  --divider-top-width: 100%;\n}\n#section_1253363235 .ux-shape-divider--bottom svg {\n  height: 150px;\n  --divider-width: 100%;\n}\n<\/style>\n\t<\/section>\n\t\n","protected":false},"excerpt":{"rendered":"","protected":false},"author":1,"featured_media":0,"parent":0,"menu_order":0,"comment_status":"closed","ping_status":"closed","template":"page-blank.php","meta":[],"yoast_head":"<!-- This site is optimized with the Yoast SEO plugin v20.11 - https:\/\/yoast.com\/wordpress\/plugins\/seo\/ -->\n<title>Gi\u1edbi thi\u1ec7u - Cung c\u1ea5p d\u1ecbch v\u1ee5 ph\u00e1p l\u00fd cho doanh nghi\u1ec7p<\/title>\n<meta name=\"robots\" content=\"index, follow, max-snippet:-1, max-image-preview:large, max-video-preview:-1\" \/>\n<link rel=\"canonical\" href=\"https:\/\/pluginviet.com\/mau14\/gioi-thieu\/\" \/>\n<meta property=\"og:locale\" content=\"vi_VN\" \/>\n<meta property=\"og:type\" content=\"article\" \/>\n<meta property=\"og:title\" content=\"Gi\u1edbi thi\u1ec7u - Cung c\u1ea5p d\u1ecbch v\u1ee5 ph\u00e1p l\u00fd cho doanh nghi\u1ec7p\" \/>\n<meta property=\"og:url\" content=\"https:\/\/pluginviet.com\/mau14\/gioi-thieu\/\" \/>\n<meta property=\"og:site_name\" content=\"Cung c\u1ea5p d\u1ecbch v\u1ee5 ph\u00e1p l\u00fd cho doanh nghi\u1ec7p\" \/>\n<meta property=\"article:modified_time\" content=\"2022-08-07T03:11:27+00:00\" \/>\n<meta name=\"twitter:card\" content=\"summary_large_image\" \/>\n<script type=\"application\/ld+json\" class=\"yoast-schema-graph\">{\"@context\":\"https:\/\/schema.org\",\"@graph\":[{\"@type\":\"WebPage\",\"@id\":\"https:\/\/pluginviet.com\/mau14\/gioi-thieu\/\",\"url\":\"https:\/\/pluginviet.com\/mau14\/gioi-thieu\/\",\"name\":\"Gi\u1edbi thi\u1ec7u - Cung c\u1ea5p d\u1ecbch v\u1ee5 ph\u00e1p l\u00fd cho doanh nghi\u1ec7p\",\"isPartOf\":{\"@id\":\"https:\/\/pluginviet.com\/mau14\/#website\"},\"datePublished\":\"2019-03-06T08:02:34+00:00\",\"dateModified\":\"2022-08-07T03:11:27+00:00\",\"breadcrumb\":{\"@id\":\"https:\/\/pluginviet.com\/mau14\/gioi-thieu\/#breadcrumb\"},\"inLanguage\":\"vi\",\"potentialAction\":[{\"@type\":\"ReadAction\",\"target\":[\"https:\/\/pluginviet.com\/mau14\/gioi-thieu\/\"]}]},{\"@type\":\"BreadcrumbList\",\"@id\":\"https:\/\/pluginviet.com\/mau14\/gioi-thieu\/#breadcrumb\",\"itemListElement\":[{\"@type\":\"ListItem\",\"position\":1,\"name\":\"Trang ch\u1ee7\",\"item\":\"https:\/\/pluginviet.com\/mau14\/\"},{\"@type\":\"ListItem\",\"position\":2,\"name\":\"Gi\u1edbi thi\u1ec7u\"}]},{\"@type\":\"WebSite\",\"@id\":\"https:\/\/pluginviet.com\/mau14\/#website\",\"url\":\"https:\/\/pluginviet.com\/mau14\/\",\"name\":\"Cung c\u1ea5p d\u1ecbch v\u1ee5 ph\u00e1p l\u00fd cho doanh nghi\u1ec7p\",\"description\":\"\",\"potentialAction\":[{\"@type\":\"SearchAction\",\"target\":{\"@type\":\"EntryPoint\",\"urlTemplate\":\"https:\/\/pluginviet.com\/mau14\/?s={search_term_string}\"},\"query-input\":\"required name=search_term_string\"}],\"inLanguage\":\"vi\"}]}<\/script>\n<!-- \/ Yoast SEO plugin. -->","yoast_head_json":{"title":"Gi\u1edbi thi\u1ec7u - Cung c\u1ea5p d\u1ecbch v\u1ee5 ph\u00e1p l\u00fd cho doanh nghi\u1ec7p","robots":{"index":"index","follow":"follow","max-snippet":"max-snippet:-1","max-image-preview":"max-image-preview:large","max-video-preview":"max-video-preview:-1"},"canonical":"https:\/\/pluginviet.com\/mau14\/gioi-thieu\/","og_locale":"vi_VN","og_type":"article","og_title":"Gi\u1edbi thi\u1ec7u - Cung c\u1ea5p d\u1ecbch v\u1ee5 ph\u00e1p l\u00fd cho doanh nghi\u1ec7p","og_url":"https:\/\/pluginviet.com\/mau14\/gioi-thieu\/","og_site_name":"Cung c\u1ea5p d\u1ecbch v\u1ee5 ph\u00e1p l\u00fd cho doanh nghi\u1ec7p","article_modified_time":"2022-08-07T03:11:27+00:00","twitter_card":"summary_large_image","schema":{"@context":"https:\/\/schema.org","@graph":[{"@type":"WebPage","@id":"https:\/\/pluginviet.com\/mau14\/gioi-thieu\/","url":"https:\/\/pluginviet.com\/mau14\/gioi-thieu\/","name":"Gi\u1edbi thi\u1ec7u - Cung c\u1ea5p d\u1ecbch v\u1ee5 ph\u00e1p l\u00fd cho doanh nghi\u1ec7p","isPartOf":{"@id":"https:\/\/pluginviet.com\/mau14\/#website"},"datePublished":"2019-03-06T08:02:34+00:00","dateModified":"2022-08-07T03:11:27+00:00","breadcrumb":{"@id":"https:\/\/pluginviet.com\/mau14\/gioi-thieu\/#breadcrumb"},"inLanguage":"vi","potentialAction":[{"@type":"ReadAction","target":["https:\/\/pluginviet.com\/mau14\/gioi-thieu\/"]}]},{"@type":"BreadcrumbList","@id":"https:\/\/pluginviet.com\/mau14\/gioi-thieu\/#breadcrumb","itemListElement":[{"@type":"ListItem","position":1,"name":"Trang ch\u1ee7","item":"https:\/\/pluginviet.com\/mau14\/"},{"@type":"ListItem","position":2,"name":"Gi\u1edbi thi\u1ec7u"}]},{"@type":"WebSite","@id":"https:\/\/pluginviet.com\/mau14\/#website","url":"https:\/\/pluginviet.com\/mau14\/","name":"Cung c\u1ea5p d\u1ecbch v\u1ee5 ph\u00e1p l\u00fd cho doanh nghi\u1ec7p","description":"","potentialAction":[{"@type":"SearchAction","target":{"@type":"EntryPoint","urlTemplate":"https:\/\/pluginviet.com\/mau14\/?s={search_term_string}"},"query-input":"required name=search_term_string"}],"inLanguage":"vi"}]}},"_links":{"self":[{"href":"https:\/\/pluginviet.com\/mau14\/wp-json\/wp\/v2\/pages\/508"}],"collection":[{"href":"https:\/\/pluginviet.com\/mau14\/wp-json\/wp\/v2\/pages"}],"about":[{"href":"https:\/\/pluginviet.com\/mau14\/wp-json\/wp\/v2\/types\/page"}],"author":[{"embeddable":true,"href":"https:\/\/pluginviet.com\/mau14\/wp-json\/wp\/v2\/users\/1"}],"replies":[{"embeddable":true,"href":"https:\/\/pluginviet.com\/mau14\/wp-json\/wp\/v2\/comments?post=508"}],"version-history":[{"count":28,"href":"https:\/\/pluginviet.com\/mau14\/wp-json\/wp\/v2\/pages\/508\/revisions"}],"predecessor-version":[{"id":1997,"href":"https:\/\/pluginviet.com\/mau14\/wp-json\/wp\/v2\/pages\/508\/revisions\/1997"}],"wp:attachment":[{"href":"https:\/\/pluginviet.com\/mau14\/wp-json\/wp\/v2\/media?parent=508"}],"curies":[{"name":"wp","href":"https:\/\/api.w.org\/{rel}","templated":true}]}}