{"id":3173,"date":"2021-05-05T20:47:54","date_gmt":"2021-05-05T20:47:54","guid":{"rendered":"http:\/\/khomaudep.com\/demo\/?post_type=product&#038;p=3173"},"modified":"2021-05-09T05:59:23","modified_gmt":"2021-05-09T05:59:23","slug":"n221-030007-bo-lung-thun-3","status":"publish","type":"product","link":"https:\/\/pluginviet.com\/mau10\/san-pham\/n221-030007-bo-lung-thun-3\/","title":{"rendered":"N221-030007 b\u1ed9 l\u1eedng thun"},"content":{"rendered":"<p><strong>T\u00ean s\u1ea3n ph\u1ea9m<\/strong>: N221-030005 B\u1ed8 L\u1eecNG THUN<\/p>\n<p><strong>M\u00e3 s\u1ea3n ph\u1ea9m<\/strong>: N221-030005<\/p>\n<p><strong>Ch\u1ea5t li\u1ec7u<\/strong>: V\u1ea3i 4 chi\u1ec1u 100% cotton<\/p>\n<p><strong>H\u1ecda ti\u1ebft<\/strong>: In v\u00e0 may \u0111\u1eafp<\/p>\n<p><strong>Lo\u1ea1i s\u1ea3n ph\u1ea9m<\/strong>: \u0110\u1ed3 b\u1ed9 b\u00e9 trai<\/p>\n<p><strong>Lo\u1ea1i h\u00e0ng h\u00f3a<\/strong>: Qu\u1ea7n \u00e1o b\u00e9 trai<\/p>\n<p><strong>Gi\u1edbi t\u00ednh<\/strong>: B\u00e9 trai<\/p>\n<p><strong>M\u00f9a<\/strong>: S\u1ea3n ph\u1ea9m m\u00f9a h\u00e8<\/p>\n<p><strong>Nh\u00f3m size<\/strong>:<\/p>\n<ul>\n<li>Size (1-10)<\/li>\n<li>Size (11-15)<\/li>\n<li>Size (S-XL)<\/li>\n<\/ul>\n<p><strong>S\u1ed1 l\u01b0\u1ee3ng c\u00f3 s\u1eb5n<\/strong>: 2000pcs<\/p>\n<p><strong>\u0110\u1eb7c t\u00ednh<\/strong>:<\/p>\n<ul>\n<li>R\u00fat m\u1ed3 h\u00f4i t\u1ed1t, gi\u00fap b\u00e9 tha h\u1ed3 v\u1eadn \u0111\u1ed9ng.<\/li>\n<li>M\u1ec1m m\u1ecbn m\u01b0\u1ee3t m\u00e1t.<\/li>\n<li>Co gi\u00e3n 4 chi\u1ec1u<\/li>\n<\/ul>\n<p><strong>Xu\u1ea5t x\u1ee9:\u00a0<\/strong>Vi\u1ec7t Nam<\/p>\n","protected":false},"excerpt":{"rendered":"<div class=\"file\">\n<p><strong>M\u00e3 s\u1ea3n ph\u1ea9m<\/strong>: N221-030005<\/p>\n<p><strong>Size<\/strong>: (1-10), (11-15), (S-XL)<\/p>\n<p><strong>TP chuy\u00ean x\u01b0\u1edfng s\u1ea3n xu\u1ea5t qu\u1ea7n \u00e1o tr\u1ebb em xu\u1ea5t kh\u1ea9u<\/strong><\/p>\n<ul>\n<li>B\u00e1n s\u1ec9, b\u00e1n bu\u00f4n, b\u00e1n nguy\u00ean l\u00f4 qu\u1ea7n \u00e1o tr\u1ebb em xu\u1ea5t kh\u1ea9u<\/li>\n<li>S\u1ea3n xu\u1ea5t theo y\u00eau c\u1ea7u \u0111\u1ed9c quy\u1ec1n c\u1ee7a kh\u00e1ch h\u00e0ng<\/li>\n<\/ul>\n<\/div>\n","protected":false},"featured_media":3158,"comment_status":"open","ping_status":"closed","template":"","meta":[],"product_cat":[15,323,321,322,320,318,319,324],"product_tag":[326,325],"yoast_head":"<!-- This site is optimized with the Yoast SEO plugin v20.11 - https:\/\/yoast.com\/wordpress\/plugins\/seo\/ -->\n<title>N221-030007 b\u1ed9 l\u1eedng thun - tongkhobanbuon<\/title>\n<meta name=\"robots\" content=\"index, follow, max-snippet:-1, max-image-preview:large, max-video-preview:-1\" \/>\n<link rel=\"canonical\" href=\"https:\/\/pluginviet.com\/mau10\/san-pham\/n221-030007-bo-lung-thun-3\/\" \/>\n<meta property=\"og:locale\" content=\"vi_VN\" \/>\n<meta property=\"og:type\" content=\"article\" \/>\n<meta property=\"og:title\" content=\"N221-030007 b\u1ed9 l\u1eedng thun - tongkhobanbuon\" \/>\n<meta property=\"og:description\" content=\"M\u00e3 s\u1ea3n ph\u1ea9m: N221-030005  Size: (1-10), (11-15), (S-XL)  TP chuy\u00ean x\u01b0\u1edfng s\u1ea3n xu\u1ea5t qu\u1ea7n \u00e1o tr\u1ebb em xu\u1ea5t kh\u1ea9u   B\u00e1n s\u1ec9, b\u00e1n bu\u00f4n, b\u00e1n nguy\u00ean l\u00f4 qu\u1ea7n \u00e1o tr\u1ebb em xu\u1ea5t kh\u1ea9u  S\u1ea3n xu\u1ea5t theo y\u00eau c\u1ea7u \u0111\u1ed9c quy\u1ec1n c\u1ee7a kh\u00e1ch h\u00e0ng\" \/>\n<meta property=\"og:url\" content=\"https:\/\/pluginviet.com\/mau10\/san-pham\/n221-030007-bo-lung-thun-3\/\" \/>\n<meta property=\"og:site_name\" content=\"tongkhobanbuon\" \/>\n<meta property=\"article:modified_time\" content=\"2021-05-09T05:59:23+00:00\" \/>\n<meta property=\"og:image\" content=\"https:\/\/pluginviet.com\/mau10\/wp-content\/uploads\/2021\/05\/bed2c7efdaffd46ad399acb31a8f72ac.jpeg\" \/>\n\t<meta property=\"og:image:width\" content=\"600\" \/>\n\t<meta property=\"og:image:height\" content=\"600\" \/>\n\t<meta property=\"og:image:type\" content=\"image\/jpeg\" \/>\n<meta name=\"twitter:card\" content=\"summary_large_image\" \/>\n<meta name=\"twitter:label1\" content=\"\u01af\u1edbc t\u00ednh th\u1eddi gian \u0111\u1ecdc\" \/>\n\t<meta name=\"twitter:data1\" content=\"1 ph\u00fat\" \/>\n<script type=\"application\/ld+json\" class=\"yoast-schema-graph\">{\"@context\":\"https:\/\/schema.org\",\"@graph\":[{\"@type\":\"WebPage\",\"@id\":\"https:\/\/pluginviet.com\/mau10\/san-pham\/n221-030007-bo-lung-thun-3\/\",\"url\":\"https:\/\/pluginviet.com\/mau10\/san-pham\/n221-030007-bo-lung-thun-3\/\",\"name\":\"N221-030007 b\u1ed9 l\u1eedng thun - tongkhobanbuon\",\"isPartOf\":{\"@id\":\"https:\/\/pluginviet.com\/mau10\/#website\"},\"datePublished\":\"2021-05-05T20:47:54+00:00\",\"dateModified\":\"2021-05-09T05:59:23+00:00\",\"breadcrumb\":{\"@id\":\"https:\/\/pluginviet.com\/mau10\/san-pham\/n221-030007-bo-lung-thun-3\/#breadcrumb\"},\"inLanguage\":\"vi\",\"potentialAction\":[{\"@type\":\"ReadAction\",\"target\":[\"https:\/\/pluginviet.com\/mau10\/san-pham\/n221-030007-bo-lung-thun-3\/\"]}]},{\"@type\":\"BreadcrumbList\",\"@id\":\"https:\/\/pluginviet.com\/mau10\/san-pham\/n221-030007-bo-lung-thun-3\/#breadcrumb\",\"itemListElement\":[{\"@type\":\"ListItem\",\"position\":1,\"name\":\"Trang ch\u1ee7\",\"item\":\"https:\/\/pluginviet.com\/mau10\/\"},{\"@type\":\"ListItem\",\"position\":2,\"name\":\"Shop\",\"item\":\"https:\/\/pluginviet.com\/mau10\/shop\/\"},{\"@type\":\"ListItem\",\"position\":3,\"name\":\"N221-030007 b\u1ed9 l\u1eedng thun\"}]},{\"@type\":\"WebSite\",\"@id\":\"https:\/\/pluginviet.com\/mau10\/#website\",\"url\":\"https:\/\/pluginviet.com\/mau10\/\",\"name\":\"tongkhobanbuon\",\"description\":\"TP tin t\u01b0\u1edfng v\u00e0o n\u0103ng l\u1ef1c c\u1ee7a m\u00ecnh v\u00e0 t\u1ef1 tin c\u00f3 th\u1ec3 \u0110\u1ed2NG H\u00c0NH C\u00d9NG B\u1ea0N\",\"potentialAction\":[{\"@type\":\"SearchAction\",\"target\":{\"@type\":\"EntryPoint\",\"urlTemplate\":\"https:\/\/pluginviet.com\/mau10\/?s={search_term_string}\"},\"query-input\":\"required name=search_term_string\"}],\"inLanguage\":\"vi\"}]}<\/script>\n<!-- \/ Yoast SEO plugin. -->","yoast_head_json":{"title":"N221-030007 b\u1ed9 l\u1eedng thun - tongkhobanbuon","robots":{"index":"index","follow":"follow","max-snippet":"max-snippet:-1","max-image-preview":"max-image-preview:large","max-video-preview":"max-video-preview:-1"},"canonical":"https:\/\/pluginviet.com\/mau10\/san-pham\/n221-030007-bo-lung-thun-3\/","og_locale":"vi_VN","og_type":"article","og_title":"N221-030007 b\u1ed9 l\u1eedng thun - tongkhobanbuon","og_description":"M\u00e3 s\u1ea3n ph\u1ea9m: N221-030005  Size: (1-10), (11-15), (S-XL)  TP chuy\u00ean x\u01b0\u1edfng s\u1ea3n xu\u1ea5t qu\u1ea7n \u00e1o tr\u1ebb em xu\u1ea5t kh\u1ea9u   B\u00e1n s\u1ec9, b\u00e1n bu\u00f4n, b\u00e1n nguy\u00ean l\u00f4 qu\u1ea7n \u00e1o tr\u1ebb em xu\u1ea5t kh\u1ea9u  S\u1ea3n xu\u1ea5t theo y\u00eau c\u1ea7u \u0111\u1ed9c quy\u1ec1n c\u1ee7a kh\u00e1ch h\u00e0ng","og_url":"https:\/\/pluginviet.com\/mau10\/san-pham\/n221-030007-bo-lung-thun-3\/","og_site_name":"tongkhobanbuon","article_modified_time":"2021-05-09T05:59:23+00:00","og_image":[{"width":600,"height":600,"url":"https:\/\/pluginviet.com\/mau10\/wp-content\/uploads\/2021\/05\/bed2c7efdaffd46ad399acb31a8f72ac.jpeg","type":"image\/jpeg"}],"twitter_card":"summary_large_image","twitter_misc":{"\u01af\u1edbc t\u00ednh th\u1eddi gian \u0111\u1ecdc":"1 ph\u00fat"},"schema":{"@context":"https:\/\/schema.org","@graph":[{"@type":"WebPage","@id":"https:\/\/pluginviet.com\/mau10\/san-pham\/n221-030007-bo-lung-thun-3\/","url":"https:\/\/pluginviet.com\/mau10\/san-pham\/n221-030007-bo-lung-thun-3\/","name":"N221-030007 b\u1ed9 l\u1eedng thun - tongkhobanbuon","isPartOf":{"@id":"https:\/\/pluginviet.com\/mau10\/#website"},"datePublished":"2021-05-05T20:47:54+00:00","dateModified":"2021-05-09T05:59:23+00:00","breadcrumb":{"@id":"https:\/\/pluginviet.com\/mau10\/san-pham\/n221-030007-bo-lung-thun-3\/#breadcrumb"},"inLanguage":"vi","potentialAction":[{"@type":"ReadAction","target":["https:\/\/pluginviet.com\/mau10\/san-pham\/n221-030007-bo-lung-thun-3\/"]}]},{"@type":"BreadcrumbList","@id":"https:\/\/pluginviet.com\/mau10\/san-pham\/n221-030007-bo-lung-thun-3\/#breadcrumb","itemListElement":[{"@type":"ListItem","position":1,"name":"Trang ch\u1ee7","item":"https:\/\/pluginviet.com\/mau10\/"},{"@type":"ListItem","position":2,"name":"Shop","item":"https:\/\/pluginviet.com\/mau10\/shop\/"},{"@type":"ListItem","position":3,"name":"N221-030007 b\u1ed9 l\u1eedng thun"}]},{"@type":"WebSite","@id":"https:\/\/pluginviet.com\/mau10\/#website","url":"https:\/\/pluginviet.com\/mau10\/","name":"tongkhobanbuon","description":"TP tin t\u01b0\u1edfng v\u00e0o n\u0103ng l\u1ef1c c\u1ee7a m\u00ecnh v\u00e0 t\u1ef1 tin c\u00f3 th\u1ec3 \u0110\u1ed2NG H\u00c0NH C\u00d9NG B\u1ea0N","potentialAction":[{"@type":"SearchAction","target":{"@type":"EntryPoint","urlTemplate":"https:\/\/pluginviet.com\/mau10\/?s={search_term_string}"},"query-input":"required name=search_term_string"}],"inLanguage":"vi"}]}},"_links":{"self":[{"href":"https:\/\/pluginviet.com\/mau10\/wp-json\/wp\/v2\/product\/3173"}],"collection":[{"href":"https:\/\/pluginviet.com\/mau10\/wp-json\/wp\/v2\/product"}],"about":[{"href":"https:\/\/pluginviet.com\/mau10\/wp-json\/wp\/v2\/types\/product"}],"replies":[{"embeddable":true,"href":"https:\/\/pluginviet.com\/mau10\/wp-json\/wp\/v2\/comments?post=3173"}],"wp:featuredmedia":[{"embeddable":true,"href":"https:\/\/pluginviet.com\/mau10\/wp-json\/wp\/v2\/media\/3158"}],"wp:attachment":[{"href":"https:\/\/pluginviet.com\/mau10\/wp-json\/wp\/v2\/media?parent=3173"}],"wp:term":[{"taxonomy":"product_cat","embeddable":true,"href":"https:\/\/pluginviet.com\/mau10\/wp-json\/wp\/v2\/product_cat?post=3173"},{"taxonomy":"product_tag","embeddable":true,"href":"https:\/\/pluginviet.com\/mau10\/wp-json\/wp\/v2\/product_tag?post=3173"}],"curies":[{"name":"wp","href":"https:\/\/api.w.org\/{rel}","templated":true}]}}