{"id":2874,"date":"2022-04-01T04:01:26","date_gmt":"2022-04-01T04:01:26","guid":{"rendered":"https:\/\/khomaudep.com\/alvalipstick\/?post_type=product&#038;p=2874"},"modified":"2022-04-01T04:01:26","modified_gmt":"2022-04-01T04:01:26","slug":"son-dior-velvet-720-icone-hong-nau-moi-nhat","status":"publish","type":"product","link":"https:\/\/pluginviet.com\/mau1\/san-pham\/son-dior-velvet-720-icone-hong-nau-moi-nhat\/","title":{"rendered":"Son Dior Velvet 720 Ic\u00f3ne \u2013 H\u1ed3ng N\u00e2u M\u1edaI NH\u1ea4T"},"content":{"rendered":"<h2>Son Dior Velvet 720 Ic\u00f3ne \u2013 H\u1ed3ng N\u00e2u M\u1edaI NH\u1ea4T Dior Rouge Velvet<\/h2>\n<h3>Dior Rouge Velvet 720<\/h3>\n<p>Trong b\u1ea3ng m\u00e0u Dior \u201cchanh s\u1ea3\u201d, Dior 720 Ic\u00f3ne d\u01b0\u1eddng nh\u01b0 ch\u00ednh l\u00e0 \u201cn\u1eef ho\u00e0ng\u201d. M\u00e0u son huy\u1ec1n tho\u1ea1i, \u0111\u01b0\u1ee3c coi l\u00e0 signature c\u1ee7a Dior n\u00e0y t\u00e1i xu\u1ea5t trong m\u1ed9t di\u1ec7n m\u1ea1o m\u1edbi. V\u1eabn l\u00e0 Rouge Dior nh\u01b0ng n\u00e2ng c\u1ea5p ch\u1ea5t son th\u00e0nh Velvet, khi\u1ebfn b\u1edd m\u00f4i m\u1ec1m m\u1ea1i nh\u01b0 nhung. C\u1ef1c ph\u1ea9m xu\u1ea5t s\u1eafc, nh\u1ea5t \u0111\u1ecbnh m\u1ecdi c\u00f4 n\u00e0ng \u0111\u1ec1u n\u00ean c\u00f3 trong t\u1ee7 \u0111\u1ed3, ch\u00ednh l\u00e0\u00a0<strong>son Dior 720\u00a0<\/strong>M\u1edaI NH\u1ea4T n\u00e0y!<\/p>\n<figure id=\"attachment_2879\" aria-describedby=\"caption-attachment-2879\" style=\"width: 800px\" class=\"wp-caption aligncenter\"><img decoding=\"async\" loading=\"lazy\" class=\"wp-image-2879 size-full\" src=\"https:\/\/khomaudep.com\/alvalipstick\/wp-content\/uploads\/2022\/04\/dior720.1.jpg\" alt=\"\" width=\"800\" height=\"736\" srcset=\"https:\/\/pluginviet.com\/mau1\/wp-content\/uploads\/2022\/04\/dior720.1.jpg 800w, https:\/\/pluginviet.com\/mau1\/wp-content\/uploads\/2022\/04\/dior720.1-435x400.jpg 435w, https:\/\/pluginviet.com\/mau1\/wp-content\/uploads\/2022\/04\/dior720.1-768x707.jpg 768w, https:\/\/pluginviet.com\/mau1\/wp-content\/uploads\/2022\/04\/dior720.1-600x552.jpg 600w\" sizes=\"(max-width: 800px) 100vw, 800px\" \/><figcaption id=\"caption-attachment-2879\" class=\"wp-caption-text\">Dior Velvet 720 Ic\u00f3ne \u2013 tuy\u1ec7t ph\u1ea9m Dior m\u1edbi<\/figcaption><\/figure>\n<h2>\u201cN\u1eef th\u1ea7n\u201d th\u1ebf h\u1ec7 m\u1edbi c\u1ee7a Dior, v\u1eabn l\u00e0 son Dior 720 Ic\u00f3ne nh\u01b0ng l\u1ea1i l\u00e0 Rouge Velvet<\/h2>\n<h3>H\u1ed2NG N\u00c2U c\u1ee7a son Dior 720 Ic\u00f3ne Velvet khi\u1ebfn ai c\u0169ng \u201c\u0111\u1ed5 r\u1ea7m\u201d<\/h3>\n<p>N\u1ebfu ch\u01b0a t\u00ecm \u0111\u01b0\u1ee3c m\u1ed9t s\u1eafc h\u1ed3ng n\u00e2u ho\u00e0n h\u1ea3o nh\u1ea5t, ph\u00f9 h\u1ee3p nh\u1ea5t, n\u00e0ng h\u00e3y n\u00ean th\u1eed\u00a0<strong>Dior m\u00e0u 720\u00a0<\/strong>xem sao! M\u1ed9t t\u00f4ng h\u1ed3ng \u0111\u01b0\u1ee3c m\u00f4 t\u1ea3 l\u00e0\u00a0<em>nude rosewood\u00a0<\/em>\u2013 h\u1ed3ng n\u00e2u g\u1ed7, khi\u1ebfn bao ng\u01b0\u1eddi t\u00f2 m\u00f2, mu\u1ed1n kh\u00e1m ph\u00e1.\u00a0<strong>Son Dior Ic\u00f3ne\u00a0<\/strong>c\u00f3 h\u1ed3ng, c\u00f3 n\u00e2u, pha ch\u00fat cam nh\u1eb9 n\u00ean thanh tho\u00e1t v\u00e0 m\u01a1 m\u00e0ng h\u01a1n h\u1eb3n. Son t\u00f4n da, h\u1ee3p d\u00f9ng h\u00e0ng ng\u00e0y, \u1ee9ng d\u1ee5ng \u0111\u01b0\u1ee3c nhi\u1ec1u phong c\u00e1ch th\u1eddi trang kh\u00e1c nhau.<\/p>\n<figure id=\"attachment_2878\" aria-describedby=\"caption-attachment-2878\" style=\"width: 800px\" class=\"wp-caption aligncenter\"><img decoding=\"async\" loading=\"lazy\" class=\"wp-image-2878 size-full\" src=\"https:\/\/khomaudep.com\/alvalipstick\/wp-content\/uploads\/2022\/04\/dior720.2.jpg\" alt=\"\" width=\"800\" height=\"533\" srcset=\"https:\/\/pluginviet.com\/mau1\/wp-content\/uploads\/2022\/04\/dior720.2.jpg 800w, https:\/\/pluginviet.com\/mau1\/wp-content\/uploads\/2022\/04\/dior720.2-600x400.jpg 600w, https:\/\/pluginviet.com\/mau1\/wp-content\/uploads\/2022\/04\/dior720.2-768x512.jpg 768w\" sizes=\"(max-width: 800px) 100vw, 800px\" \/><figcaption id=\"caption-attachment-2878\" class=\"wp-caption-text\">Dior Velvet 720 Ic\u00f3ne h\u1ed3ng n\u00e2u m\u0129 mi\u1ec1u<\/figcaption><\/figure>\n<h3>Ngo\u1ea1i h\u00ecnh chanh x\u1ea3 c\u1ee7a son Dior 720 Ic\u00f3ne Velvet v\u1edbi nh\u1eefng d\u1ea5u \u1ea5n m\u1edbi<\/h3>\n<p>Hi\u1ec7n \u0111\u1ea1i v\u00e0 sang tr\u1ecdng h\u01a1n bao gi\u1edd h\u1ebft, phi\u00ean b\u1ea3n\u00a0<strong>son Rouge Dior\u00a0Velvet 720 Ic\u00f3ne\u00a0<\/strong>m\u1edbi \u0111\u01b0\u1ee3c \u0111i\u1ec3m t\u00f4 d\u1ea5u \u1ea5n m\u1edbi tr\u00ean th\u00e2n son, \u0111\u00f3 l\u00e0 bi\u1ec3u t\u01b0\u1ee3ng CD m\u1ea1 b\u1ea1c. Ti\u1ebfng vang c\u1ee7a Christian Dior c\u0169ng g\u1eafn li\u1ec1n v\u1edbi logo huy\u1ec1n tho\u1ea1i n\u00e0y. T\u1ea1o \u0111i\u1ec3m nh\u1ea5n cho son \u1edf ph\u1ea7n m\u1ed9t c\u00e1ch h\u00e0i h\u00f2a, v\u1eeba v\u1eb7n khi\u1ebfn m\u00e0n \u201cl\u00ean s\u00f3ng\u201d c\u1ee7a\u00a0<strong>son Dior Velvet 720 Ic\u00f3ne\u00a0<\/strong>\u0111\u1ea7y huy ho\u00e0ng v\u00e0 thu h\u00fat. Son v\u1eabn gi\u1eef nh\u1eefng \u01b0u \u0111i\u1ec3m c\u0169 v\u1ec1 thi\u1ebft k\u1ebf c\u1ee7a d\u00f2ng Rouge Dior.<\/p>\n<figure id=\"attachment_2875\" aria-describedby=\"caption-attachment-2875\" style=\"width: 800px\" class=\"wp-caption aligncenter\"><img decoding=\"async\" loading=\"lazy\" class=\"wp-image-2875 size-full\" src=\"https:\/\/khomaudep.com\/alvalipstick\/wp-content\/uploads\/2022\/04\/dior720.5.jpg\" alt=\"\" width=\"800\" height=\"533\" srcset=\"https:\/\/pluginviet.com\/mau1\/wp-content\/uploads\/2022\/04\/dior720.5.jpg 800w, https:\/\/pluginviet.com\/mau1\/wp-content\/uploads\/2022\/04\/dior720.5-600x400.jpg 600w, https:\/\/pluginviet.com\/mau1\/wp-content\/uploads\/2022\/04\/dior720.5-768x512.jpg 768w\" sizes=\"(max-width: 800px) 100vw, 800px\" \/><figcaption id=\"caption-attachment-2875\" class=\"wp-caption-text\">Dior m\u00e0u 720 Ic\u00f3ne nh\u00ecn \u0111\u00e3 th\u1ea5y \u0111\u1ed9 l\u00ec m\u1ecbn<\/figcaption><\/figure>\n<h3>Phi\u00ean b\u1ea3n Dior Refillable \u2013 Dior 720 Ic\u00f3ne thay l\u00f5i<\/h3>\n<p><em>Beauty, loyalty and sustainability\u00a0<\/em>\u2013 v\u1ebb \u0111\u1eb9p, l\u00f2ng trung th\u00e0nh v\u00e0 gi\u00e1 tr\u1ecb b\u1ec1n v\u1eefng \u2013 \u0111\u00f3 l\u00e0 nh\u1eefng \u0111i\u1ec1u m\u00e0 Dior n\u00f3i v\u1ec1 d\u00f2ng Rouge Dior m\u1edbi nh\u1ea5t n\u00e0y. H\u00e3ng \u00e1p d\u1ee5ng ph\u01b0\u01a1ng ph\u00e1p qu\u1ea3ng b\u00e1 son m\u00f4i mang t\u00ednh th\u00e2n thi\u1ec7n v\u1edbi m\u00f4i tr\u01b0\u1eddng h\u01a1n, th\u00f4ng qua c\u00e1c bi\u1ec3u t\u01b0\u1ee3ng son m\u00f4i kinh \u0111i\u1ec3n. Son l\u00e0m d\u01b0\u1edbi d\u1ea1ng refill, t\u1ee9c l\u00e0 m\u1ed9t th\u1ecfi \u0111\u1ea5y c\u00f3 th\u1ec3 thay th\u1ebf \u0111\u01b0\u1ee3c nhi\u1ec1u m\u00e0u son t\u00f9y th\u00edch. V\u1eabn l\u00e0 v\u1ecf ngo\u00e0i h\u00e0o nho\u00e1ng \u1ea5y, d\u00f9ng h\u1ebft\u00a0<strong>Dior 720 Ic\u00f3ne\u00a0<\/strong>th\u00ec ho\u00e0n to\u00e0n c\u00f3 th\u1ec3 mua l\u00f5i \u0111\u1ec3 refill th\u1ecfi kh\u00e1c v\u00e0o!<\/p>\n<h3>Velvet \u2013 ch\u1ea5t son n\u00e2ng t\u1ea7m \u0111\u1eb3ng c\u1ea5p c\u1ee7a Dior Velvet 720 Ic\u00f3ne<\/h3>\n<p>Nh\u00ecn tr\u00ean th\u1ecfi \u0111\u00e3 \u0111\u1ee7 th\u1ea5y \u0111\u01b0\u1ee3c \u0111\u1ed9 l\u00ec chu\u1ea9n VELVET c\u1ee7a\u00a0<strong>son Dior m\u00e0u 720 Ic\u00f3ne\u00a0<\/strong>n\u00e0y. Son kh\u00f4ng c\u00f3 m\u1ed9t ch\u00fat b\u00f3ng, c\u00f3 \u0111\u1ed9 b\u1ed9t m\u1ecbn, l\u01b0\u1edbt nh\u1eb9 nh\u01b0 nhung. \u0110\u00e2y l\u00e0 ki\u1ec3u son l\u00ec \u201ch\u00ecnh m\u1eabu l\u00fd t\u01b0\u1edfng\u201d m\u00e0 m\u1ecdi brand hi-end \u0111\u1ec1u h\u01b0\u1edbng \u0111\u1ebfn. Thoa son m\u00e0 c\u1ea3m gi\u00e1c nh\u01b0 kh\u00f4ng, ch\u1eb3ng ch\u00fat b\u1ebft d\u00ednh hay n\u1eb7ng m\u00f4i.\u00a0<strong>Son Dior Velvet 720 Ic\u00f3ne\u00a0<\/strong>\u0111\u1ec9nh \u1edf ch\u1ed7 ph\u1ee7 cho b\u1edd m\u00f4i s\u1ef1 quy\u1ebfn r\u0169 \u0111\u1ebfn m\u1ee9c kh\u00f3 c\u01b0\u1ee1ng nh\u1edd k\u1ebft c\u1ea5u m\u1ecbn \u0111\u1eb9p.<\/p>\n<figure id=\"attachment_2876\" aria-describedby=\"caption-attachment-2876\" style=\"width: 800px\" class=\"wp-caption aligncenter\"><img decoding=\"async\" loading=\"lazy\" class=\"wp-image-2876 size-full\" src=\"https:\/\/khomaudep.com\/alvalipstick\/wp-content\/uploads\/2022\/04\/dior720.4.jpg\" alt=\"\" width=\"800\" height=\"800\" srcset=\"https:\/\/pluginviet.com\/mau1\/wp-content\/uploads\/2022\/04\/dior720.4.jpg 800w, https:\/\/pluginviet.com\/mau1\/wp-content\/uploads\/2022\/04\/dior720.4-400x400.jpg 400w, https:\/\/pluginviet.com\/mau1\/wp-content\/uploads\/2022\/04\/dior720.4-280x280.jpg 280w, https:\/\/pluginviet.com\/mau1\/wp-content\/uploads\/2022\/04\/dior720.4-768x768.jpg 768w, https:\/\/pluginviet.com\/mau1\/wp-content\/uploads\/2022\/04\/dior720.4-600x600.jpg 600w, https:\/\/pluginviet.com\/mau1\/wp-content\/uploads\/2022\/04\/dior720.4-100x100.jpg 100w\" sizes=\"(max-width: 800px) 100vw, 800px\" \/><figcaption id=\"caption-attachment-2876\" class=\"wp-caption-text\">Dior Velvet 720 Ic\u00f3ne n\u00ean s\u1eafm<\/figcaption><\/figure>\n<h3>Th\u00e0nh ph\u1ea7n son Dior Rouge Velvet 720 Ic\u00f3ne c\u00f3 g\u00ec, \u0111\u1ed9 b\u1ec1n m\u00e0u ra sao?<\/h3>\n<p>D\u00f9 l\u00e0 ch\u1ea5t l\u00ec velvet th\u00ec\u00a0<strong>Dior 720 Ic\u00f3ne\u00a0<\/strong>v\u1eabn c\u01b0ng n\u1ef1ng b\u1edd m\u00f4i tuy\u1ec7t \u0111\u1ed1i. Son chi\u1ebft xu\u1ea5t t\u1eeb hoa m\u1eabu \u0111\u01a1n, hoa l\u1ef1a, b\u01a1 h\u1ea1t m\u1ee1\u2026 ho\u00e0n to\u00e0n t\u1ef1 nhi\u00ean. H\u00e3ng nh\u1ea5n m\u1ea1nh v\u00e0o kh\u1ea3 n\u0103ng b\u1ec1n m\u00e0u c\u1ee7a th\u1ecfi\u00a0<strong>son Dior Rouge Velvet\u00a0<\/strong>n\u00e0y \u2013 con s\u1ed1 l\u00ean t\u1edbi 16 gi\u1edd li\u1ec1n.<\/p>\n<figure id=\"attachment_2881\" aria-describedby=\"caption-attachment-2881\" style=\"width: 800px\" class=\"wp-caption aligncenter\"><img decoding=\"async\" loading=\"lazy\" class=\"wp-image-2881 size-full\" src=\"https:\/\/khomaudep.com\/alvalipstick\/wp-content\/uploads\/2022\/04\/dior720.6.jpg\" alt=\"\" width=\"800\" height=\"533\" srcset=\"https:\/\/pluginviet.com\/mau1\/wp-content\/uploads\/2022\/04\/dior720.6.jpg 800w, https:\/\/pluginviet.com\/mau1\/wp-content\/uploads\/2022\/04\/dior720.6-600x400.jpg 600w, https:\/\/pluginviet.com\/mau1\/wp-content\/uploads\/2022\/04\/dior720.6-768x512.jpg 768w\" sizes=\"(max-width: 800px) 100vw, 800px\" \/><figcaption id=\"caption-attachment-2881\" class=\"wp-caption-text\">Dior 720 Ic\u00f3ne th\u00e0nh ph\u1ea7n n\u1ed5i tr\u1ed9i<\/figcaption><\/figure>\n<p>Rouge Dior \u0111\u1ed5i m\u1edbi v\u1edbi c\u00f4ng th\u1ee9c s\u00e1ng t\u1ea1o cho m\u00e0u s\u1eafc th\u1eddi trang v\u00e0 cao c\u1ea5p h\u01a1n. Son chu\u1ea9n m\u00e0u v\u00e0 c\u00f3 \u0111\u1ed9 r\u1ea1ng r\u1ee1 h\u01a1n. Th\u00e0nh ph\u1ea7n d\u01b0\u1ee1ng chuy\u00ean s\u00e2u gi\u00fap m\u00f4i lu\u00f4n m\u1ec1m m\u1ea1i v\u00e0 m\u1ecbn m\u00e0ng. Son ph\u1ee7 l\u00ean r\u00e3nh m\u00f4i, tan \u0111\u1ec1u sau khi ch\u1ea1m v\u00e0o da.<\/p>\n<figure id=\"attachment_2877\" aria-describedby=\"caption-attachment-2877\" style=\"width: 800px\" class=\"wp-caption aligncenter\"><img decoding=\"async\" loading=\"lazy\" class=\"wp-image-2877 size-full\" src=\"https:\/\/khomaudep.com\/alvalipstick\/wp-content\/uploads\/2022\/04\/dior720.3.jpg\" alt=\"\" width=\"800\" height=\"823\" srcset=\"https:\/\/pluginviet.com\/mau1\/wp-content\/uploads\/2022\/04\/dior720.3.jpg 800w, https:\/\/pluginviet.com\/mau1\/wp-content\/uploads\/2022\/04\/dior720.3-389x400.jpg 389w, https:\/\/pluginviet.com\/mau1\/wp-content\/uploads\/2022\/04\/dior720.3-778x800.jpg 778w, https:\/\/pluginviet.com\/mau1\/wp-content\/uploads\/2022\/04\/dior720.3-768x790.jpg 768w, https:\/\/pluginviet.com\/mau1\/wp-content\/uploads\/2022\/04\/dior720.3-600x617.jpg 600w\" sizes=\"(max-width: 800px) 100vw, 800px\" \/><figcaption id=\"caption-attachment-2877\" class=\"wp-caption-text\">Dior Velvet 720 Ic\u00f3ne b\u1ec1n m\u00e0u<\/figcaption><\/figure>\n<h2>Ch\u1ea1m \u0111\u1ebfn s\u1ef1 ho\u00e0n m\u0129 v\u1edbi Dior m\u00e0u 720 Ic\u00f3ne Velvet<\/h2>\n<p>Phi\u00ean b\u1ea3n\u00a0<strong>Dior 720 Ic\u00f3ne\u00a0<\/strong>m\u1edbi n\u00e0y x\u1ee9ng danh x\u1ebfp v\u00e0o top son must-have trong n\u0103m t\u1edbi. T\u1eeb m\u00e0u son huy\u1ec1n tho\u1ea1i \u0111\u01b0\u1ee3c \u201ct\u00e1i b\u1ea3n\u201d v\u1edbi k\u1ebft c\u1ea5u velvet \u1ea3o di\u1ec7u, v\u1edbi ngo\u1ea1i h\u00ecnh thu h\u00fat h\u01a1n. Kh\u1edfi \u0111\u1ed9ng n\u0103m m\u1edbi v\u1edbi th\u1ecfi\u00a0<strong>son Dior m\u00e0u h\u1ed3ng n\u00e2u<\/strong>\u00a0\u0111\u1eb9p n\u00e1 th\u1edf n\u00e0y th\u00f4i n\u00e0ng!<\/p>\n<h2 style=\"text-align: right\"><strong>khomaudep.com\/alvalipstick<\/strong><\/h2>\n\n\n<div class=\"kk-star-ratings kksr-auto kksr-align-right kksr-valign-bottom kksr-disabled\"\n    data-payload='{&quot;align&quot;:&quot;right&quot;,&quot;id&quot;:&quot;2874&quot;,&quot;readonly&quot;:&quot;1&quot;,&quot;slug&quot;:&quot;default&quot;,&quot;valign&quot;:&quot;bottom&quot;,&quot;ignore&quot;:&quot;&quot;,&quot;reference&quot;:&quot;auto&quot;,&quot;class&quot;:&quot;&quot;,&quot;count&quot;:&quot;0&quot;,&quot;legendonly&quot;:&quot;&quot;,&quot;score&quot;:&quot;0&quot;,&quot;starsonly&quot;:&quot;&quot;,&quot;best&quot;:&quot;5&quot;,&quot;gap&quot;:&quot;5&quot;,&quot;greet&quot;:&quot;Rate this product&quot;,&quot;legend&quot;:&quot;0\\\/5 - (0 b\\u00ecnh ch\\u1ecdn)&quot;,&quot;size&quot;:&quot;24&quot;,&quot;title&quot;:&quot;Son Dior Velvet 720 Ic\\u00f3ne \\u2013 H\\u1ed3ng N\\u00e2u M\\u1edaI NH\\u1ea4T&quot;,&quot;width&quot;:&quot;0&quot;,&quot;_legend&quot;:&quot;{score}\\\/{best} - ({count} {votes})&quot;,&quot;font_factor&quot;:&quot;1.25&quot;}'>\n            \n<div class=\"kksr-stars\">\n    \n<div class=\"kksr-stars-inactive\">\n            <div class=\"kksr-star\" data-star=\"1\" style=\"padding-right: 5px\">\n            \n\n<div class=\"kksr-icon\" style=\"width: 24px; height: 24px;\"><\/div>\n        <\/div>\n            <div class=\"kksr-star\" data-star=\"2\" style=\"padding-right: 5px\">\n            \n\n<div class=\"kksr-icon\" style=\"width: 24px; height: 24px;\"><\/div>\n        <\/div>\n            <div class=\"kksr-star\" data-star=\"3\" style=\"padding-right: 5px\">\n            \n\n<div class=\"kksr-icon\" style=\"width: 24px; height: 24px;\"><\/div>\n        <\/div>\n            <div class=\"kksr-star\" data-star=\"4\" style=\"padding-right: 5px\">\n            \n\n<div class=\"kksr-icon\" style=\"width: 24px; height: 24px;\"><\/div>\n        <\/div>\n            <div class=\"kksr-star\" data-star=\"5\" style=\"padding-right: 5px\">\n            \n\n<div class=\"kksr-icon\" style=\"width: 24px; height: 24px;\"><\/div>\n        <\/div>\n    <\/div>\n    \n<div class=\"kksr-stars-active\" style=\"width: 0px;\">\n            <div class=\"kksr-star\" style=\"padding-right: 5px\">\n            \n\n<div class=\"kksr-icon\" style=\"width: 24px; height: 24px;\"><\/div>\n        <\/div>\n            <div class=\"kksr-star\" style=\"padding-right: 5px\">\n            \n\n<div class=\"kksr-icon\" style=\"width: 24px; height: 24px;\"><\/div>\n        <\/div>\n            <div class=\"kksr-star\" style=\"padding-right: 5px\">\n            \n\n<div class=\"kksr-icon\" style=\"width: 24px; height: 24px;\"><\/div>\n        <\/div>\n            <div class=\"kksr-star\" style=\"padding-right: 5px\">\n            \n\n<div class=\"kksr-icon\" style=\"width: 24px; height: 24px;\"><\/div>\n        <\/div>\n            <div class=\"kksr-star\" style=\"padding-right: 5px\">\n            \n\n<div class=\"kksr-icon\" style=\"width: 24px; height: 24px;\"><\/div>\n        <\/div>\n    <\/div>\n<\/div>\n                \n\n<div class=\"kksr-legend\" style=\"font-size: 19.2px;\">\n            <span class=\"kksr-muted\">Rate this product<\/span>\n    <\/div>\n    <\/div>\n","protected":false},"excerpt":{"rendered":"<p>Rouge Dior Velvet ch\u1eafc ch\u1eafn l\u00e0 phi\u00ean b\u1ea3n son hot nh\u1ea5t th\u1eddi gian t\u1edbi \u0111\u00e2y. M\u1ed9t lo\u1ea1t nh\u1eefng \u201cm\u1ef9 nh\u00e2n\u201d m\u1edbi \u0111\u01b0\u1ee3c \u0111\u01b0a \u201cl\u00ean s\u00e0n\u201d. Chi\u00eam ng\u01b0\u1ee1ng v\u1ebb \u0111\u1eb9p c\u1ee7a\u00a0<strong>son Dior 720 Ic\u00f3ne Velvet\u00a0<\/strong>n\u00e0ng ch\u1eb3ng nh\u01b0ng ng\u00e2y ng\u1ea5t v\u1edbi s\u1eafc h\u1ed3ng n\u00e2u th\u01a1 m\u1ed9ng m\u00e0 c\u00f2n b\u1ecb \u0111\u1ed1n tim b\u1edfi ch\u1ea5t son velvet nhung m\u1ecbn n\u1eefa c\u01a1.<\/p>\n<ul>\n<li>Th\u01b0\u01a1ng hi\u1ec7u:\u00a0<strong>Christian Dior<\/strong><\/li>\n<li>Xu\u1ea5t x\u1ee9:\u00a0<strong>Ph\u00e1p<\/strong><\/li>\n<li>D\u00f2ng:\u00a0<strong>Rouge Dior NEW<\/strong><\/li>\n<\/ul>\n","protected":false},"featured_media":2880,"comment_status":"open","ping_status":"closed","template":"","meta":[],"pwb-brand":[306],"product_cat":[15,171],"product_tag":[438,439,440,441,442,443],"brands":[{"id":306,"name":"Dior","slug":"dior"}],"_links":{"self":[{"href":"https:\/\/pluginviet.com\/mau1\/wp-json\/wp\/v2\/product\/2874"}],"collection":[{"href":"https:\/\/pluginviet.com\/mau1\/wp-json\/wp\/v2\/product"}],"about":[{"href":"https:\/\/pluginviet.com\/mau1\/wp-json\/wp\/v2\/types\/product"}],"replies":[{"embeddable":true,"href":"https:\/\/pluginviet.com\/mau1\/wp-json\/wp\/v2\/comments?post=2874"}],"wp:featuredmedia":[{"embeddable":true,"href":"https:\/\/pluginviet.com\/mau1\/wp-json\/wp\/v2\/media\/2880"}],"wp:attachment":[{"href":"https:\/\/pluginviet.com\/mau1\/wp-json\/wp\/v2\/media?parent=2874"}],"wp:term":[{"taxonomy":"pwb-brand","embeddable":true,"href":"https:\/\/pluginviet.com\/mau1\/wp-json\/wp\/v2\/pwb-brand?post=2874"},{"taxonomy":"product_cat","embeddable":true,"href":"https:\/\/pluginviet.com\/mau1\/wp-json\/wp\/v2\/product_cat?post=2874"},{"taxonomy":"product_tag","embeddable":true,"href":"https:\/\/pluginviet.com\/mau1\/wp-json\/wp\/v2\/product_tag?post=2874"}],"curies":[{"name":"wp","href":"https:\/\/api.w.org\/{rel}","templated":true}]}}