{"id":2717,"date":"2022-03-21T09:03:34","date_gmt":"2022-03-21T09:03:34","guid":{"rendered":"https:\/\/khomaudep.com\/alvalipstick\/?post_type=product&#038;p=2717"},"modified":"2022-03-25T08:42:50","modified_gmt":"2022-03-25T08:42:50","slug":"son-kem-mac-993-pretty-pleats-do-ruou-vang-powder-kiss-liquid-lipcolour","status":"publish","type":"product","link":"https:\/\/pluginviet.com\/mau1\/san-pham\/son-kem-mac-993-pretty-pleats-do-ruou-vang-powder-kiss-liquid-lipcolour\/","title":{"rendered":"Son Kem MAC 993 Pretty Pleats! \u0110\u1ecf R\u01b0\u1ee3u Vang \u2013 Powder Kiss Liquid Lipcolour"},"content":{"rendered":"<h2>BST MAC Powder Kiss Liquid Lipcolour<\/h2>\n<p>C\u00e1i t\u00ean MAC Powder Kiss d\u01b0\u1eddng nh\u01b0 \u0111\u00e3 qu\u00e1 quen thu\u1ed9c v\u1edbi c\u00e1c t\u00edn \u0111\u1ed3 l\u00e0m \u0111\u1eb9p tr\u00ean kh\u1eafp th\u1ebf gi\u1edbi. 2018 \u0111\u01b0\u1ee3c g\u1ecdi l\u00e0 n\u0103m c\u1ee7a MAC, do s\u1ef1 th\u00e0nh c\u00f4ng r\u1ef1c r\u1ee1 c\u1ee7a BST son th\u1ecfi MAC Powder Kiss Lipstick, \u0111\u00e3 mang v\u1ec1 cho MAC nhi\u1ec1u ti\u1ebfng t\u0103m l\u1edbn. Th\u00ec g\u1ea7n 2 sau, kh\u00f4ng \u0111\u1ec3 b\u1ecf l\u1ee1 c\u01a1 h\u1ed9i, MAC ti\u1ebfp t\u1ee5c tr\u00ecnh l\u00e0ng BST son kem Powder Kiss Liquid Lipcolour, khi\u1ebfn ph\u00e1i \u0111\u1eb9p kh\u00f4ng kh\u1ecfi xu\u00fdt xoa. C\u01a1n s\u1ed1t 17 c\u00e2y son kem MAC Liquid Lipcolour ch\u01b0a k\u1ecbp h\u1ea1 nhi\u1ec7t, th\u00ec \u0111\u1ea7u n\u0103m 2021, MAC l\u1ea1i ti\u1ebfp t\u1ee5c l\u00ean k\u1ec7 9 em son kem si\u00eau hot, \u201cph\u00e1 \u0111\u1ea3o\u201d th\u1ebf gi\u1edbi son m\u00f4i.\u00a0<b>Son Kem MAC 993\u00a0<\/b>Pretty Pleats! thu\u1ed9c top 1 th\u1ecfi son xu\u1ea5t s\u1eafc nh\u1ea5t Powder Kiss Liquid Lipcolour m\u1edbi.<\/p>\n<figure id=\"attachment_2725\" aria-describedby=\"caption-attachment-2725\" style=\"width: 800px\" class=\"wp-caption aligncenter\"><img decoding=\"async\" loading=\"lazy\" class=\"wp-image-2725 size-full\" src=\"https:\/\/khomaudep.com\/alvalipstick\/wp-content\/uploads\/2022\/03\/mac-993.7.jpg\" alt=\"\" width=\"800\" height=\"752\" srcset=\"https:\/\/pluginviet.com\/mau1\/wp-content\/uploads\/2022\/03\/mac-993.7.jpg 800w, https:\/\/pluginviet.com\/mau1\/wp-content\/uploads\/2022\/03\/mac-993.7-426x400.jpg 426w, https:\/\/pluginviet.com\/mau1\/wp-content\/uploads\/2022\/03\/mac-993.7-768x722.jpg 768w, https:\/\/pluginviet.com\/mau1\/wp-content\/uploads\/2022\/03\/mac-993.7-600x564.jpg 600w\" sizes=\"(max-width: 800px) 100vw, 800px\" \/><figcaption id=\"caption-attachment-2725\" class=\"wp-caption-text\">BST MAC Powder Kiss Liquid Lipcolour<\/figcaption><\/figure>\n<h2>Nh\u1eefng \u01b0u \u0111i\u1ec3m v\u01b0\u1ee3t tr\u1ed9i c\u1ee7a son kem MAC 993 Pretty Pleats!<\/h2>\n<h3>Son kem MAC 993 m\u00e0u \u0110\u1ecf R\u01b0\u1ee3u Vang quy\u1ebfn r\u0169 ng\u00e2y ng\u1ea5t<\/h3>\n<p>M\u00e0u<b>\u00a0son MAC \u0111\u1ecf r\u01b0\u1ee3u vang<\/b>\u00a0quy\u1ebfn r\u0169 ng\u00e2y ng\u1ea5t, khi\u1ebfn ch\u1ecb em ph\u00e1i \u0111\u1eb9p \u0111\u1ee9ng ng\u1ed3i kh\u00f4ng y\u00ean. M\u00e0u son Pretty Pleats! l\u00e0 s\u1ef1 k\u1ebft h\u1ee3p ho\u00e0n h\u1ea3o c\u1ee7a s\u1eafc \u0111\u1ecf r\u1ef1c r\u1ee1, pha th\u00eam ch\u00fat gam m\u00e0u t\u00edm b\u00ed \u1ea9n, c\u1ed9ng v\u1edbi s\u1eafc \u0111\u1ea5t nh\u1eb9.T\u1ea1o n\u00ean m\u00e0u son \u0111\u1ecf r\u01b0\u1ee3u vang \u0111\u1ea7y m\u00ea ho\u1eb7c, ng\u00e2y ng\u1ea5t l\u00f2ng ng\u01b0\u1eddi.\u00a0<strong>Son kem MAC 993<\/strong>\u00a0c\u00f2n c\u00f3 m\u1ed9t \u01b0u \u0111i\u1ec3m l\u1edbn, v\u1edbi m\u00e0u \u0111\u1ecf r\u01b0\u1ee3u vang c\u1ef1c k\u1ef3 t\u00f4n da v\u00e0 l\u00e0m m\u00e0u r\u0103ng tr\u1eafng l\u00ean m\u1ea5y ph\u1ea7n.<\/p>\n<figure id=\"attachment_2726\" aria-describedby=\"caption-attachment-2726\" style=\"width: 800px\" class=\"wp-caption aligncenter\"><img decoding=\"async\" loading=\"lazy\" class=\"wp-image-2726 size-full\" src=\"https:\/\/khomaudep.com\/alvalipstick\/wp-content\/uploads\/2022\/03\/mac-993.8.jpg\" alt=\"\" width=\"800\" height=\"754\" srcset=\"https:\/\/pluginviet.com\/mau1\/wp-content\/uploads\/2022\/03\/mac-993.8.jpg 800w, https:\/\/pluginviet.com\/mau1\/wp-content\/uploads\/2022\/03\/mac-993.8-424x400.jpg 424w, https:\/\/pluginviet.com\/mau1\/wp-content\/uploads\/2022\/03\/mac-993.8-768x724.jpg 768w, https:\/\/pluginviet.com\/mau1\/wp-content\/uploads\/2022\/03\/mac-993.8-600x566.jpg 600w\" sizes=\"(max-width: 800px) 100vw, 800px\" \/><figcaption id=\"caption-attachment-2726\" class=\"wp-caption-text\">Son MAC m\u00e0u 993 \u0111\u1ecf r\u01b0\u1ee3u vang sang ch\u1ea3nh, quy\u1ebfn r\u0169<\/figcaption><\/figure>\n<h3>\u0110i\u1ec3m 10 cho ch\u1ea5t son kem Liquid Lipcolour cao c\u1ea5p<\/h3>\n<p>Kh\u00f4ng th\u1ec3 ph\u1ee7 nh\u1eadn \u0111\u01b0\u1ee3c, \u0111\u1ed9 hot c\u1ee7a MAC Powder Kiss Liquid Lipcolour, g\u1ea7n nh\u01b0 n\u1eb1m \u1edf ch\u1ea5t son kem th\u1ea7n th\u00e1nh. K\u1ebft c\u1ea5u Powder b\u1ed9t ph\u1ea5n nh\u1ecf li ti, gi\u00fap l\u1ea5p \u0111\u1ea7y kho\u1ea3ng tr\u1ed1ng ph\u1ea7n r\u00e3nh m\u00f4i, gi\u00fap t\u1ea1o hi\u1ec7u \u1ee9ng m\u1edd l\u1ef3, cho m\u1edd m\u00f4i \u0111\u1ea7y \u0111\u1eb7n, tr\u1ebb trung. Ch\u1ea5t son kem Liquid Lipcolour c\u00f3 \u0111\u1ed9 x\u1ed1p nh\u1eb9, c\u1ef1c k\u1ef3 d\u1ec5 t\u00e1n m\u00e0u son. B\u00ean c\u1ea1nh \u0111\u00f3, si\u00eau ph\u1ea9m MAC c\u00f2n khi\u1ebfn d\u00e2n t\u00ecnh xu\u00fdt xoa v\u1ec1 \u0111\u1ed9 m\u1ecfng nh\u1eb9 khi t\u00f4 l\u00ean m\u00f4i c\u1ee7a\u00a0<b>son MAC 993.\u00a0<\/b>Ch\u1ea5t son kem m\u1ecbn nh\u01b0 nhung, l\u00ean m\u00e0u r\u00f5 ngay t\u1eeb l\u1ea7n t\u00f4 \u0111\u1ea7u ti\u00ean, mang l\u1ea1i c\u1ea3m gi\u00e1c m\u1ecfng nh\u1eb9 su\u1ed1t ng\u00e0y d\u00e0i.<\/p>\n<figure id=\"attachment_2721\" aria-describedby=\"caption-attachment-2721\" style=\"width: 800px\" class=\"wp-caption aligncenter\"><img decoding=\"async\" loading=\"lazy\" class=\"wp-image-2721 size-full\" src=\"https:\/\/khomaudep.com\/alvalipstick\/wp-content\/uploads\/2022\/03\/mac-993.4.jpg\" alt=\"\" width=\"800\" height=\"752\" srcset=\"https:\/\/pluginviet.com\/mau1\/wp-content\/uploads\/2022\/03\/mac-993.4.jpg 800w, https:\/\/pluginviet.com\/mau1\/wp-content\/uploads\/2022\/03\/mac-993.4-426x400.jpg 426w, https:\/\/pluginviet.com\/mau1\/wp-content\/uploads\/2022\/03\/mac-993.4-768x722.jpg 768w, https:\/\/pluginviet.com\/mau1\/wp-content\/uploads\/2022\/03\/mac-993.4-600x564.jpg 600w\" sizes=\"(max-width: 800px) 100vw, 800px\" \/><figcaption id=\"caption-attachment-2721\" class=\"wp-caption-text\">Ch\u1ea5t son kem l\u00ec, m\u1ecbn nh\u01b0 nhung \u0111\u1eb9p n\u1ee9c l\u00f2ng<\/figcaption><\/figure>\n<p>H\u01a1n n\u1eefa,\u00a0ch\u1ea5t son kem l\u00ec, nh\u01b0ng kh\u00f4ng h\u1ec1 g\u00e2y kh\u00f4 m\u00f4i hay n\u1eb7ng m\u00f4i<b>;\u00a0<\/b>son c\u0169ng \u00edt tr\u01a1n tr\u01b0\u1ee3t h\u01a1n d\u00f2ng son th\u1ecfi, v\u1eady n\u00ean, son c\u1ef1c b\u1ec1n m\u00e0u tr\u00ean m\u00f4i. Trong 1 c\u00e2y<strong>\u00a0son kem MAC 993<\/strong>\u00a0Powder Kiss c\u00f3 nhi\u1ec1u th\u00e0nh ph\u1ea7n d\u01b0\u1ee1ng \u0111\u01b0\u1ee3c k\u1ebft h\u1ee3p ch\u1ea5t \u0111\u1ed9c \u0111\u00e1o to\u00e0n to\u00e0n l\u00e0nh t\u00ednh. Kh\u00f4ng g\u00e2y d\u1ecb \u1ee9ng hay k\u00edch \u1ee9ng cho m\u00f4i. Thu\u1ed9c d\u00f2ng son kem l\u00ec nh\u01b0ng v\u00f4 c\u00f9ng m\u1ec1m m\u1ecbn, kh\u00f4ng b\u1ecb hi\u1ec7n t\u01b0\u1ee3ng v\u00f3n c\u1ee5c hay n\u1ee9t r\u00e3nh m\u00f4i. Ngo\u00e0i ra, m\u1ed9t c\u00e2y<b>\u00a0son kem MAC 993<\/b>, c\u00f3 th\u1ec3 b\u00e1m m\u00e0u tr\u00ean m\u00f4i t\u1eeb 7-9 ti\u1ebfng. \u0110\u1ed9 b\u00e1m m\u00e0u xu\u1ea5t s\u1eafc \u0111\u01b0\u1ee3c gi\u1edbi ph\u00ea b\u00ecnh \u0111\u00e1nh gi\u00e1 r\u1ea5t cao.<\/p>\n<figure id=\"attachment_2727\" aria-describedby=\"caption-attachment-2727\" style=\"width: 800px\" class=\"wp-caption aligncenter\"><img decoding=\"async\" loading=\"lazy\" class=\"wp-image-2727 size-full\" src=\"https:\/\/khomaudep.com\/alvalipstick\/wp-content\/uploads\/2022\/03\/mac-993.9.jpg\" alt=\"\" width=\"800\" height=\"752\" srcset=\"https:\/\/pluginviet.com\/mau1\/wp-content\/uploads\/2022\/03\/mac-993.9.jpg 800w, https:\/\/pluginviet.com\/mau1\/wp-content\/uploads\/2022\/03\/mac-993.9-426x400.jpg 426w, https:\/\/pluginviet.com\/mau1\/wp-content\/uploads\/2022\/03\/mac-993.9-768x722.jpg 768w, https:\/\/pluginviet.com\/mau1\/wp-content\/uploads\/2022\/03\/mac-993.9-600x564.jpg 600w\" sizes=\"(max-width: 800px) 100vw, 800px\" \/><figcaption id=\"caption-attachment-2727\" class=\"wp-caption-text\">Son MAC Pretty Pleats! m\u00e0u \u0111\u1ecf r\u01b0\u1ee3u vang trendy<\/figcaption><\/figure>\n<h3>Son kem MAC 993 c\u00f3 m\u00f9i g\u00ec kh\u00f4ng?<\/h3>\n<p>Son MAC Pretty Pleats! C\u00f3 m\u00f9i vanilla \u0111\u1eb7c tr\u01b0ng nh\u1eb9 nh\u00e0ng nh\u01b0 c\u00e1c d\u00f2ng son tr\u01b0\u1edbc \u0111\u00f3 c\u1ee7a h\u00e3ng. Son s\u1ebd kh\u00f4ng b\u00e1m m\u00f9i l\u00e2u, bay ngay sau v\u00e0i gi\u00e2y khi v\u1eeba thoa l\u00ean m\u00f4i.<\/p>\n<figure id=\"attachment_2728\" aria-describedby=\"caption-attachment-2728\" style=\"width: 800px\" class=\"wp-caption aligncenter\"><img decoding=\"async\" loading=\"lazy\" class=\"wp-image-2728 size-full\" src=\"https:\/\/khomaudep.com\/alvalipstick\/wp-content\/uploads\/2022\/03\/mac-993.10.jpg\" alt=\"\" width=\"800\" height=\"752\" srcset=\"https:\/\/pluginviet.com\/mau1\/wp-content\/uploads\/2022\/03\/mac-993.10.jpg 800w, https:\/\/pluginviet.com\/mau1\/wp-content\/uploads\/2022\/03\/mac-993.10-426x400.jpg 426w, https:\/\/pluginviet.com\/mau1\/wp-content\/uploads\/2022\/03\/mac-993.10-768x722.jpg 768w, https:\/\/pluginviet.com\/mau1\/wp-content\/uploads\/2022\/03\/mac-993.10-600x564.jpg 600w\" sizes=\"(max-width: 800px) 100vw, 800px\" \/><figcaption id=\"caption-attachment-2728\" class=\"wp-caption-text\">Son kem MAC Powder Kiss m\u00e0u \u0111\u1ecf r\u01b0\u1ee3u vang<\/figcaption><\/figure>\n<h3>Thi\u1ebft k\u1ebf son MAC Powder Kiss Liquid Lipcolour 993 c\u00f3 g\u00ec \u0111\u1eb7c bi\u1ec7t?<\/h3>\n<p>Nh\u00ecn b\u00ean ngo\u00e0i, thi\u1ebft k\u1ebf\u00a0<b>son kem MAC Powder Kiss Liquid Lipcolour 993\u00a0<\/b>kh\u00f4ng c\u00f3 g\u00ec qu\u00e1 \u0111\u1eb7c bi\u1ec7t. V\u1eabn gi\u1eef h\u00ecnh d\u1ea1ng vi\u00ean \u0111\u1ea1n bi\u1ec3u t\u01b0\u1ee3ng c\u1ee7a h\u00e3ng. Th\u00e2n son \u0111\u01b0\u1ee3c l\u00e0m b\u1eb1ng nh\u1ef1a l\u00ec trong su\u1ed1t, gi\u00fap d\u1ec5 d\u00e0ng th\u1ea5y \u0111\u01b0\u1ee3c m\u00e0u son. N\u1eafp son \u0111en nh\u00e1m quen thu\u1ed9c.<\/p>\n<figure id=\"attachment_2729\" aria-describedby=\"caption-attachment-2729\" style=\"width: 800px\" class=\"wp-caption aligncenter\"><img decoding=\"async\" loading=\"lazy\" class=\"wp-image-2729 size-full\" src=\"https:\/\/khomaudep.com\/alvalipstick\/wp-content\/uploads\/2022\/03\/mac-993.11.jpg\" alt=\"\" width=\"800\" height=\"752\" srcset=\"https:\/\/pluginviet.com\/mau1\/wp-content\/uploads\/2022\/03\/mac-993.11.jpg 800w, https:\/\/pluginviet.com\/mau1\/wp-content\/uploads\/2022\/03\/mac-993.11-426x400.jpg 426w, https:\/\/pluginviet.com\/mau1\/wp-content\/uploads\/2022\/03\/mac-993.11-768x722.jpg 768w, https:\/\/pluginviet.com\/mau1\/wp-content\/uploads\/2022\/03\/mac-993.11-600x564.jpg 600w\" sizes=\"(max-width: 800px) 100vw, 800px\" \/><figcaption id=\"caption-attachment-2729\" class=\"wp-caption-text\">Thi\u1ebft k\u1ebf tinh t\u1ebf, v\u00f4 c\u00f9ng \u0111\u1ed9c \u0111\u00e1o<\/figcaption><\/figure>\n<p>\u0110i\u1ec3m \u0111\u1eb7c bi\u1ec7t, trong thi\u1ebft k\u1ebf c\u1ee7a d\u00f2ng Liquid Lipcolour, n\u1eb1m \u1edf ph\u1ea7n \u0111\u1ea7u c\u1ecd \u0111\u01b0\u1ee3c thi\u1ebft l\u1ea1 m\u1eaft. \u0110\u1ea7u c\u1ecd h\u00ecnh \u0111\u1ed3ng h\u1ed3 c\u00e1t, v\u1eeba t\u1ea1o \u0111\u01b0\u1ee3c \u0111i\u1ec3m nh\u1ea5n \u0111\u1eb7c bi\u1ec7t trong t\u00e2m tr\u00ed kh\u00e1ch h\u00e0ng. V\u1eeba gi\u00fap l\u01b0\u1ee3ng son m\u1ed7i l\u1ea7n l\u1ea5y ra \u0111\u01b0\u1ee3c nhi\u1ec1u h\u01a1n.<\/p>\n<h2>Son kem MAC 993 Pretty Pleats! \u2013 s\u1ef1 l\u1ef1a ch\u1ecdn ho\u00e0n h\u1ea3o cho ph\u00e1i \u0111\u1eb9p<\/h2>\n<p>\u0110\u01b0\u1ee3c \u0111\u00e1nh gi\u00e1 l\u00e0 c\u00e2y son to\u00e0n m\u1ef9, MAC Powder Kiss Liquid Lipcolour s\u1edf h\u1eefu nh\u1eefng \u201ct\u00edn \u0111\u1ed3\u201d trung th\u00e0nh tr\u00ean kh\u1eafp th\u1ebf gi\u1edbi. V\u1ebb \u0111\u1eb9p kh\u00f4ng th\u1ec3 ph\u1ee7 nh\u1eadn b\u1eb1ng \u0111\u1ed9 ph\u1ee7 s\u00f3ng to\u00e0n c\u1ea7u, \u0111\u01b0\u1ee3c c\u00e1c ng\u00f4i sao qu\u1ed1c t\u1ebf h\u00e0ng \u0111\u1ea7u s\u1eed d\u1ee5ng, \u0111\u01b0\u1ee3c c\u00e1c Blogger kh\u00f4ng ti\u1ebfc l\u1eddi c\u00f3 c\u00e1nh cho c\u00e2y son kem th\u1ea7n th\u00e1nh n\u00e0y. Ch\u1ea5t l\u01b0\u1ee3ng son s\u00e1nh ngang nh\u1eefng d\u00f2ng son highend cao c\u1ea5p, nh\u01b0ng gi\u00e1 th\u00e0nh ch\u1ec9 b\u1eb1ng m\u1ed9t n\u1eeda. R\u1ea5t x\u1ee9ng \u0111\u00e1ng \u0111\u01b0\u1ee3c n\u1eb1m trong gi\u1ecf h\u00e0ng \u0111\u00fang kh\u00f4ng n\u00e0o!<\/p>\n<h2 style=\"text-align: right\"><strong>khomaudep.com\/alvalipstick<\/strong><\/h2>\n\n\n<div class=\"kk-star-ratings kksr-auto kksr-align-right kksr-valign-bottom kksr-disabled\"\n    data-payload='{&quot;align&quot;:&quot;right&quot;,&quot;id&quot;:&quot;2717&quot;,&quot;readonly&quot;:&quot;1&quot;,&quot;slug&quot;:&quot;default&quot;,&quot;valign&quot;:&quot;bottom&quot;,&quot;ignore&quot;:&quot;&quot;,&quot;reference&quot;:&quot;auto&quot;,&quot;class&quot;:&quot;&quot;,&quot;count&quot;:&quot;0&quot;,&quot;legendonly&quot;:&quot;&quot;,&quot;score&quot;:&quot;0&quot;,&quot;starsonly&quot;:&quot;&quot;,&quot;best&quot;:&quot;5&quot;,&quot;gap&quot;:&quot;5&quot;,&quot;greet&quot;:&quot;Rate this product&quot;,&quot;legend&quot;:&quot;0\\\/5 - (0 b\\u00ecnh ch\\u1ecdn)&quot;,&quot;size&quot;:&quot;24&quot;,&quot;title&quot;:&quot;Son Kem MAC 993 Pretty Pleats! \\u0110\\u1ecf R\\u01b0\\u1ee3u Vang \\u2013 Powder Kiss Liquid Lipcolour&quot;,&quot;width&quot;:&quot;0&quot;,&quot;_legend&quot;:&quot;{score}\\\/{best} - ({count} {votes})&quot;,&quot;font_factor&quot;:&quot;1.25&quot;}'>\n            \n<div class=\"kksr-stars\">\n    \n<div class=\"kksr-stars-inactive\">\n            <div class=\"kksr-star\" data-star=\"1\" style=\"padding-right: 5px\">\n            \n\n<div class=\"kksr-icon\" style=\"width: 24px; height: 24px;\"><\/div>\n        <\/div>\n            <div class=\"kksr-star\" data-star=\"2\" style=\"padding-right: 5px\">\n            \n\n<div class=\"kksr-icon\" style=\"width: 24px; height: 24px;\"><\/div>\n        <\/div>\n            <div class=\"kksr-star\" data-star=\"3\" style=\"padding-right: 5px\">\n            \n\n<div class=\"kksr-icon\" style=\"width: 24px; height: 24px;\"><\/div>\n        <\/div>\n            <div class=\"kksr-star\" data-star=\"4\" style=\"padding-right: 5px\">\n            \n\n<div class=\"kksr-icon\" style=\"width: 24px; height: 24px;\"><\/div>\n        <\/div>\n            <div class=\"kksr-star\" data-star=\"5\" style=\"padding-right: 5px\">\n            \n\n<div class=\"kksr-icon\" style=\"width: 24px; height: 24px;\"><\/div>\n        <\/div>\n    <\/div>\n    \n<div class=\"kksr-stars-active\" style=\"width: 0px;\">\n            <div class=\"kksr-star\" style=\"padding-right: 5px\">\n            \n\n<div class=\"kksr-icon\" style=\"width: 24px; height: 24px;\"><\/div>\n        <\/div>\n            <div class=\"kksr-star\" style=\"padding-right: 5px\">\n            \n\n<div class=\"kksr-icon\" style=\"width: 24px; height: 24px;\"><\/div>\n        <\/div>\n            <div class=\"kksr-star\" style=\"padding-right: 5px\">\n            \n\n<div class=\"kksr-icon\" style=\"width: 24px; height: 24px;\"><\/div>\n        <\/div>\n            <div class=\"kksr-star\" style=\"padding-right: 5px\">\n            \n\n<div class=\"kksr-icon\" style=\"width: 24px; height: 24px;\"><\/div>\n        <\/div>\n            <div class=\"kksr-star\" style=\"padding-right: 5px\">\n            \n\n<div class=\"kksr-icon\" style=\"width: 24px; height: 24px;\"><\/div>\n        <\/div>\n    <\/div>\n<\/div>\n                \n\n<div class=\"kksr-legend\" style=\"font-size: 19.2px;\">\n            <span class=\"kksr-muted\">Rate this product<\/span>\n    <\/div>\n    <\/div>\n","protected":false},"excerpt":{"rendered":"<p><b>Son Kem MAC 993<\/b>\u00a0Pretty Pleats! \u0111\u1eb9p m\u00ea ho\u1eb7c l\u00f2ng ng\u01b0\u1eddi. M\u00e0u son \u0111\u1ecf r\u01b0\u1ee3u vang to\u00e1t l\u00ean v\u1ebb quy\u1ebfn r\u0169, kh\u00f4ng k\u00e9m ph\u1ea7n sang tr\u1ecdng, \u0111\u1eb3ng c\u1ea5p. Ch\u1ea5t son kem c\u1ef1c ph\u1ea9m s\u00e1nh ngang c\u00e1c d\u00f2ng son highend cao c\u1ea5p. K\u1ebft c\u1ea5u Powder m\u1ecbn m\u00e0ng nh\u01b0 nhung, v\u1edbi nh\u1eefng b\u1ed9t ph\u1ea5n nh\u1ecf li ti che l\u1ea5p nh\u01b0ng r\u00e3nh m\u00f4i k\u00e9m xinh. Ch\u1ea5t son m\u1ecfng nh\u1eb9, t\u1ec7p v\u00e0o m\u00f4i nh\u01b0ng kh\u00f4ng g\u00e2y n\u1eb7ng m\u00f4i hay v\u00f3n c\u1ee5c, \u0111\u01b0\u1ee3c c\u00e1c chuy\u00ean gia \u0111\u00e1nh gi\u00e1 r\u1ea5t cao. C\u1ed9ng th\u00eam \u0111\u1ed9 b\u00e1m m\u00e0u th\u1ea7n th\u00e1nh.\u00a0<b>Son kem MAC 993 Pretty Pleats!\u00a0<\/b>x\u1ee9ng \u0111\u00e1ng n\u1eb1m trong top 1 nh\u1eefng son \u0111\u01b0\u1ee3c y\u00eau th\u00edch nh\u1ea5t.<\/p>\n<ul>\n<li>Xu\u1ea5t x\u1ee9:\u00a0<strong>M\u1ef9<\/strong><\/li>\n<li>Th\u01b0\u01a1ng hi\u1ec7u:\u00a0<strong>MAC<\/strong><\/li>\n<li>B\u1ed9 s\u01b0u t\u1eadp:\u00a0<strong>Powder Kiss Liquid Lipcolour<\/strong><\/li>\n<li>Dung t\u00edch:\u00a0<strong>5ml<\/strong><\/li>\n<\/ul>\n","protected":false},"featured_media":2724,"comment_status":"open","ping_status":"closed","template":"","meta":[],"pwb-brand":[274],"product_cat":[15,171],"product_tag":[374,375,376,377,378],"brands":[{"id":274,"name":"MAC","slug":"mac"}],"_links":{"self":[{"href":"https:\/\/pluginviet.com\/mau1\/wp-json\/wp\/v2\/product\/2717"}],"collection":[{"href":"https:\/\/pluginviet.com\/mau1\/wp-json\/wp\/v2\/product"}],"about":[{"href":"https:\/\/pluginviet.com\/mau1\/wp-json\/wp\/v2\/types\/product"}],"replies":[{"embeddable":true,"href":"https:\/\/pluginviet.com\/mau1\/wp-json\/wp\/v2\/comments?post=2717"}],"wp:featuredmedia":[{"embeddable":true,"href":"https:\/\/pluginviet.com\/mau1\/wp-json\/wp\/v2\/media\/2724"}],"wp:attachment":[{"href":"https:\/\/pluginviet.com\/mau1\/wp-json\/wp\/v2\/media?parent=2717"}],"wp:term":[{"taxonomy":"pwb-brand","embeddable":true,"href":"https:\/\/pluginviet.com\/mau1\/wp-json\/wp\/v2\/pwb-brand?post=2717"},{"taxonomy":"product_cat","embeddable":true,"href":"https:\/\/pluginviet.com\/mau1\/wp-json\/wp\/v2\/product_cat?post=2717"},{"taxonomy":"product_tag","embeddable":true,"href":"https:\/\/pluginviet.com\/mau1\/wp-json\/wp\/v2\/product_tag?post=2717"}],"curies":[{"name":"wp","href":"https:\/\/api.w.org\/{rel}","templated":true}]}}